{"text_format":"1","workbook":"xlsx","n_sheets":13,"sheets":["Cover","National","National Charts","National Charts by Type","Regional","Summary","Regional Charts","Regional Charts by Type","Data for charts","National Charts for Printing","Regional Charts for Printing","Overview","Refs"],"not_rendered":{"charts":22,"images":1,"macros":1,"external_links":0,"defined_names":22,"comments":0,"pivot_tables":0},"unopened":[],"bounds":{"document_bytes":16777216,"sheet_cells":100000,"rows_first":2000,"rows_last":500,"rows_between":2000,"halvings":0,"cell_chars":16384,"cell_head_chars":4096},"cells_cut":0,"cells_raw":0,"read":"whole","date_system":"1900"}

{"sheet":"Cover","index":0,"n_rows":25,"n_cols":1,"rows_kept":25,"cut":false,"hidden":false,"merged":[]}
[]
[]
[]
[]
[]
[]
[]
[]
[]
[]
[]
[]
[]
[]
[]
[]
[]
[]
[]
["Your name  :  "]
["Customer name  :  "]
["Date  :  "]
[]
["Item code - UKWHG02180013 "]
["Date of Recertification - April  2018"]

{"sheet":"National","index":1,"n_rows":35,"n_cols":11,"rows_kept":35,"cut":false,"hidden":false,"merged":[[6,4,7,4],[6,6,7,6],[6,8,7,8],[6,10,7,10],[31,0,31,3],[21,1,21,2],[23,1,23,2],[25,1,25,2],[9,1,9,2],[11,1,11,2],[13,1,13,2],[15,1,15,2],[17,1,17,2],[19,1,19,2],[27,1,27,2]]}
[]
[null,"Select Region :","East"]
[]
[null,"Select Local Authority :","Huntingdonshire",null,null,"Deprivation Sector 6 :",{"$f":"IF(ISBLANK($C$4),\"\",(VLOOKUP($C$4,Summary!$A$2:'Summary'!$AI$371,35,0)))","v":"Green"},null,null,"Total Population 4 :",{"$f":"IF(ISBLANK($C$4),\"\",(VLOOKUP($C$4,Summary!BH1:BI371,2,0)))","v":173605}]
[]
[null,null,null,null,"Local Authority",null,"Region",null,"Regional L.A. Average",null,"National"]
[null,null,null,null,{"$f":"C4","v":"Huntingdonshire"},null,{"$f":"C2","v":"East"},null,{"$f":"G7","v":"East"},null,"England"]
[]
[]
[null,"Live births 1 & 3 :",null,null,{"$f":"IF(ISBLANK($C$4),\"\",(VLOOKUP($C$4,Summary!$A$2:'Summary'!$AE$371,2,0)))","v":1966},null,{"$f":"IF(ISBLANK($C$2),\"\",(VLOOKUP($C$2,Summary!$A$2:'Summary'!$AE$371,12,0)))","v":71855},null,{"$f":"IF(ISBLANK($C$2),\"\",(VLOOKUP($C$2,Summary!$A$2:'Summary'!$AE$371,19,0)))","v":1528.8297872340424},null,{"$f":"IF(K6=\"National\",Summary!BE6,IF(National!K6=\"National L.A. Average\",Summary!BF6,\"\"))","v":661496}]
[]
[null,"Estimated number of unplanned pregnancies resulting in live births 1 & 3 :",null,null,{"$f":"IF(ISBLANK($C$4),\"\",(VLOOKUP($C$4,Summary!$A$2:'Summary'!$AE$371,3,0)))","v":112},null,{"$f":"IF(ISBLANK($C$2),\"\",(VLOOKUP($C$2,Summary!$A$2:'Summary'!$AE$371,13,0)))","v":4096},null,{"$f":"IF(ISBLANK($C$2),\"\",(VLOOKUP($C$2,Summary!$A$2:'Summary'!$AE$371,20,0)))","v":87.127659574468083},null,{"$f":"IF(K6=\"National\",Summary!BE7,IF(National!K6=\"National L.A. Average\",Summary!BF7,\"\"))","v":37705}]
[]
[null,"Total estimated education cost per annum 2 :",null,null,{"$f":"IF(ISBLANK($C$4),\"\",(VLOOKUP($C$4,Summary!$A$2:'Summary'!$AE$371,4,0)))","v":162376.71737999999},null,{"$f":"IF(ISBLANK($C$2),\"\",(VLOOKUP($C$2,Summary!$A$2:'Summary'!$AE$371,14,0)))","v":5934679.0576499999},null,{"$f":"IF(ISBLANK($C$2),\"\",(VLOOKUP($C$2,Summary!$A$2:'Summary'!$AE$371,21,0)))","v":126269.76718404253},null,{"$f":"IF(K6=\"National\",Summary!BE8,IF(National!K6=\"National L.A. Average\",Summary!BF8,\"\"))","v":54634562}]
[]
[null,"Total estimated housing cost per annum 2 :",null,null,{"$f":"IF(ISBLANK($C$4),\"\",(VLOOKUP($C$4,Summary!$A$2:'Summary'!$AE$371,5,0)))","v":38946.027480000004},null,{"$f":"IF(ISBLANK($C$2),\"\",(VLOOKUP($C$2,Summary!$A$2:'Summary'!$AE$371,15,0)))","v":1423431.7419},null,{"$f":"IF(ISBLANK($C$2),\"\",(VLOOKUP($C$2,Summary!$A$2:'Summary'!$AE$371,22,0)))","v":30285.781742553198},null,{"$f":"IF(K6=\"National\",Summary!BE9,IF(National!K6=\"National L.A. Average\",Summary!BF9,\"\"))","v":13104090}]
[]
[null,"Total estimated personal social services cost per annum 2 :",null,null,{"$f":"IF(ISBLANK($C$4),\"\",(VLOOKUP($C$4,Summary!$A$2:'Summary'!$AE$371,6,0)))","v":18406.183499999999},null,{"$f":"IF(ISBLANK($C$2),\"\",(VLOOKUP($C$2,Summary!$A$2:'Summary'!$AE$371,16,0)))","v":672724.47375},null,{"$f":"IF(ISBLANK($C$2),\"\",(VLOOKUP($C$2,Summary!$A$2:'Summary'!$AE$371,23,0)))","v":14313.286675531912},null,{"$f":"IF(K6=\"National\",Summary!BE10,IF(National!K6=\"National L.A. Average\",Summary!BF10,\"\"))","v":6193091}]
[]
[null,"Total estimated social welfare cost per annum 2 :",null,null,{"$f":"IF(ISBLANK($C$4),\"\",(VLOOKUP($C$4,Summary!$A$2:'Summary'!$AE$371,7,0)))","v":129242.22521999999},null,{"$f":"IF(ISBLANK($C$2),\"\",(VLOOKUP($C$2,Summary!$A$2:'Summary'!$AE$371,17,0)))","v":4723652.1328499997},null,{"$f":"IF(ISBLANK($C$2),\"\",(VLOOKUP($C$2,Summary!$A$2:'Summary'!$AE$371,24,0)))","v":100503.23686914892},null,{"$f":"IF(K6=\"National\",Summary!BE11,IF(National!K6=\"National L.A. Average\",Summary!BF11,\"\"))","v":43485867}]
[]
[null,"Total estimated public sector cost per annum 4 :",null,null,{"$f":"IF(ISBLANK($C$4),\"\",(VLOOKUP($C$4,Summary!$A$2:'Summary'!$AE$371,8,0)))","v":348971.15357999993},null,{"$f":"IF(ISBLANK($C$2),\"\",(VLOOKUP($C$2,Summary!$A$2:'Summary'!$AE$371,18,0)))","v":12754487.406149998},null,{"$f":"IF(ISBLANK($C$2),\"\",(VLOOKUP($C$2,Summary!$A$2:'Summary'!$AE$371,25,0)))","v":271372.07247127662},null,{"$f":"IF(K6=\"National\",Summary!BE12,IF(National!K6=\"National L.A. Average\",Summary!BF12,\"\"))","v":117417610}]
[]
[null,"Total estimated public sector cost per annum per capita* 4 :",null,null,{"$f":"IF(ISBLANK($C$4),\"\",(VLOOKUP($C$4,Summary!$A$2:'Summary'!$AE$371,9,0)))","v":2.0101446017107798},null,{"$f":"IF(ISBLANK($C$2),\"\",(VLOOKUP($C$2,Summary!$A$2:'Summary'!$AE$371,11,0)))","v":2.12},null,{"$f":"IF(ISBLANK($C$2),\"\",(VLOOKUP($C$2,Summary!$A$2:'Summary'!$AF$371,32,0)))","v":2.12},null,{"$f":"IF(K6=\"National\",Summary!BE13,IF(National!K6=\"National L.A. Average\",Summary!BF13,\"\"))","v":2.16}]
[]
[null,"Additional savings associated with 5% reduction in unplanned pregnancies resulting in live births :",null,null,{"$f":"IF(ISBLANK($C$4),\"\",(VLOOKUP($C$4,Summary!$A$2:'Summary'!$AE$371,26,0)))","v":17448.55767900002},null,{"$f":"IF(ISBLANK($C$2),\"\",(VLOOKUP($C$2,Summary!$A$2:'Summary'!$AE$371,28,0)))","v":637724.37030750141},null,{"$f":"IF(ISBLANK($C$2),\"\",(VLOOKUP($C$2,Summary!$A$2:'Summary'!$AE$371,30,0)))","v":13568.603623563831},null,{"$f":"IF(K6=\"National\",Summary!BE14,IF(National!K6=\"National L.A. Average\",Summary!BF14,\"\"))","v":5870881}]
[]
[null,"Additional savings associated with 10% reduction in unplanned pregnancies resulting in live births :",null,null,{"$f":"IF(ISBLANK($C$4),\"\",(VLOOKUP($C$4,Summary!$A$2:'Summary'!$AE$371,27,0)))","v":34897.115358000039},null,{"$f":"IF(ISBLANK($C$2),\"\",(VLOOKUP($C$2,Summary!$A$2:'Summary'!$AE$371,29,0)))","v":1275448.7406150009},null,{"$f":"IF(ISBLANK($C$2),\"\",(VLOOKUP($C$2,Summary!$A$2:'Summary'!$AE$371,31,0)))","v":27137.207247127662},null,{"$f":"IF(K6=\"National\",Summary!BE15,IF(National!K6=\"National L.A. Average\",Summary!BF15,\"\"))","v":11741761}]
[]
[]
[]
["* Note: Per capita is spend per head of the total local authority/England population"]
["As of April 2013 commissioning of Specialist Contraception Services and General Practice provision of intra-uterine methods and implants for contraception has been the responsibility of England’s 152 single and upper-tier authorities5 "]
["Item code -UKWHG02180013 "]
["Date of Recertification - April 2018"]

{"sheet":"National Charts","index":2,"n_rows":34,"n_cols":5,"rows_kept":34,"cut":false,"hidden":false,"merged":[]}
[]
[null,null,null,null,{"$f":"\"Cost of Unplanned Pregnancies - \"&National!E7&\" LA & \"&National!I7","v":"Cost of Unplanned Pregnancies - Huntingdonshire LA & East"}]
[]
[]
[]
[]
[]
[]
[]
[]
[]
[]
[]
[]
[]
[]
[]
[]
[]
[]
[]
[]
[]
[]
[]
[]
[]
[]
[]
[]
[]
["Please note all costs are based on estimated costs per annum"]
["Item code -UKWHG02180013 "]
["Date of Recertification - April 2018"]

{"sheet":"National Charts by Type","index":3,"n_rows":35,"n_cols":5,"rows_kept":35,"cut":false,"hidden":false,"merged":[]}
[]
[null,null,null,null,{"$f":"\"Cost of Unplanned Pregnancies - \"&National!E7&\" LA & \"&National!I7","v":"Cost of Unplanned Pregnancies - Huntingdonshire LA & East"}]
[]
[null,null,"Select chart type :","Estimated unplanned pregnancies"]
[]
[]
[]
[]
[]
[]
[]
[]
[]
[]
[]
[]
[]
[]
[]
[]
[]
[]
[]
[]
[]
[]
[]
[]
[]
[]
[]
[]
["Please note all costs are based on estimated costs per annum"]
["Item code -UKWHG02180013 "]
["Date of Recertification - April  2018"]

{"sheet":"Regional","index":4,"n_rows":34,"n_cols":11,"rows_kept":34,"cut":false,"hidden":false,"merged":[[20,1,20,2],[22,1,22,2],[24,1,24,2],[30,0,30,3],[8,1,8,2],[10,1,10,2],[12,1,12,2],[14,1,14,2],[16,1,16,2],[18,1,18,2],[26,1,26,2]]}
[]
[null,null,"Compare Costs of Unplanned Pregnancies Across Local Authorities/Regions"]
[]
[null,null,"Select Area Type :",null,"Local Authority"]
[]
[null,null,null,null,{"$f":"E4","v":"Local Authority"},null,{"$f":"\"Select \"&E4","v":"Select Local Authority"},null,{"$f":"\"Select \"&E4","v":"Select Local Authority"},null,{"$f":"\"Select \"&E4","v":"Select Local Authority"}]
[null,null,null,null,{"$f":"IF(E4=\"Local Authority\",National!C4,IF(Regional!E4=\"Region\",National!C2,\" \"))","v":"Huntingdonshire"},null,"Tameside",null,"Salford",null,"Aylesbury Vale"]
[]
[null,"Live births 1 & 3 :",null,null,{"$f":"IF(E4=\"Local Authority\",National!E10,IF(Regional!E4=\"Region\",National!G10,\" \"))","v":1966},null,{"$f":"IF(ISBLANK($G$7),\"\",(VLOOKUP($G$7,Summary!$A$2:'Summary'!$AE$371,2,0)))","v":2975},null,{"$f":"IF(ISBLANK($I$7),\"\",(VLOOKUP($I$7,Summary!$A$2:'Summary'!$AE$371,2,0)))","v":3512},null,{"$f":"IF(ISBLANK($K$7),\"\",(VLOOKUP($K$7,Summary!$A$2:'Summary'!$AE$371,2,0)))","v":2207}]
[]
[null,"Estimated number of unplanned pregnancies resulting in live births 1 & 3 :",null,null,{"$f":"IF(E4=\"Local Authority\",National!E12,IF(Regional!E4=\"Region\",National!G12,\" \"))","v":112},null,{"$f":"IF(ISBLANK($G$7),\"\",(VLOOKUP($G$7,Summary!$A$2:'Summary'!$AE$371,3,0)))","v":170},null,{"$f":"IF(ISBLANK($I$7),\"\",(VLOOKUP($I$7,Summary!$A$2:'Summary'!$AE$371,3,0)))","v":200},null,{"$f":"IF(ISBLANK($K$7),\"\",(VLOOKUP($K$7,Summary!$A$2:'Summary'!$AE$371,3,0)))","v":126}]
[]
[null,"Total estimated education cost per annum 2 :",null,null,{"$f":"IF(E4=\"Local Authority\",National!E14,IF(Regional!E4=\"Region\",National!G14,\" \"))","v":162376.71737999999},null,{"$f":"IF(ISBLANK($G$7),\"\",(VLOOKUP($G$7,Summary!$A$2:'Summary'!$AE$371,4,0)))","v":245712.47925000003},null,{"$f":"IF(ISBLANK($I$7),\"\",(VLOOKUP($I$7,Summary!$A$2:'Summary'!$AE$371,4,0)))","v":290064.61416},null,{"$f":"IF(ISBLANK($K$7),\"\",(VLOOKUP($K$7,Summary!$A$2:'Summary'!$AE$371,4,0)))","v":182281.49301000001}]
[]
[null,"Total estimated housing cost per annum 2 :",null,null,{"$f":"IF(E4=\"Local Authority\",National!E16,IF(Regional!E4=\"Region\",National!G16,\" \"))","v":38946.027480000004},null,{"$f":"IF(ISBLANK($G$7),\"\",(VLOOKUP($G$7,Summary!$A$2:'Summary'!$AE$371,5,0)))","v":58934.09550000001},null,{"$f":"IF(ISBLANK($I$7),\"\",(VLOOKUP($I$7,Summary!$A$2:'Summary'!$AE$371,5,0)))","v":69571.947360000006},null,{"$f":"IF(ISBLANK($K$7),\"\",(VLOOKUP($K$7,Summary!$A$2:'Summary'!$AE$371,5,0)))","v":43720.184460000004}]
[]
[null,"Total estimated personal social services cost per annum 2 :",null,null,{"$f":"IF(E4=\"Local Authority\",National!E18,IF(Regional!E4=\"Region\",National!G18,\" \"))","v":18406.183499999999},null,{"$f":"IF(ISBLANK($G$7),\"\",(VLOOKUP($G$7,Summary!$A$2:'Summary'!$AE$371,6,0)))","v":27852.693750000002},null,{"$f":"IF(ISBLANK($I$7),\"\",(VLOOKUP($I$7,Summary!$A$2:'Summary'!$AE$371,6,0)))","v":32880.222000000002},null,{"$f":"IF(ISBLANK($K$7),\"\",(VLOOKUP($K$7,Summary!$A$2:'Summary'!$AE$371,6,0)))","v":20662.48575}]
[]
[null,"Total estimated social welfare cost per annum 2 :",null,null,{"$f":"IF(E4=\"Local Authority\",National!E20,IF(Regional!E4=\"Region\",National!G20,\" \"))","v":129242.22521999999},null,{"$f":"IF(ISBLANK($G$7),\"\",(VLOOKUP($G$7,Summary!$A$2:'Summary'!$AE$371,7,0)))","v":195572.54325000002},null,{"$f":"IF(ISBLANK($I$7),\"\",(VLOOKUP($I$7,Summary!$A$2:'Summary'!$AE$371,7,0)))","v":230874.20903999999},null,{"$f":"IF(ISBLANK($K$7),\"\",(VLOOKUP($K$7,Summary!$A$2:'Summary'!$AE$371,7,0)))","v":145085.24468999999}]
[]
[null,"Total estimated public sector cost per annum 4 :",null,null,{"$f":"IF(E4=\"Local Authority\",National!E22,IF(Regional!E4=\"Region\",National!G22,\" \"))","v":348971.15357999993},null,{"$f":"IF(ISBLANK($G$7),\"\",(VLOOKUP($G$7,Summary!$A$2:'Summary'!$AE$371,8,0)))","v":528071.81174999999},null,{"$f":"IF(ISBLANK($I$7),\"\",(VLOOKUP($I$7,Summary!$A$2:'Summary'!$AE$371,8,0)))","v":623390.99255999993},null,{"$f":"IF(ISBLANK($K$7),\"\",(VLOOKUP($K$7,Summary!$A$2:'Summary'!$AE$371,8,0)))","v":391749.40790999995}]
[]
[null,"Total estimated public sector cost per annum per capita* 4 :",null,null,{"$f":"IF(E4=\"Local Authority\",National!E24,IF(Regional!E4=\"Region\",National!G24,\" \"))","v":2.0101446017107798},null,{"$f":"IF(ISBLANK($G$7),\"\",(VLOOKUP($G$7,Summary!$A$2:'Summary'!$AE$371,9,0)))","v":2.3919437414787268},null,{"$f":"IF(ISBLANK($I$7),\"\",(VLOOKUP($I$7,Summary!$A$2:'Summary'!$AE$371,9,0)))","v":2.5755701229548831},null,{"$f":"IF(ISBLANK($K$7),\"\",(VLOOKUP($K$7,Summary!$A$2:'Summary'!$AE$371,9,0)))","v":2.1226127433355004}]
[]
[null,"Additional savings associated with 5% reduction in unplanned pregnancies resulting in live births :",null,null,{"$f":"IF(E4=\"Local Authority\",National!E26,IF(Regional!E4=\"Region\",National!G26,\" \"))","v":17448.55767900002},null,{"$f":"IF(ISBLANK($G$7),\"\",(VLOOKUP($G$7,Summary!$A$2:'Summary'!$AE$371,26,0)))","v":26403.590587500017},null,{"$f":"IF(ISBLANK($I$7),\"\",(VLOOKUP($I$7,Summary!$A$2:'Summary'!$AE$371,26,0)))","v":31169.549628000008},null,{"$f":"IF(ISBLANK($K$7),\"\",(VLOOKUP($K$7,Summary!$A$2:'Summary'!$AE$371,26,0)))","v":19587.470395500015}]
[]
[null,"Additional savings associated with 10% reduction in unplanned pregnancies resulting in live births :",null,null,{"$f":"IF(E4=\"Local Authority\",National!E28,IF(Regional!E4=\"Region\",National!G28,\" \"))","v":34897.115358000039},null,{"$f":"IF(ISBLANK($G$7),\"\",(VLOOKUP($G$7,Summary!$A$2:'Summary'!$AE$371,27,0)))","v":52807.181175000034},null,{"$f":"IF(ISBLANK($I$7),\"\",(VLOOKUP($I$7,Summary!$A$2:'Summary'!$AE$371,27,0)))","v":62339.099256000016},null,{"$f":"IF(ISBLANK($K$7),\"\",(VLOOKUP($K$7,Summary!$A$2:'Summary'!$AE$371,27,0)))","v":39174.94079100003}]
[]
[]
[]
["* Note: Per capita is spend per head of the total local authority population"]
["As of April 2013 commissioning of Specialist Contraception Services and General Practice provision of intra-uterine methods and implants for contraception has been the responsibility of England’s 152 single and upper-tier authorities5 "]
["Item code -UKWHG02180013 "]
["Date of Recertification - April  2018"]

{"sheet":"Summary","index":5,"n_rows":371,"n_cols":61,"rows_kept":371,"cut":false,"hidden":true,"merged":[]}
["Area of usual residence","Live births","Unplanned pregnancies resulting in live births","Estimated expenditure on education associated with live births from unintended pregnancies (minimum)","Estimated expenditure on housing associated with live births from unintended pregnancies (minimum)","Estimated expenditure on personal social services associated with live births from unintended pregnancies (minimum)","Estimated expenditure on social welfare associated with live births from unintended pregnancies (minimum)","Total public sector expenditure","Estimated overall public expenditure associated with live births from unintended pregnancies per capita","Region","Estimated overall public expenditure on education associated with live births from unintended pregnancies (regional)","Regional Live births","Regional Unplanned pregnancies resulting in live births","Regional Estimated expenditure on education associated with live births from unintended pregnancies (minimum)","Regional Estimated expenditure on housing associated with live births from unintended pregnancies (minimum)","Regional Estimated expenditure on personal social services associated with live births from unintended pregnancies (minimum)","Regional Estimated expenditure on social welfare associated with live births from unintended pregnancies (minimum)","Regional total public sector expenditure","Regional Live births (average)","Regional Unplanned pregnancies resulting in live births (average)","Regional Average Estimated expenditure on education associated with live births from unintended pregnancies (minimum)","Regional Average Estimated expenditure on housing associated with live births from unintended pregnancies (minimum)","Regional Average Estimated expenditure on personal social services associated with live births from unintended pregnancies (minimum)","Regional Average Estimated expenditure on social welfare associated with live births from unintended pregnancies (minimum)","Regional total public sector expenditure (average)","Additional cost associated with 5% increase in unplanned pregnancies resulting in live births","Additional cost with 10% increase","(Regional) Additional cost associated with 5% increase in unplanned pregnancies resulting in live births","(Regional) Additional cost with 10% increase","Regional average additional cost associated with 5% increase","Regional average additional cost associated with 10% increase","Regional average of cost/capita","IMD - Average rank","IMD - Rank of average rank","IMD - Rank of average rank - Colour",null,"Local Authority","Region",null,null,null,"Area of usual residence","Region",null,null,null,null,null,null,null,null,"Local Authority","Local Authority District name (2013)",null,null,null,null,null,null,"Area of usual residence","Estimated Population mid-2014"]
["Adur",692,39,57153.961560000003,13708.367760000001,6478.6770000000006,45491.159639999998,{"$f":"SUM(D2:G2)","v":122832.16596},1.9442852659237686,"South East",2.0499999999999998,102406,5837,8457960.3865799997,2028640.3306800001,958750.57349999994,6732034.2400199994,18177385.530779999,1528.4477611940299,87.104477611940297,126238.21472507462,30278.213890746261,14309.710052238808,100478.12298537313,271304.2616534328,6141.6082980000065,12283.216595999998,908869.27653900161,1817738.5530780032,13565.213082671631,27130.42616534332,null,15648.1,150,"Amber",null,"Adur","East","Local Authority","LA",null,"Babergh","East","East","East",null,"Area of usual residence","A",1,null,null,"Adur","Adur",null,null,"National",null,null,null,"Adur",63176]
["Allerdale",902,51,74498.371859999999,17868.421560000003,8444.7494999999999,59296.280339999998,{"$f":"SUM(D3:G3)","v":160107.82326},1.6596471816400784,"North West",2.13,85606,4880,7070407.5625800006,1695836.0266800001,801464.77350000001,5627624.58402,15195332.94678,2195.0256410256411,125.15384615384616,181292.50160461539,43482.975043076913,20550.378807692301,144298.06625692308,389623.92171230767,8005.391162999993,16010.782326000015,759766.6473390013,1519533.2946780007,19481.196085615375,38962.392171230807,null,17703.95,114,"Amber",null,"Allerdale","East Midlands","Region","Region",null,"Basildon","East","East Midlands","EastMidlands",null,"Live births","B",2,null,null,"Allerdale","Allerdale",null,null,"National L.A. Average",null,null,null,"Allerdale",96471]
["Amber Valley",1248,71,103075.35264,24722.605439999999,11684.088,82041.860159999997,221523.90623999998,1.7873191189427311,"East Midlands",2.04,53170,3031,4391439.5031000003,1053286.0026,497790.83250000002,3495325.0839,9437841.4221000001,1329.25,75.8,109785.98757750001,26332.150065000002,12444.770812500003,87383.127097500008,235946.03555249999,11076.195311999996,22152.390624000021,471892.07110499963,943784.14221000113,11797.30177762502,23594.603555250011,null,15071.99,162,"Amber",null,"Amber Valley","London",null,null,null,"Bedford UA ","East","London","London",null,"Unplanned pregnancies resulting in live births","C",3,null,null,"Amber Valley","Amber Valley",null,null,null,null,null,null,"Amber Valley",123942]
["Arun",1463,83,120832.72509000001,28981.708140000002,13696.971750000001,96175.674209999997,259687.07919000002,1.6817586435815406,"South East",2.0499999999999998,102406,5837,8457960.3865799997,2028640.3306800001,958750.57349999994,6732034.2400199994,18177385.530779999,1528.4477611940299,87.104477611940297,126238.21472507462,30278.213890746261,14309.710052238808,100478.12298537313,271304.2616534328,12984.353959500033,25968.707919000008,908869.27653900161,1817738.5530780032,13565.213082671631,27130.42616534332,null,14648.58,174,"Amber",null,"Arun","North East","Select",{"$f":"Regional!E4","v":"Local Authority"},null,"Braintree","East","North East","NorthEast",null,"Total (per annum) education expenditure","D",4,null,null,"Arun","Arun",null,null,null,"National","National Average",null,"Arun",154414]
["Ashfield",1449,83,119676.43107000001,28704.371220000005,13565.900250000001,95255.332829999999,257202.03537000003,2.0994713436673527,"East Midlands",2.04,53170,3031,4391439.5031000003,1053286.0026,497790.83250000002,3495325.0839,9437841.4221000001,1329.25,75.8,109785.98757750001,26332.150065000002,12444.770812500003,87383.127097500008,235946.03555249999,12860.101768500026,25720.203537000023,471892.07110499963,943784.14221000113,11797.30177762502,23594.603555250011,null,19912.580000000002,70,"Red",null,"Ashfield","North West","List",{"$f":"VLOOKUP(AN5,AM2:AN3,2,)","v":"LA"},null,"Breckland","East","North West","NorthWest",null,"Total housing expenditure","E",5,null,null,"Ashfield","Ashfield",null,null,"Live births :",661496,2035,{"$f":"BF6*325","v":661375},"Ashfield",122508]
["Ashford",1474,84,121741.24182,29199.615720000002,13799.9565,96898.799579999992,261639.61361999999,2.1222339588757757,"South East",2.0499999999999998,102406,5837,8457960.3865799997,2028640.3306800001,958750.57349999994,6732034.2400199994,18177385.530779999,1528.4477611940299,87.104477611940297,126238.21472507462,30278.213890746261,14309.710052238808,100478.12298537313,271304.2616534328,13081.980681000015,26163.961362000002,908869.27653900161,1817738.5530780032,13565.213082671631,27130.42616534332,null,14683.06,173,"Amber",null,"Ashford","South East",null,null,null,"Brentwood","East","South East","SouthEast",null,"Total personal social services","F",6,null,null,"Ashford","Ashford",null,null,"Estimated number of unplanned pregnancies resulting in live births :",37705,116,{"$f":"BF7*325","v":37700},"Ashford",123285]
["Aylesbury Vale",2207,126,182281.49301000001,43720.184460000004,20662.48575,145085.24468999999,391749.40790999995,2.1226127433355004,"South East",2.0499999999999998,102406,5837,8457960.3865799997,2028640.3306800001,958750.57349999994,6732034.2400199994,18177385.530779999,1528.4477611940299,87.104477611940297,126238.21472507462,30278.213890746261,14309.710052238808,100478.12298537313,271304.2616534328,19587.470395500015,39174.94079100003,908869.27653900161,1817738.5530780032,13565.213082671631,27130.42616534332,null,9072.8799999999992,283,"Green",null,"Aylesbury Vale","South West","=INDIRECT(List)",null,null,"Broadland","East","South West","SouthWest",null,"Total social welfare expenditure","G",7,null,null,"Aylesbury Vale","Aylesbury Vale",null,null,"Total education cost :",54634562,168106,54634450,"Aylesbury Vale",184560]
["Babergh",756,43,62439.877079999998,14976.19368,7077.8609999999999,49698.434519999995,134192.36628000002,1.5104098855309811,"East",2.12,71855,4096,5934679.0576499999,1423431.7419,672724.47375,4723652.1328499997,12754487.406149998,1528.8297872340424,87.127659574468083,126269.76718404253,30285.781742553198,14313.286675531912,100503.23686914892,271372.07247127662,6709.6183140000212,13419.236628000013,637724.37030750141,1275448.7406150009,13568.603623563831,27137.207247127662,null,13145.45,200,"Amber",null,"Babergh","West Midlands",null,null,null,"Broxbourne","East","West Midlands","WestMidlands",null,"Total public sector expenditure","H",8,null,null,"Babergh","Babergh",null,null,"Total housing cost :",13104090,40320,13104000,"Babergh",88845]
["Barking and Dagenham",3569,203,294772.38267000002,70701.104820000008,33413.87025,234621.31323,633508.67096999998,3.1947949558231716,"London",2.65,127399,7262,10522192.989570001,2523746.1622200003,1192741.2877500001,8375040.8193300003,22613721.258870002,3860.5757575757575,220,318854.3330172727,76477.156430909105,36143.675386363633,253789.11573727272,685264.28057181847,31675.433548500063,63350.867097000009,1130686.0629434995,2261372.1258870028,34263.214028590941,68526.428057181882,null,26045.93,3,"Red",null,"Barking and Dagenham","Yorkshire and the Humber",null,null,null,"Cambridge","East","Yorkshire and the Humber","Yorkshire",null,"Total cost per capita","I",9,null,null,"Barking and Dagenham","Barking and Dagenham",null,null,"Total personal social services cost :",6193091,19056,6193200,"Barking and Dagenham",198294]
["Barnet",5244,299,433114.70292000001,103882.48632000001,49095.639000000003,344733.58548000001,930826.41371999995,2.4827665303335422,"London",2.65,127399,7262,10522192.989570001,2523746.1622200003,1192741.2877500001,8375040.8193300003,22613721.258870002,3860.5757575757575,220,318854.3330172727,76477.156430909105,36143.675386363633,253789.11573727272,685264.28057181847,46541.32068600005,93082.6413720001,1130686.0629434995,2261372.1258870028,34263.214028590941,68526.428057181882,null,15235.25,157,"Amber",null,"Barnet",null,null,null,null,"Cambridgeshire ","East",null,null,null,"Region","J",10,null,null,"Barnet","Barnet",null,null,"Total social welfare cost :",43485867,133803,43485975,"Barnet",374915]
["Barnsley",2789,159,230350.28727000003,55249.476420000006,26111.315250000003,183345.15063000002,495056.22957000008,2.0814412430468843,"Yorkshire and the Humber",2.12,64078,3652,5292357.7295399997,1269371.08284,599914.25549999997,4212402.4962599995,11374045.564139999,3051.3333333333335,174,252017.03474000003,60446.242040000005,28567.345499999999,200590.59505999996,541621.21734000009,24752.811478500022,49505.622957000043,568702.27820700034,1137404.5564140007,27081.060867000022,54162.121734000044,null,21550.43,37,"Red",null,"Barnsley",null,null,null,null,"Castle Point","East","Select",{"$f":"National!C2","v":"East"},null,"Regional cost per capita","K",11,null,null,"Barnsley","Barnsley",null,null,"Total public sector cost :",117417610,361285,117417625,"Barnsley",237843]
["Barrow-in-Furness",727,41,60044.696609999999,14401.710060000001,6806.3557499999997,47792.01309,129044.77551000001,1.9075918801738412,"North West",2.13,85606,4880,7070407.5625800006,1695836.0266800001,801464.77350000001,5627624.58402,15195332.94678,2195.0256410256411,125.15384615384616,181292.50160461539,43482.975043076913,20550.378807692301,144298.06625692308,389623.92171230767,6452.2387755000091,12904.477551000018,759766.6473390013,1519533.2946780007,19481.196085615375,38962.392171230807,null,21290.62,44,"Red",null,"Barrow-in-Furness",null,null,null,null,"Central Bedfordshire UA ","East","List",{"$f":"VLOOKUP(AS12,AR2:AS10,2,0)","v":"East"},null,"Regional Live births","L",12,null,null,"Barrow-in-Furness","Barrow-in-Furness",null,null,"Total public sector cost per capita :",2.16,2.16,null,"Barrow-in-Furness",67648]
["Basildon",2425,138,200286.64275,48038.716500000002,22703.456249999999,159416.27474999998,430445.09025000001,2.3844599257150136,"East",2.12,71855,4096,5934679.0576499999,1423431.7419,672724.47375,4723652.1328499997,12754487.406149998,1528.8297872340424,87.127659574468083,126269.76718404253,30285.781742553198,14313.286675531912,100503.23686914892,271372.07247127662,21522.254512500018,43044.509025000036,637724.37030750141,1275448.7406150009,13568.603623563831,27137.207247127662,null,17704.189999999999,113,"Amber",null,"Basildon",null,null,null,null,"Chelmsford","East",null,null,null,"Regional Unplanned pregnancies resulting in live births","M",13,null,null,"Basildon","Basildon",null,null,"Additional savings associated with 5% reduction in unplanned pregnancies resulting in live births :",5870881,18064,5870800,"Basildon",180521]
["Basingstoke and Deane",2111,120,174352.61973000001,41818.44558,19763.709749999998,138774.33236999999,374709.10742999997,2.1675774132585177,"South East",2.0499999999999998,102406,5837,8457960.3865799997,2028640.3306800001,958750.57349999994,6732034.2400199994,18177385.530779999,1528.4477611940299,87.104477611940297,126238.21472507462,30278.213890746261,14309.710052238808,100478.12298537313,271304.2616534328,18735.455371499993,37470.910743000044,908869.27653900161,1817738.5530780032,13565.213082671631,27130.42616534332,null,9420.16,275,"Green",null,"Basingstoke and Deane",null,null,null,null,"Colchester","East","=INDIRECT(Select)",null,null,"Regional total (per annum) education expenditure","N",14,null,null,"Basingstoke and Deane","Basingstoke and Deane",null,null,"Additional savings associated with 10% reduction in unplanned pregnancies resulting in live births :",11741761,36128,11741600,"Basingstoke and Deane",172870]
["Bassetlaw",1189,68,98202.399269999994,23553.828420000002,11131.715249999999,78163.278629999986,211051.22156999999,1.8490071363990783,"East Midlands",2.04,53170,3031,4391439.5031000003,1053286.0026,497790.83250000002,3495325.0839,9437841.4221000001,1329.25,75.8,109785.98757750001,26332.150065000002,12444.770812500003,87383.127097500008,235946.03555249999,10552.561078500003,21105.122157000005,471892.07110499963,943784.14221000113,11797.30177762502,23594.603555250011,null,17685.8,115,"Amber",null,"Bassetlaw",null,null,null,null,"Dacorum","East",null,null,null,"Regional total housing expenditure","O",15,null,null,"Bassetlaw","Bassetlaw",null,null,null,null,null,null,"Bassetlaw",114143]
["Bath and North East Somerset UA",1702,97,140572.31586,33716.245560000003,15934.549500000001,111887.21634,302110.32725999999,1.6597553428450562,"South West",1.91,58403,3329,4823645.6892900001,1156950.58134,546783.48675000004,3839335.5440099998,10366715.30139,1622.3055555555557,92.527777777777771,133990.1580358333,32137.516148333347,15188.430187500002,106648.20955583334,287964.3139275001,15105.516363000032,30211.032726000005,518335.76506949961,1036671.5301390011,14398.215696375002,28796.431392750063,null,9734.43,268,"Green",null,"Bath and North East Somerset UA",null,null,null,null,"East Cambridgeshire","East",null,null,null,"Regional total personal social services","P",16,null,null,"Bath and North East Somerset UA","Bath and North East Somerset",null,null,null,null,null,null,"Bath and North East Somerset UA",182021]
["Bedford UA ",2150,123,177573.72450000001,42591.027000000009,20128.837500000001,141338.14050000001,381631.72950000002,2.3281016172128548,"East",2.12,71855,4096,5934679.0576499999,1423431.7419,672724.47375,4723652.1328499997,12754487.406149998,1528.8297872340424,87.127659574468083,126269.76718404253,30285.781742553198,14313.286675531912,100503.23686914892,271372.07247127662,19081.586475000018,38163.172950000037,637724.37030750141,1275448.7406150009,13568.603623563831,27137.207247127662,null,15368.67,154,"Amber",null,"Bedford UA ",null,null,null,null,"East Hertfordshire","East",null,null,null,"Regional total social welfare expenditure","Q",17,null,null,"Bedford UA ","Bedford",null,null,null,null,null,null,"Bedford UA ",163924]
["Bexley",3037,173,250833.20991000001,60162.301860000007,28433.153250000003,199648.34078999999,539077.00581,2.2474183637045839,"London",2.65,127399,7262,10522192.989570001,2523746.1622200003,1192741.2877500001,8375040.8193300003,22613721.258870002,3860.5757575757575,220,318854.3330172727,76477.156430909105,36143.675386363633,253789.11573727272,685264.28057181847,26953.850290499977,53907.70058100007,1130686.0629434995,2261372.1258870028,34263.214028590941,68526.428057181882,null,13505.22,195,"Amber",null,"Bexley",null,null,null,null,"Epping Forest","East",null,null,null,"Regional total public sector expenditure","R",18,null,null,"Bexley","Bexley",null,null,null,null,null,null,"Bexley",239865]
["Birmingham",16925,965,1397876.87775,335280.52650000004,158456.08125000002,1112626.9897499999,3004240.4752500001,2.727755207425365,"West Midlands",2.1800000000000002,70123,3997,5791628.9688900001,1389121.20294,656509.05674999999,4609792.7564099999,12447051.984990001,2337.4333333333334,133.23333333333332,193054.29896300001,46304.040098000005,21883.635224999998,153659.75854700003,414901.73283300002,150212.02376249991,300424.04752500029,622352.59924950078,1244705.1984990016,20745.086641650007,41490.173283300013,null,24955.09,11,"Red",null,"Birmingham",null,null,null,null,"Essex ","East",null,null,null,"Regional Live births (average)","S",19,null,null,"Birmingham","Birmingham",null,null,null,null,null,null,"Birmingham",1101360]
["Blaby",1062,61,87713.160659999994,21037.986360000003,9942.709499999999,69814.467539999998,188508.32406000001,1.966680828160374,"East Midlands",2.04,53170,3031,4391439.5031000003,1053286.0026,497790.83250000002,3495325.0839,9437841.4221000001,1329.25,75.8,109785.98757750001,26332.150065000002,12444.770812500003,87383.127097500008,235946.03555249999,9425.4162030000007,18850.83240600003,471892.07110499963,943784.14221000113,11797.30177762502,23594.603555250011,null,8729.67,288,"Green",null,"Blaby",null,null,null,null,"Fenland","East",null,null,null,"Regional Unplanned pregnancies resulting in live births (average)","T",20,null,null,"Blaby","Blaby",null,null,null,null,null,null,"Blaby",95851]
["Blackburn with Darwen UA",2212,126,182694.45516000001,43819.233360000006,20709.297000000002,145413.93804000001,392636.92356000002,2.6756773649168957,"North West",2.13,85606,4880,7070407.5625800006,1695836.0266800001,801464.77350000001,5627624.58402,15195332.94678,2195.0256410256411,125.15384615384616,181292.50160461539,43482.975043076913,20550.378807692301,144298.06625692308,389623.92171230767,19631.846178000036,39263.692356000014,759766.6473390013,1519533.2946780007,19481.196085615375,38962.392171230807,null,22896.14,24,"Red",null,"Blackburn with Darwen UA",null,null,null,null,"Forest Heath","East",null,null,null,"Regional total (per annum) education expenditure (average)","U",21,null,null,"Blackburn with Darwen UA","Blackburn with Darwen",null,null,null,null,null,null,"Blackburn with Darwen UA",146743]
["Blackpool UA",1819,104,150235.63017000002,36033.989820000003,17029.93275,119578.64073,322878.19347000006,2.2980490777289844,"North West",2.13,85606,4880,7070407.5625800006,1695836.0266800001,801464.77350000001,5627624.58402,15195332.94678,2195.0256410256411,125.15384615384616,181292.50160461539,43482.975043076913,20550.378807692301,144298.06625692308,389623.92171230767,16143.909673499991,32287.819347000041,759766.6473390013,1519533.2946780007,19481.196085615375,38962.392171230807,null,25692.67,4,"Red",null,"Blackpool UA",null,null,null,null,"Great Yarmouth","East",null,null,null,"Regional total housing expenditure (average)","V",22,null,null,"Blackpool UA","Blackpool",null,null,null,null,null,null,"Blackpool UA",140501]
["Bolsover",822,47,67890.977459999995,16283.639160000001,7695.7694999999994,54037.186739999997,145907.57285999999,1.8910967903570732,"East Midlands",2.04,53170,3031,4391439.5031000003,1053286.0026,497790.83250000002,3495325.0839,9437841.4221000001,1329.25,75.8,109785.98757750001,26332.150065000002,12444.770812500003,87383.127097500008,235946.03555249999,7295.3786430000036,14590.757286000007,471892.07110499963,943784.14221000113,11797.30177762502,23594.603555250011,null,20183.400000000001,61,"Red",null,"Bolsover",null,null,null,null,"Harlow","East",null,null,null,"Regional total personal social services (average)","W",23,null,null,"Bolsover","Bolsover",null,null,null,null,null,null,"Bolsover",77155]
["Bolton",3758,214,310382.35194000002,74445.153240000014,35183.335500000001,247045.92186,667056.76254000003,2.3786162500222865,"North West",2.13,85606,4880,7070407.5625800006,1695836.0266800001,801464.77350000001,5627624.58402,15195332.94678,2195.0256410256411,125.15384615384616,181292.50160461539,43482.975043076913,20550.378807692301,144298.06625692308,389623.92171230767,33352.838127000025,66705.676254000049,759766.6473390013,1519533.2946780007,19481.196085615375,38962.392171230807,null,20028.169999999998,64,"Red",null,"Bolton",null,null,null,null,"Hertfordshire","East",null,null,null,"Regional total social welfare expenditure (average)","X",24,null,null,"Bolton","Bolton",null,null,null,null,null,null,"Bolton",280439]
["Boston",857,49,70781.712510000012,16976.981460000003,8023.4482500000004,56338.04019,152120.18241000001,2.2889672034969455,"East Midlands",2.04,53170,3031,4391439.5031000003,1053286.0026,497790.83250000002,3495325.0839,9437841.4221000001,1329.25,75.8,109785.98757750001,26332.150065000002,12444.770812500003,87383.127097500008,235946.03555249999,7606.0091205000062,15212.018241000012,471892.07110499963,943784.14221000113,11797.30177762502,23594.603555250011,null,19945.400000000001,66,"Red",null,"Boston",null,null,null,null,"Hertsmere","East",null,null,null,"Regional total public sector expenditure (average)","Y",25,null,null,"Boston","Boston",null,null,null,null,null,null,"Boston",66458]
["Bournemouth UA",2224,127,183685.56432,44056.950720000001,20821.644,146202.80207999999,394766.96111999999,2.0626310733058153,"South West",1.91,58403,3329,4823645.6892900001,1156950.58134,546783.48675000004,3839335.5440099998,10366715.30139,1622.3055555555557,92.527777777777771,133990.1580358333,32137.516148333347,15188.430187500002,106648.20955583334,287964.3139275001,19738.348056000017,39476.696112000034,518335.76506949961,1036671.5301390011,14398.215696375002,28796.431392750063,null,17588.509999999998,117,"Amber",null,"Bournemouth UA",null,null,null,null,"Huntingdonshire","East",null,null,null,"Additional cost associated with 5% increase in unplanned pregnancies resulting in live births","Z",26,null,null,"Bournemouth UA","Bournemouth",null,null,null,null,null,null,"Bournemouth UA",191390]
["Bracknell Forest UA",1510,86,124714.56930000002,29912.767800000005,14136.997500000001,99265.391700000007,268029.72630000004,2.2709572234696043,"South East",2.0499999999999998,102406,5837,8457960.3865799997,2028640.3306800001,958750.57349999994,6732034.2400199994,18177385.530779999,1528.4477611940299,87.104477611940297,126238.21472507462,30278.213890746261,14309.710052238808,100478.12298537313,271304.2616534328,13401.486314999987,26802.972630000033,908869.27653900161,1817738.5530780032,13565.213082671631,27130.42616534332,null,8755.26,287,"Green",null,"Bracknell Forest UA",null,null,null,null,"Ipswich","East",null,null,null,"Additional cost with 10% increase","AA",27,null,null,"Bracknell Forest UA","Bracknell Forest",null,null,null,null,null,null,"Bracknell Forest UA",118025]
["Bradford",8100,462,668998.68299999996,160459.21799999999,75834.224999999991,532483.22699999996,1437775.3529999999,2.7222602323181642,"Yorkshire and the Humber",2.12,64078,3652,5292357.7295399997,1269371.08284,599914.25549999997,4212402.4962599995,11374045.564139999,3051.3333333333335,174,252017.03474000003,60446.242040000005,28567.345499999999,200590.59505999996,541621.21734000009,71888.767650000053,143777.53530000011,568702.27820700034,1137404.5564140007,27081.060867000022,54162.121734000044,null,22184.16,30,"Red",null,"Bradford",null,null,null,null,"King’s Lynn and West Norfolk","East",null,null,null,"(Regional) Additional cost associated with 5% increase in unplanned pregnancies resulting in live births","AB",28,null,null,"Bradford","Bradford",null,null,null,null,null,null,"Bradford",528155]
["Braintree",1644,94,135781.95491999999,32567.278320000001,15391.538999999999,108074.37347999999,291815.14571999997,1.9456288676867686,"East",2.12,71855,4096,5934679.0576499999,1423431.7419,672724.47375,4723652.1328499997,12754487.406149998,1528.8297872340424,87.127659574468083,126269.76718404253,30285.781742553198,14313.286675531912,100503.23686914892,271372.07247127662,14590.757286000007,29181.514572000015,637724.37030750141,1275448.7406150009,13568.603623563831,27137.207247127662,null,13452.81,197,"Amber",null,"Braintree",null,null,null,null,"Luton UA","East",null,null,null,"(Regional) Additional cost with 10% increase","AC",29,null,null,"Braintree","Braintree",null,null,null,null,null,null,"Braintree",149985]
["Breckland",1432,82,118272.35976000002,28367.604960000004,13406.742000000002,94137.775440000012,254184.48216000001,1.8970973247951279,"East",2.12,71855,4096,5934679.0576499999,1423431.7419,672724.47375,4723652.1328499997,12754487.406149998,1528.8297872340424,87.127659574468083,126269.76718404253,30285.781742553198,14313.286675531912,100503.23686914892,271372.07247127662,12709.224107999995,25418.448216000048,637724.37030750141,1275448.7406150009,13568.603623563831,27137.207247127662,null,17070.84,129,"Amber",null,"Breckland",null,null,null,null,"Maldon","East",null,null,null,"Regional average additional cost associated with 5% increase","AD",30,null,null,"Breckland","Breckland",null,null,null,null,null,null,"Breckland",133986]
["Brent",5078,289,419404.35954000003,100594.06284000001,47541.505500000007,333820.96626000002,901360.89414000011,2.8100613356320268,"London",2.65,127399,7262,10522192.989570001,2523746.1622200003,1192741.2877500001,8375040.8193300003,22613721.258870002,3860.5757575757575,220,318854.3330172727,76477.156430909105,36143.675386363633,253789.11573727272,685264.28057181847,45068.044707000023,90136.089414000046,1130686.0629434995,2261372.1258870028,34263.214028590941,68526.428057181882,null,21519.93,39,"Red",null,"Brent",null,null,null,null,"Mid Suffolk","East",null,null,null,"Regional average additional cost associated with 10% increase","AE",31,null,null,"Brent","Brent",null,null,null,null,null,null,"Brent",320762]
["Brentwood",874,50,72185.783820000011,17313.747720000003,8182.6065000000008,57455.597580000001,155137.73561999999,2.050865696609161,"East",2.12,71855,4096,5934679.0576499999,1423431.7419,672724.47375,4723652.1328499997,12754487.406149998,1528.8297872340424,87.127659574468083,126269.76718404253,30285.781742553198,14313.286675531912,100503.23686914892,271372.07247127662,7756.8867810000083,15513.773562000017,637724.37030750141,1275448.7406150009,13568.603623563831,27137.207247127662,null,8128.47,294,"Green",null,"Brentwood",null,null,null,null,"Norfolk","East",null,null,null,"Regional average cost per capita","AF",32,null,null,"Brentwood","Brentwood",null,null,null,null,null,null,"Brentwood",75645]
["Brighton and Hove UA",2987,170,246703.58841000003,59171.812860000005,27965.040750000004,196361.40729,530201.84930999996,1.8863291398411817,"South East",2.0499999999999998,102406,5837,8457960.3865799997,2028640.3306800001,958750.57349999994,6732034.2400199994,18177385.530779999,1528.4477611940299,87.104477611940297,126238.21472507462,30278.213890746261,14309.710052238808,100478.12298537313,271304.2616534328,26510.092465499998,53020.184930999996,908869.27653900161,1817738.5530780032,13565.213082671631,27130.42616534332,null,18157.98,109,"Amber",null,"Brighton and Hove UA",null,null,null,null,"North Hertfordshire","East",null,null,null,"IMD - Average rank","AG",33,null,null,"Brighton and Hove UA","Brighton and Hove",null,null,null,null,null,null,"Brighton and Hove UA",281076]
["Bristol, City of UA",6442,367,532060.43406,127614.60276000001,60311.614500000003,423488.51214000001,1143475.16346,2.5842765076818073,"South West",1.91,58403,3329,4823645.6892900001,1156950.58134,546783.48675000004,3839335.5440099998,10366715.30139,1622.3055555555557,92.527777777777771,133990.1580358333,32137.516148333347,15188.430187500002,106648.20955583334,287964.3139275001,57173.758173000067,114347.51634600013,518335.76506949961,1036671.5301390011,14398.215696375002,28796.431392750063,null,19759.77,77,"Red",null,"Bristol, City of UA",null,null,null,null,"North Norfolk","East",null,null,null,"IMD - Rank of average rank","AH",34,null,null,"Bristol, City of UA","Bristol, City of",null,null,null,null,null,null,"Bristol, City of UA",442474]
["Broadland",1069,61,88291.307669999995,21176.65482,10008.24525,70274.638229999997,189750.84596999997,1.5064253695191365,"East",2.12,71855,4096,5934679.0576499999,1423431.7419,672724.47375,4723652.1328499997,12754487.406149998,1528.8297872340424,87.127659574468083,126269.76718404253,30285.781742553198,14313.286675531912,100503.23686914892,271372.07247127662,9487.5422985000187,18975.084597000008,637724.37030750141,1275448.7406150009,13568.603623563831,27137.207247127662,null,9531.7800000000007,273,"Green",null,"Broadland",null,null,null,null,"Norwich","East",null,null,null,"IMD - Rank of average rank - Colour","AI",35,null,null,"Broadland","Broadland",null,null,null,null,null,null,"Broadland",125961]
["Bromley",4086,233,337472.66898000002,80942.761080000011,38254.1535,268608.20562000002,725277.78918000008,2.2574772912555483,"London",2.65,127399,7262,10522192.989570001,2523746.1622200003,1192741.2877500001,8375040.8193300003,22613721.258870002,3860.5757575757575,220,318854.3330172727,76477.156430909105,36143.675386363633,253789.11573727272,685264.28057181847,36263.889459000085,72527.778918000055,1130686.0629434995,2261372.1258870028,34263.214028590941,68526.428057181882,null,12023.39,220,"Green",null,"Bromley",null,null,null,null,"Peterborough UA","East",null,null,null,null,null,null,null,null,"Bromley","Bromley",null,null,null,null,null,null,"Bromley",321278]
["Bromsgrove",908,52,74993.926439999996,17987.28024,8500.9230000000007,59690.712359999998,161172.84203999999,1.6879388599256426,"West Midlands",2.1800000000000002,70123,3997,5791628.9688900001,1389121.20294,656509.05674999999,4609792.7564099999,12447051.984990001,2337.4333333333334,133.23333333333332,193054.29896300001,46304.040098000005,21883.635224999998,153659.75854700003,414901.73283300002,8058.6421020000125,16117.284204000025,622352.59924950078,1244705.1984990016,20745.086641650007,41490.173283300013,null,9135.43,282,"Green",null,"Bromsgrove",null,null,null,null,"Rochford","East",null,null,null,null,null,null,null,null,"Bromsgrove","Bromsgrove",null,null,null,null,null,null,"Bromsgrove",95485]
["Broxbourne",1223,70,101010.54188999999,24227.360940000002,11450.03175,80398.39340999999,217086.32798999999,2.2672674937335504,"East",2.12,71855,4096,5934679.0576499999,1423431.7419,672724.47375,4723652.1328499997,12754487.406149998,1528.8297872340424,87.127659574468083,126269.76718404253,30285.781742553198,14313.286675531912,100503.23686914892,271372.07247127662,10854.316399500007,21708.632799000014,637724.37030750141,1275448.7406150009,13568.603623563831,27137.207247127662,null,14793.04,171,"Amber",null,"Broxbourne",null,null,null,null,"South Cambridgeshire","East",null,null,null,null,null,null,null,null,"Broxbourne","Broxbourne",null,null,null,null,null,null,"Broxbourne",95748]
["Broxtowe",1206,69,99606.470580000008,23890.594680000002,11290.873500000002,79280.836020000002,214068.77477999998,1.9150901304347825,"East Midlands",2.04,53170,3031,4391439.5031000003,1053286.0026,497790.83250000002,3495325.0839,9437841.4221000001,1329.25,75.8,109785.98757750001,26332.150065000002,12444.770812500003,87383.127097500008,235946.03555249999,10703.438739000005,21406.877478000009,471892.07110499963,943784.14221000113,11797.30177762502,23594.603555250011,null,12049.77,219,"Green",null,"Broxtowe",null,null,null,null,"South Norfolk","East",null,null,null,null,null,null,null,null,"Broxtowe","Broxtowe",null,null,null,null,null,null,"Broxtowe",111780]
["Buckinghamshire ",5989,341,494646.06326999998,118640.77242000001,56070.515249999997,393708.89463,1063066.24557,2.0368297285226529,"South East",2.0499999999999998,102406,5837,8457960.3865799997,2028640.3306800001,958750.57349999994,6732034.2400199994,18177385.530779999,1528.4477611940299,87.104477611940297,126238.21472507462,30278.213890746261,14309.710052238808,100478.12298537313,271304.2616534328,53153.31227850006,106306.62455700012,908869.27653900161,1817738.5530780032,13565.213082671631,27130.42616534332,null,null,null,null,null,"Buckinghamshire ",null,null,null,null,"Southend-on-Sea UA","East",null,null,null,null,null,null,null,null,"Buckinghamshire ",null,null,null,null,null,null,null,"Buckinghamshire ",521922]
["Burnley",1122,64,92668.706460000001,22226.57316,10504.4445,73758.78774,199158.51186,2.2815469161769255,"North West",2.13,85606,4880,7070407.5625800006,1695836.0266800001,801464.77350000001,5627624.58402,15195332.94678,2195.0256410256411,125.15384615384616,181292.50160461539,43482.975043076913,20550.378807692301,144298.06625692308,389623.92171230767,9957.9255930000218,19915.851186000014,759766.6473390013,1519533.2946780007,19481.196085615375,38962.392171230807,null,23559.19,17,"Red",null,"Burnley",null,null,null,null,"St Albans","East",null,null,null,null,null,null,null,null,"Burnley","Burnley",null,null,null,null,null,null,"Burnley",87291]
["Bury",2329,133,192357.76947000003,46136.977620000005,21804.680250000001,153105.36243000001,413404.78977000003,2.205131323650213,"North West",2.13,85606,4880,7070407.5625800006,1695836.0266800001,801464.77350000001,5627624.58402,15195332.94678,2195.0256410256411,125.15384615384616,181292.50160461539,43482.975043076913,20550.378807692301,144298.06625692308,389623.92171230767,20670.239488499996,41340.47897700005,759766.6473390013,1519533.2946780007,19481.196085615375,38962.392171230807,null,16736.98,132,"Amber",null,"Bury",null,null,null,null,"St Edmundsbury","East",null,null,null,null,null,null,null,null,"Bury","Bury",null,null,null,null,null,null,"Bury",187474]
["Calderdale",2533,144,209206.62518999999,50178.172740000002,23714.579249999999,166516.05111,449615.42829000001,2.168116986970527,"Yorkshire and the Humber",2.12,64078,3652,5292357.7295399997,1269371.08284,599914.25549999997,4212402.4962599995,11374045.564139999,3051.3333333333335,174,252017.03474000003,60446.242040000005,28567.345499999999,200590.59505999996,541621.21734000009,22480.771414500021,44961.542829000042,568702.27820700034,1137404.5564140007,27081.060867000022,54162.121734000044,null,18599.599999999999,96,"Red",null,"Calderdale",null,null,null,null,"Stevenage","East",null,null,null,null,null,null,null,null,"Calderdale","Calderdale",null,null,null,null,null,null,"Calderdale",207376]
["Cambridge",1421,81,117363.84303,28149.697380000001,13303.757250000001,93414.650069999989,252231.94773000001,1.9626654299498114,"East",2.12,71855,4096,5934679.0576499999,1423431.7419,672724.47375,4723652.1328499997,12754487.406149998,1528.8297872340424,87.127659574468083,126269.76718404253,30285.781742553198,14313.286675531912,100503.23686914892,271372.07247127662,12611.597386499983,25223.194773000025,637724.37030750141,1275448.7406150009,13568.603623563831,27137.207247127662,null,11742.5,227,"Green",null,"Cambridge",null,null,null,null,"Suffolk","East",null,null,null,null,null,null,null,null,"Cambridge","Cambridge",null,null,null,null,null,null,"Cambridge",128515]
["Cambridgeshire ",7269,414,600364.37367,143997.29082000002,68054.195250000004,477854.39223,1290270.2519700001,2.0166207452275491,"East",2.12,71855,4096,5934679.0576499999,1423431.7419,672724.47375,4723652.1328499997,12754487.406149998,1528.8297872340424,87.127659574468083,126269.76718404253,30285.781742553198,14313.286675531912,100503.23686914892,271372.07247127662,64513.512598500121,129027.02519700001,637724.37030750141,1275448.7406150009,13568.603623563831,27137.207247127662,null,null,null,null,null,"Cambridgeshire ",null,null,null,null,"Suffolk Coastal","East",null,null,null,null,null,null,null,null,"Cambridgeshire ",null,null,null,null,null,null,null,"Cambridgeshire ",639818]
["Camden",2700,154,222999.56100000002,53486.406000000003,25278.075000000001,177494.40899999999,479258.451,2.0407349965509312,"London",2.65,127399,7262,10522192.989570001,2523746.1622200003,1192741.2877500001,8375040.8193300003,22613721.258870002,3860.5757575757575,220,318854.3330172727,76477.156430909105,36143.675386363633,253789.11573727272,685264.28057181847,23962.922550000018,47925.845100000035,1130686.0629434995,2261372.1258870028,34263.214028590941,68526.428057181882,null,19916.900000000001,69,"Red",null,"Camden",null,null,null,null,"Tendring","East",null,null,null,null,null,null,null,null,"Camden","Camden",null,null,null,null,null,null,"Camden",234846]
["Cannock Chase",1104,63,91182.042720000012,21869.997120000004,10335.924000000001,72575.491680000006,195963.45552000002,1.9884875089549363,"West Midlands",2.1800000000000002,70123,3997,5791628.9688900001,1389121.20294,656509.05674999999,4609792.7564099999,12447051.984990001,2337.4333333333334,133.23333333333332,193054.29896300001,46304.040098000005,21883.635224999998,153659.75854700003,414901.73283300002,9798.1727760000213,19596.345552000013,622352.59924950078,1244705.1984990016,20745.086641650007,41490.173283300013,null,17194.53,128,"Amber",null,"Cannock Chase",null,null,null,null,"Three Rivers","East",null,null,null,null,null,null,null,null,"Cannock Chase","Cannock Chase",null,null,null,null,null,null,"Cannock Chase",98549]
["Canterbury",1366,78,112821.25938000002,27060.159480000006,12788.833500000001,89799.023220000003,242469.27558000005,1.5380324364886555,"South East",2.0499999999999998,102406,5837,8457960.3865799997,2028640.3306800001,958750.57349999994,6732034.2400199994,18177385.530779999,1528.4477611940299,87.104477611940297,126238.21472507462,30278.213890746261,14309.710052238808,100478.12298537313,271304.2616534328,12123.463779000012,24246.927558000054,908869.27653900161,1817738.5530780032,13565.213082671631,27130.42616534332,null,14091.31,183,"Amber",null,"Canterbury",null,null,null,null,"Thurrock UA","East",null,null,null,null,null,null,null,null,"Canterbury","Canterbury",null,null,null,null,null,null,"Canterbury",157649]
["Carlisle",1261,72,104149.05423000001,24980.132580000005,11805.797250000001,82896.462870000003,223831.44693000003,2.0720913048267948,"North West",2.13,85606,4880,7070407.5625800006,1695836.0266800001,801464.77350000001,5627624.58402,15195332.94678,2195.0256410256411,125.15384615384616,181292.50160461539,43482.975043076913,20550.378807692301,144298.06625692308,389623.92171230767,11191.572346500005,22383.144693000009,759766.6473390013,1519533.2946780007,19481.196085615375,38962.392171230807,null,17742.240000000002,112,"Amber",null,"Carlisle",null,null,null,null,"Uttlesford","East",null,null,null,null,null,null,null,null,"Carlisle","Carlisle",null,null,null,null,null,null,"Carlisle",108022]
["Castle Point",861,49,71112.082230000015,17056.220580000001,8060.8972500000009,56600.994870000002,152830.19493000003,1.7189894488622945,"East",2.12,71855,4096,5934679.0576499999,1423431.7419,672724.47375,4723652.1328499997,12754487.406149998,1528.8297872340424,87.127659574468083,126269.76718404253,30285.781742553198,14313.286675531912,100503.23686914892,271372.07247127662,7641.5097464999999,15283.019493000029,637724.37030750141,1275448.7406150009,13568.603623563831,27137.207247127662,null,13918.57,187,"Amber",null,"Castle Point",null,null,null,null,"Watford","East",null,null,null,null,null,null,null,null,"Castle Point","Castle Point",null,null,null,null,null,null,"Castle Point",88907]
["Central Bedfordshire UA ",3246,185,268095.02778,64302.545880000012,30389.863500000003,213387.72282000002,576175.15998,2.141310113053561,"East",2.12,71855,4096,5934679.0576499999,1423431.7419,672724.47375,4723652.1328499997,12754487.406149998,1528.8297872340424,87.127659574468083,126269.76718404253,30285.781742553198,14313.286675531912,100503.23686914892,271372.07247127662,28808.757999000023,57617.515998000046,637724.37030750141,1275448.7406150009,13568.603623563831,27137.207247127662,null,9908.76,264,"Green",null,"Central Bedfordshire UA ",null,null,null,null,"Waveney","East",null,null,null,null,null,null,null,null,"Central Bedfordshire UA ","Central Bedfordshire",null,null,null,null,null,null,"Central Bedfordshire UA ",269076]
["Charnwood",1766,101,145858.23138000001,34984.071480000006,16533.733500000002,116094.49122,313470.52757999999,1.8062780695496845,"East Midlands",2.04,53170,3031,4391439.5031000003,1053286.0026,497790.83250000002,3495325.0839,9437841.4221000001,1329.25,75.8,109785.98757750001,26332.150065000002,12444.770812500003,87383.127097500008,235946.03555249999,15673.526378999988,31347.052758000034,471892.07110499963,943784.14221000113,11797.30177762502,23594.603555250011,null,11208.3,237,"Green",null,"Charnwood",null,null,null,null,"Welwyn Hatfield","East",null,null,null,null,null,null,null,null,"Charnwood","Charnwood",null,null,null,null,null,null,"Charnwood",173545]
["Chelmsford",1957,112,161633.38551000002,38767.739460000004,18321.92325,128650.57719,347373.62541000004,2.0239326085892575,"East",2.12,71855,4096,5934679.0576499999,1423431.7419,672724.47375,4723652.1328499997,12754487.406149998,1528.8297872340424,87.127659574468083,126269.76718404253,30285.781742553198,14313.286675531912,100503.23686914892,271372.07247127662,17368.681270500005,34737.36254100001,637724.37030750141,1275448.7406150009,13568.603623563831,27137.207247127662,null,10252.969999999999,261,"Green",null,"Chelmsford",null,null,null,null,"Amber Valley","East Midlands",null,null,null,null,null,null,null,null,"Chelmsford","Chelmsford",null,null,null,null,null,null,"Chelmsford",171633]
["Cheltenham",1435,82,118520.13705,28427.034300000003,13434.828750000001,94334.991450000001,254716.99155000001,2.1865057860852399,"South West",1.91,58403,3329,4823645.6892900001,1156950.58134,546783.48675000004,3839335.5440099998,10366715.30139,1622.3055555555557,92.527777777777771,133990.1580358333,32137.516148333347,15188.430187500002,106648.20955583334,287964.3139275001,12735.84957749999,25471.699155000009,518335.76506949961,1036671.5301390011,14398.215696375002,28796.431392750063,null,11657.23,228,"Green",null,"Cheltenham",null,null,null,null,"Ashfield","East Midlands",null,null,null,null,null,null,null,null,"Cheltenham","Cheltenham",null,null,null,null,null,null,"Cheltenham",116495]
["Cherwell",1817,104,150070.44531000001,35994.370260000003,17011.20825,119447.16339,322523.18721,2.2320870569712237,"South East",2.0499999999999998,102406,5837,8457960.3865799997,2028640.3306800001,958750.57349999994,6732034.2400199994,18177385.530779999,1528.4477611940299,87.104477611940297,126238.21472507462,30278.213890746261,14309.710052238808,100478.12298537313,271304.2616534328,16126.159360499994,32252.318721000047,908869.27653900161,1817738.5530780032,13565.213082671631,27130.42616534332,null,10495.71,256,"Green",null,"Cherwell",null,null,null,null,"Bassetlaw","East Midlands",null,null,null,null,null,null,null,null,"Cherwell","Cherwell",null,null,null,null,null,null,"Cherwell",144494]
["Cheshire East UA",3749,214,309639.02007000003,74266.865220000007,35099.075250000002,246454.27382999999,665459.23436999996,1.7784515816494244,"North West",2.13,85606,4880,7070407.5625800006,1695836.0266800001,801464.77350000001,5627624.58402,15195332.94678,2195.0256410256411,125.15384615384616,181292.50160461539,43482.975043076913,20550.378807692301,144298.06625692308,389623.92171230767,33272.96171850001,66545.923437000019,759766.6473390013,1519533.2946780007,19481.196085615375,38962.392171230807,null,11097.21,241,"Green",null,"Cheshire East UA",null,null,null,null,"Blaby","East Midlands",null,null,null,null,null,null,null,null,"Cheshire East UA","Cheshire East",null,null,null,null,null,null,"Cheshire East UA",374179]
["Cheshire West and Chester UA ",3527,201,291303.50061000005,69869.094060000003,33020.655750000005,231860.28909000001,626053.53951000003,1.884511422022215,"North West",2.13,85606,4880,7070407.5625800006,1695836.0266800001,801464.77350000001,5627624.58402,15195332.94678,2195.0256410256411,125.15384615384616,181292.50160461539,43482.975043076913,20550.378807692301,144298.06625692308,389623.92171230767,31302.676975500071,62605.353951000026,759766.6473390013,1519533.2946780007,19481.196085615375,38962.392171230807,null,13790.42,192,"Amber",null,"Cheshire West and Chester UA ",null,null,null,null,"Bolsover","East Midlands",null,null,null,null,null,null,null,null,"Cheshire West and Chester UA ","Cheshire West and Chester",null,null,null,null,null,null,"Cheshire West and Chester UA ",332210]
["Chesterfield",1144,65,94485.739919999993,22662.388320000002,10710.413999999999,75205.038479999988,203063.58071999997,1.947142343510279,"East Midlands",2.04,53170,3031,4391439.5031000003,1053286.0026,497790.83250000002,3495325.0839,9437841.4221000001,1329.25,75.8,109785.98757750001,26332.150065000002,12444.770812500003,87383.127097500008,235946.03555249999,10153.179036000016,20306.358072000003,471892.07110499963,943784.14221000113,11797.30177762502,23594.603555250011,null,19375.63,85,"Red",null,"Chesterfield",null,null,null,null,"Boston","East Midlands",null,null,null,null,null,null,null,null,"Chesterfield","Chesterfield",null,null,null,null,null,null,"Chesterfield",104288]
["Chichester",1060,60,87547.9758,20998.366800000003,9923.9850000000006,69682.9902,188153.31780000002,1.6286523306240102,"South East",2.0499999999999998,102406,5837,8457960.3865799997,2028640.3306800001,958750.57349999994,6732034.2400199994,18177385.530779999,1528.4477611940299,87.104477611940297,126238.21472507462,30278.213890746261,14309.710052238808,100478.12298537313,271304.2616534328,9407.6658900000039,18815.331780000008,908869.27653900161,1817738.5530780032,13565.213082671631,27130.42616534332,null,11442.03,231,"Green",null,"Chichester",null,null,null,null,"Broxtowe","East Midlands",null,null,null,null,null,null,null,null,"Chichester","Chichester",null,null,null,null,null,null,"Chichester",115527]
["Chiltern",916,52,75654.66588,18145.75848,8575.8209999999999,60216.621720000003,162592.86708,1.7302267386029881,"South East",2.0499999999999998,102406,5837,8457960.3865799997,2028640.3306800001,958750.57349999994,6732034.2400199994,18177385.530779999,1528.4477611940299,87.104477611940297,126238.21472507462,30278.213890746261,14309.710052238808,100478.12298537313,271304.2616534328,8129.6433539999998,16259.286708,908869.27653900161,1817738.5530780032,13565.213082671631,27130.42616534332,null,4904.37,324,"Green",null,"Chiltern",null,null,null,null,"Charnwood","East Midlands",null,null,null,null,null,null,null,null,"Chiltern","Chiltern",null,null,null,null,null,null,"Chiltern",93972]
["Chorley",1231,70,101671.28133,24385.839180000003,11524.929750000001,80924.302769999995,218506.35303,1.9578194291576694,"North West",2.13,85606,4880,7070407.5625800006,1695836.0266800001,801464.77350000001,5627624.58402,15195332.94678,2195.0256410256411,125.15384615384616,181292.50160461539,43482.975043076913,20550.378807692301,144298.06625692308,389623.92171230767,10925.317651500023,21850.635303000017,759766.6473390013,1519533.2946780007,19481.196085615375,38962.392171230807,null,13933.76,186,"Amber",null,"Chorley",null,null,null,null,"Chesterfield","East Midlands",null,null,null,null,null,null,null,null,"Chorley","Chorley",null,null,null,null,null,null,"Chorley",111607]
["Christchurch",378,22,31219.938539999999,7488.0968400000002,3538.9304999999999,24849.217259999998,67096.183140000008,1.372250396564066,"South West",1.91,58403,3329,4823645.6892900001,1156950.58134,546783.48675000004,3839335.5440099998,10366715.30139,1622.3055555555557,92.527777777777771,133990.1580358333,32137.516148333347,15188.430187500002,106648.20955583334,287964.3139275001,3354.8091570000106,6709.6183140000066,518335.76506949961,1036671.5301390011,14398.215696375002,28796.431392750063,null,10427.120000000001,259,"Green",null,"Christchurch",null,null,null,null,"Corby","East Midlands",null,null,null,null,null,null,null,null,"Christchurch","Christchurch",null,null,null,null,null,null,"Christchurch",48895]
["City of London",61,3,5038.1382300000005,1208.3965800000001,571.09725000000003,4010.0588700000003,10827.690930000001,1.3413888664519327,"London",2.65,127399,7262,10522192.989570001,2523746.1622200003,1192741.2877500001,8375040.8193300003,22613721.258870002,3860.5757575757575,220,318854.3330172727,76477.156430909105,36143.675386363633,253789.11573727272,685264.28057181847,541.38454650000131,1082.7690930000008,1130686.0629434995,2261372.1258870028,34263.214028590941,68526.428057181882,null,11769.01,226,"Green",null,"City of London",null,null,null,null,"Daventry","East Midlands",null,null,null,null,null,null,null,null,"City of London","City of London",null,null,null,null,null,null,"City of London",8072]
["Colchester",2229,127,184098.52647000001,44155.99962000001,20868.455250000003,146531.49543000001,395654.47677000007,2.1929635116395083,"East",2.12,71855,4096,5934679.0576499999,1423431.7419,672724.47375,4723652.1328499997,12754487.406149998,1528.8297872340424,87.127659574468083,126269.76718404253,30285.781742553198,14313.286675531912,100503.23686914892,271372.07247127662,19782.723838500038,39565.447677000018,637724.37030750141,1275448.7406150009,13568.603623563831,27137.207247127662,null,14032.56,185,"Amber",null,"Colchester",null,null,null,null,"Derby UA","East Midlands",null,null,null,null,null,null,null,null,"Colchester","Colchester",null,null,null,null,null,null,"Colchester",180420]
["Copeland",677,39,55915.075109999998,13411.22106,6338.2432499999995,44505.079589999994,120169.61900999999,1.7208388562550119,"North West",2.13,85606,4880,7070407.5625800006,1695836.0266800001,801464.77350000001,5627624.58402,15195332.94678,2195.0256410256411,125.15384615384616,181292.50160461539,43482.975043076913,20550.378807692301,144298.06625692308,389623.92171230767,6008.4809505000012,12016.961901000002,759766.6473390013,1519533.2946780007,19481.196085615375,38962.392171230807,null,20033.16,63,"Red",null,"Copeland",null,null,null,null,"Derbyshire ","East Midlands",null,null,null,null,null,null,null,null,"Copeland","Copeland",null,null,null,null,null,null,"Copeland",69832]
["Corby",913,52,75406.888590000002,18086.329140000002,8547.7342500000013,60019.405709999999,{"$f":"SUM(D67:G67)","v":162060.35769},2.4766995398416727,"East Midlands",2.04,53170,3031,4391439.5031000003,1053286.0026,497790.83250000002,3495325.0839,9437841.4221000001,1329.25,75.8,109785.98757750001,26332.150065000002,12444.770812500003,87383.127097500008,235946.03555249999,8103.0178845000046,16206.035769000009,471892.07110499963,943784.14221000113,11797.30177762502,23594.603555250011,null,19863.39,75,"Red",null,"Corby",null,null,null,null,"Derbyshire Dales","East Midlands",null,null,null,null,null,null,null,null,"Corby","Corby",null,null,null,null,null,null,"Corby",65434]
["Cornwall UA  and Isles of Scilly UA",5447,310,449880.96620999998,107903.87166,50996.175749999995,358078.53548999998,966859.54910999979,1.7729644147358958,"South West",1.91,58403,3329,4823645.6892900001,1156950.58134,546783.48675000004,3839335.5440099998,10366715.30139,1622.3055555555557,92.527777777777771,133990.1580358333,32137.516148333347,15188.430187500002,106648.20955583334,287964.3139275001,48342.977455500048,96685.954911000095,518335.76506949961,1036671.5301390011,14398.215696375002,28796.431392750063,null,19922.89,68,"Red",null,"Cornwall UA  and Isles of Scilly UA",null,null,null,null,"East Lindsey","East Midlands",null,null,null,null,null,null,null,null,"Cornwall UA  and Isles of Scilly UA","Cornwall",null,null,null,null,null,null,"Cornwall UA  and Isles of Scilly UA",545335]
["Cotswold",681,39,56245.44483,13490.46018,6375.6922500000001,44768.034269999996,120879.63153000001,1.428212620130676,"South West",1.91,58403,3329,4823645.6892900001,1156950.58134,546783.48675000004,3839335.5440099998,10366715.30139,1622.3055555555557,92.527777777777771,133990.1580358333,32137.516148333347,15188.430187500002,106648.20955583334,287964.3139275001,6043.9815765000094,12087.963153000019,518335.76506949961,1036671.5301390011,14398.215696375002,28796.431392750063,null,9743.66,267,"Green",null,"Cotswold",null,null,null,null,"East Northamptonshire","East Midlands",null,null,null,null,null,null,null,null,"Cotswold","Cotswold",null,null,null,null,null,null,"Cotswold",84637]
["County Durham UA ",5361,306,442778.01723,106200.23058,50191.022250000002,352425.00987000001,951594.27992999996,1.8378599887016125,"North East",1.93,28456,1622,2350250.1880799998,563707.09967999998,266412.18599999999,1870659.5935199999,5051029.0672799991,2371.3333333333335,135.25,195854.18234000003,46975.591640000006,22201.015500000005,155888.29946000001,420919.08893999993,47579.71399650001,95159.427993000136,252551.45336399972,505102.90672800038,21045.954446999996,42091.908894000051,null,19605.689999999999,81,"Red",null,"County Durham UA ",null,null,null,null,"Erewash","East Midlands",null,null,null,null,null,null,null,null,"County Durham UA ","County Durham",null,null,null,null,null,null,"County Durham UA ",517773]
["Coventry",4572,261,377612.58995999995,90570.314159999994,42804.206999999995,300557.19923999999,811544.31036,2.4050888200149365,"West Midlands",2.1800000000000002,70123,3997,5791628.9688900001,1389121.20294,656509.05674999999,4609792.7564099999,12447051.984990001,2337.4333333333334,133.23333333333332,193054.29896300001,46304.040098000005,21883.635224999998,153659.75854700003,414901.73283300002,40577.21551800007,81154.431036000024,622352.59924950078,1244705.1984990016,20745.086641650007,41490.173283300013,null,20298.45,60,"Red",null,"Coventry",null,null,null,null,"Gedling","East Midlands",null,null,null,null,null,null,null,null,"Coventry","Coventry",null,null,null,null,null,null,"Coventry",337428]
["Craven",441,25,36423.261630000001,8736.1129799999999,4128.7522500000005,28990.75347,78278.88033,1.4054668258043665,"Yorkshire and the Humber",2.12,64078,3652,5292357.7295399997,1269371.08284,599914.25549999997,4212402.4962599995,11374045.564139999,3051.3333333333335,174,252017.03474000003,60446.242040000005,28567.345499999999,200590.59505999996,541621.21734000009,3913.9440164999978,7827.8880330000102,568702.27820700034,1137404.5564140007,27081.060867000022,54162.121734000044,null,10727.3,250,"Green",null,"Craven",null,null,null,null,"Harborough","East Midlands",null,null,null,null,null,null,null,null,"Craven","Craven",null,null,null,null,null,null,"Craven",55696]
["Crawley",1618,92,133634.55174,32052.224040000001,15148.120499999999,106365.16806,287200.06433999998,2.6136896912170218,"South East",2.0499999999999998,102406,5837,8457960.3865799997,2028640.3306800001,958750.57349999994,6732034.2400199994,18177385.530779999,1528.4477611940299,87.104477611940297,126238.21472507462,30278.213890746261,14309.710052238808,100478.12298537313,271304.2616534328,14360.00321699999,28720.006434000039,908869.27653900161,1817738.5530780032,13565.213082671631,27130.42616534332,null,15613.8,151,"Amber",null,"Crawley",null,null,null,null,"High Peak","East Midlands",null,null,null,null,null,null,null,null,"Crawley","Crawley",null,null,null,null,null,null,"Crawley",109883]
["Croydon",5645,322,466234.26734999998,111826.2081,52849.901249999995,371094.79214999999,1002005.16885,2.6646238933358153,"London",2.65,127399,7262,10522192.989570001,2523746.1622200003,1192741.2877500001,8375040.8193300003,22613721.258870002,3860.5757575757575,220,318854.3330172727,76477.156430909105,36143.675386363633,253789.11573727272,685264.28057181847,50100.258442500141,100200.51688500005,1130686.0629434995,2261372.1258870028,34263.214028590941,68526.428057181882,null,19008.439999999999,91,"Red",null,"Croydon",null,null,null,null,"Hinckley and Bosworth","East Midlands",null,null,null,null,null,null,null,null,"Croydon","Croydon",null,null,null,null,null,null,"Croydon",376040]
["Cumbria ",4760,271,393139.96679999999,94294.552800000005,44564.31,312916.06919999997,844914.89880000008,1.6970456356427532,"North West",2.13,85606,4880,7070407.5625800006,1695836.0266800001,801464.77350000001,5627624.58402,15195332.94678,2195.0256410256411,125.15384615384616,181292.50160461539,43482.975043076913,20550.378807692301,144298.06625692308,389623.92171230767,42245.744940000004,84491.489880000125,759766.6473390013,1519533.2946780007,19481.196085615375,38962.392171230807,null,null,null,null,null,"Cumbria ",null,null,null,null,"Kettering","East Midlands",null,null,null,null,null,null,null,null,"Cumbria ",null,null,null,null,null,null,null,"Cumbria ",497874]
["Dacorum",1901,108,157008.20942999999,37658.391780000005,17797.63725,124969.21166999999,337433.45013000001,2.2534472865147155,"East",2.12,71855,4096,5934679.0576499999,1423431.7419,672724.47375,4723652.1328499997,12754487.406149998,1528.8297872340424,87.127659574468083,126269.76718404253,30285.781742553198,14313.286675531912,100503.23686914892,271372.07247127662,16871.672506500036,33743.345013000013,637724.37030750141,1275448.7406150009,13568.603623563831,27137.207247127662,null,10266.719999999999,260,"Green",null,"Dacorum",null,null,null,null,"Leicester UA","East Midlands",null,null,null,null,null,null,null,null,"Dacorum","Dacorum",null,null,null,null,null,null,"Dacorum",149741]
["Darlington UA",1226,70,101258.31918000001,24286.790280000005,11478.1185,80595.609420000008,217618.83738000004,2.0653414957244682,"North East",1.93,28456,1622,2350250.1880799998,563707.09967999998,266412.18599999999,1870659.5935199999,5051029.0672799991,2371.3333333333335,135.25,195854.18234000003,46975.591640000006,22201.015500000005,155888.29946000001,420919.08893999993,10880.941869000002,21761.883738000033,252551.45336399972,505102.90672800038,21045.954446999996,42091.908894000051,null,17423.32,122,"Amber",null,"Darlington UA",null,null,null,null,"Leicestershire ","East Midlands",null,null,null,null,null,null,null,null,"Darlington UA","Darlington",null,null,null,null,null,null,"Darlington UA",105367]
["Dartford",1494,85,123393.09042000001,29595.811320000001,13987.201500000001,98213.572979999997,265189.67622000002,2.5939479646692885,"South East",2.0499999999999998,102406,5837,8457960.3865799997,2028640.3306800001,958750.57349999994,6732034.2400199994,18177385.530779999,1528.4477611940299,87.104477611940297,126238.21472507462,30278.213890746261,14309.710052238808,100478.12298537313,271304.2616534328,13259.483811000013,26518.967622000026,908869.27653900161,1817738.5530780032,13565.213082671631,27130.42616534332,null,14833.84,170,"Amber",null,"Dartford",null,null,null,null,"Lincoln","East Midlands",null,null,null,null,null,null,null,null,"Dartford","Dartford",null,null,null,null,null,null,"Dartford",102234]
["Daventry",706,40,58310.255580000005,13985.704680000003,6609.7485000000006,46411.501020000003,125317.20978,1.585571255883395,"East Midlands",2.04,53170,3031,4391439.5031000003,1053286.0026,497790.83250000002,3495325.0839,9437841.4221000001,1329.25,75.8,109785.98757750001,26332.150065000002,12444.770812500003,87383.127097500008,235946.03555249999,6265.8604890000133,12531.720977999998,471892.07110499963,943784.14221000113,11797.30177762502,23594.603555250011,null,11204.34,238,"Green",null,"Daventry",null,null,null,null,"Lincolnshire","East Midlands",null,null,null,null,null,null,null,null,"Daventry","Daventry",null,null,null,null,null,null,"Daventry",79036]
["Derby UA",3512,200,290064.61416,69571.947360000006,32880.222000000002,230874.20903999999,623390.99255999993,2.4692370468543903,"East Midlands",2.04,53170,3031,4391439.5031000003,1053286.0026,497790.83250000002,3495325.0839,9437841.4221000001,1329.25,75.8,109785.98757750001,26332.150065000002,12444.770812500003,87383.127097500008,235946.03555249999,31169.549628000008,62339.099256000016,471892.07110499963,943784.14221000113,11797.30177762502,23594.603555250011,null,19381.47,84,"Red",null,"Derby UA",null,null,null,null,"Mansfield","East Midlands",null,null,null,null,null,null,null,null,"Derby UA","Derby",null,null,null,null,null,null,"Derby UA",252463]
["Derbyshire ",7866,448,649672.05437999999,155823.72948000001,73643.458500000008,517100.37822000001,1396239.6205800001,1.7905007163082007,"East Midlands",2.04,53170,3031,4391439.5031000003,1053286.0026,497790.83250000002,3495325.0839,9437841.4221000001,1329.25,75.8,109785.98757750001,26332.150065000002,12444.770812500003,87383.127097500008,235946.03555249999,69811.981029000133,139623.96205800003,471892.07110499963,943784.14221000113,11797.30177762502,23594.603555250011,null,null,null,null,null,"Derbyshire ",null,null,null,null,"Melton","East Midlands",null,null,null,null,null,null,null,null,"Derbyshire ",null,null,null,null,null,null,null,"Derbyshire ",779804]
["Derbyshire Dales",525,30,43361.025750000001,10400.1345,4915.1812500000005,34512.801749999999,93189.143249999994,1.307348988510262,"East Midlands",2.04,53170,3031,4391439.5031000003,1053286.0026,497790.83250000002,3495325.0839,9437841.4221000001,1329.25,75.8,109785.98757750001,26332.150065000002,12444.770812500003,87383.127097500008,235946.03555249999,4659.4571625000099,9318.9143250000052,471892.07110499963,943784.14221000113,11797.30177762502,23594.603555250011,null,10467.66,258,"Green",null,"Derbyshire Dales",null,null,null,null,"Newark and Sherwood","East Midlands",null,null,null,null,null,null,null,null,"Derbyshire Dales","Derbyshire Dales",null,null,null,null,null,null,"Derbyshire Dales",71281]
["Devon ",7153,408,590783.65179000003,141699.35634,66968.174249999996,470228.70650999999,1269679.8888900001,1.6590573249383904,"South West",1.91,58403,3329,4823645.6892900001,1156950.58134,546783.48675000004,3839335.5440099998,10366715.30139,1622.3055555555557,92.527777777777771,133990.1580358333,32137.516148333347,15188.430187500002,106648.20955583334,287964.3139275001,63483.994444499956,126967.98888900015,518335.76506949961,1036671.5301390011,14398.215696375002,28796.431392750063,null,null,null,null,null,"Devon ",null,null,null,null,"North East Derbyshire","East Midlands",null,null,null,null,null,null,null,null,"Devon ",null,null,null,null,null,null,null,"Devon ",765302]
["Doncaster",3561,203,294111.64322999999,70542.626580000011,33338.972249999999,234095.40386999998,632088.64592999988,2.077974410079392,"Yorkshire and the Humber",2.12,64078,3652,5292357.7295399997,1269371.08284,599914.25549999997,4212402.4962599995,11374045.564139999,3051.3333333333335,174,252017.03474000003,60446.242040000005,28567.345499999999,200590.59505999996,541621.21734000009,31604.432296500076,63208.864593000035,568702.27820700034,1137404.5564140007,27081.060867000022,54162.121734000044,null,21067.75,48,"Red",null,"Doncaster",null,null,null,null,"North Kesteven","East Midlands",null,null,null,null,null,null,null,null,"Doncaster","Doncaster",null,null,null,null,null,null,"Doncaster",304185]
["Dorset ",3482,198,287586.84126000002,68977.653960000011,32599.354500000001,228902.04894000001,618065.89866000006,1.4776756074679216,"South West",1.91,58403,3329,4823645.6892900001,1156950.58134,546783.48675000004,3839335.5440099998,10366715.30139,1622.3055555555557,92.527777777777771,133990.1580358333,32137.516148333347,15188.430187500002,106648.20955583334,287964.3139275001,30903.294932999997,61806.589866000111,518335.76506949961,1036671.5301390011,14398.215696375002,28796.431392750063,null,null,null,null,null,"Dorset ",null,null,null,null,"North West Leicestershire","East Midlands",null,null,null,null,null,null,null,null,"Dorset ",null,null,null,null,null,null,null,"Dorset ",418269]
["Dover",1170,67,96633.143100000001,23177.442600000002,10953.8325,76914.243899999987,207678.66209999999,1.8367914501264746,"South East",2.0499999999999998,102406,5837,8457960.3865799997,2028640.3306800001,958750.57349999994,6732034.2400199994,18177385.530779999,1528.4477611940299,87.104477611940297,126238.21472507462,30278.213890746261,14309.710052238808,100478.12298537313,271304.2616534328,10383.933105000004,20767.866210000007,908869.27653900161,1817738.5530780032,13565.213082671631,27130.42616534332,null,17621.37,116,"Amber",null,"Dover",null,null,null,null,"Northampton","East Midlands",null,null,null,null,null,null,null,null,"Dover","Dover",null,null,null,null,null,null,"Dover",113066]
["Dudley ",3758,214,310382.35194000002,74445.153240000014,35183.335500000001,247045.92186,667056.76254000003,2.1122826941820589,"West Midlands",2.1800000000000002,70123,3997,5791628.9688900001,1389121.20294,656509.05674999999,4609792.7564099999,12447051.984990001,2337.4333333333334,133.23333333333332,193054.29896300001,46304.040098000005,21883.635224999998,153659.75854700003,414901.73283300002,33352.838127000025,66705.676254000049,622352.59924950078,1244705.1984990016,20745.086641650007,41490.173283300013,null,17514.88,118,"Amber",null,"Dudley ",null,null,null,null,"Northamptonshire","East Midlands",null,null,null,null,null,null,null,null,"Dudley ","Dudley",null,null,null,null,null,null,"Dudley ",315799]
["Ealing",5474,312,452110.96182000003,108438.73572000001,51248.956500000008,359853.47958000004,971652.1336200001,2.8401081896304787,"London",2.65,127399,7262,10522192.989570001,2523746.1622200003,1192741.2877500001,8375040.8193300003,22613721.258870002,3860.5757575757575,220,318854.3330172727,76477.156430909105,36143.675386363633,253789.11573727272,685264.28057181847,48582.606681000092,97165.213362000068,1130686.0629434995,2261372.1258870028,34263.214028590941,68526.428057181882,null,19304.05,87,"Red",null,"Ealing",null,null,null,null,"Nottingham UA","East Midlands",null,null,null,null,null,null,null,null,"Ealing","Ealing",null,null,null,null,null,null,"Ealing",342118]
["EAST",71855,4096,5934679.0576499999,1423431.7419,672724.47375,4723652.1328499997,12754487.406149998,2.1192548573512187,"East",2.12,71855,4096,5934679.0576499999,1423431.7419,672724.47375,4723652.1328499997,12754487.406149998,1528.8297872340424,87.127659574468083,126269.76718404253,30285.781742553198,14313.286675531912,100503.23686914892,271372.07247127662,637724.37030750141,1275448.7406150009,637724.37030750141,1275448.7406150009,13568.603623563831,27137.207247127662,{"$f":"K89","v":2.12},null,null,null,null,"East Cambridgeshire",null,null,null,null,"Nottinghamshire ","East Midlands",null,null,null,null,null,null,null,null,"East Cambridgeshire","East Cambridgeshire",null,null,null,null,null,null,"EAST",6018383]
["East Cambridgeshire",1035,59,85483.165050000011,20503.122300000003,9689.9287500000009,68039.523450000008,183715.73955000003,2.1193486710503548,"East",2.12,71855,4096,5934679.0576499999,1423431.7419,672724.47375,4723652.1328499997,12754487.406149998,1528.8297872340424,87.127659574468083,126269.76718404253,30285.781742553198,14313.286675531912,100503.23686914892,271372.07247127662,9185.7869775000145,18371.573955000029,637724.37030750141,1275448.7406150009,13568.603623563831,27137.207247127662,null,10522.67,255,"Green",null,"East Devon",null,null,null,null,"Oadby and Wigston","East Midlands",null,null,null,null,null,null,null,null,"East Devon","East Devon",null,null,null,null,null,null,"East Cambridgeshire",86685]
["East Devon",1166,66,96302.773379999999,23098.203480000004,10916.3835,76651.289220000006,206968.64958,1.5176547551586079,"South West",1.91,58403,3329,4823645.6892900001,1156950.58134,546783.48675000004,3839335.5440099998,10366715.30139,1622.3055555555557,92.527777777777771,133990.1580358333,32137.516148333347,15188.430187500002,106648.20955583334,287964.3139275001,10348.43247900001,20696.86495800002,518335.76506949961,1036671.5301390011,14398.215696375002,28796.431392750063,null,11004.67,246,"Green",null,"East Dorset",null,null,null,null,"Rushcliffe","East Midlands",null,null,null,null,null,null,null,null,"East Dorset","East Dorset",null,null,null,null,null,null,"East Devon",136374]
["East Dorset",662,38,54676.18866,13114.074360000001,6197.8095000000003,43518.999539999997,117507.07206000001,1.3324912351166853,"South West",1.91,58403,3329,4823645.6892900001,1156950.58134,546783.48675000004,3839335.5440099998,10366715.30139,1622.3055555555557,92.527777777777771,133990.1580358333,32137.516148333347,15188.430187500002,106648.20955583334,287964.3139275001,5875.3536030000105,11750.707206000006,518335.76506949961,1036671.5301390011,14398.215696375002,28796.431392750063,null,7402.8,303,"Green",null,"East Hampshire",null,null,null,null,"Rutland UA","East Midlands",null,null,null,null,null,null,null,null,"East Hampshire","East Hampshire",null,null,null,null,null,null,"East Dorset",88186]
["East Hampshire",1117,64,92255.744310000009,22127.524260000002,10457.633250000001,73430.094389999998,198270.99621000001,1.6876569053394961,"South East",2.0499999999999998,102406,5837,8457960.3865799997,2028640.3306800001,958750.57349999994,6732034.2400199994,18177385.530779999,1528.4477611940299,87.104477611940297,126238.21472507462,30278.213890746261,14309.710052238808,100478.12298537313,271304.2616534328,9913.5498105000006,19827.09962100003,908869.27653900161,1817738.5530780032,13565.213082671631,27130.42616534332,null,6719.2,308,"Green",null,"East Hertfordshire",null,null,null,null,"South Derbyshire","East Midlands",null,null,null,null,null,null,null,null,"East Hertfordshire","East Hertfordshire",null,null,null,null,null,null,"East Hampshire",117483]
["East Hertfordshire",1625,93,134212.69875000001,32190.892500000002,15213.65625,106825.33875,288442.58624999999,2.0167848515253004,"East",2.12,71855,4096,5934679.0576499999,1423431.7419,672724.47375,4723652.1328499997,12754487.406149998,1528.8297872340424,87.127659574468083,126269.76718404253,30285.781742553198,14313.286675531912,100503.23686914892,271372.07247127662,14422.129312500008,28844.258625000017,637724.37030750141,1275448.7406150009,13568.603623563831,27137.207247127662,null,6247.35,315,"Green",null,"East Lindsey",null,null,null,null,"South Holland","East Midlands",null,null,null,null,null,null,null,null,"East Lindsey","East Lindsey",null,null,null,null,null,null,"East Hertfordshire",143021]
["East Lindsey",1202,69,99276.100859999991,23811.35556,11253.424499999999,79017.881339999993,213358.76225999999,1.5503132634806682,"East Midlands",2.04,53170,3031,4391439.5031000003,1053286.0026,497790.83250000002,3495325.0839,9437841.4221000001,1329.25,75.8,109785.98757750001,26332.150065000002,12444.770812500003,87383.127097500008,235946.03555249999,10667.938113000011,21335.876226000022,471892.07110499963,943784.14221000113,11797.30177762502,23594.603555250011,null,21873.87,33,"Red",null,"East Northamptonshire",null,null,null,null,"South Kesteven","East Midlands",null,null,null,null,null,null,null,null,"East Northamptonshire","East Northamptonshire",null,null,null,null,null,null,"East Lindsey",137623]
["EAST MIDLANDS",53170,3031,4391439.5031000003,1053286.0026,497790.83250000002,3495325.0839,9437841.4221000001,2.0351522329583327,"East Midlands",2.04,53170,3031,4391439.5031000003,1053286.0026,497790.83250000002,3495325.0839,9437841.4221000001,1329.25,75.8,109785.98757750001,26332.150065000002,12444.770812500003,87383.127097500008,235946.03555249999,471892.07110499963,943784.14221000113,471892.07110499963,943784.14221000113,11797.30177762502,23594.603555250011,{"$f":"K96","v":2.04},null,null,null,null,"East Riding of Yorkshire UA",null,null,null,null,"South Northamptonshire","East Midlands",null,null,null,null,null,null,null,null,"East Riding of Yorkshire UA","East Riding of Yorkshire",null,null,null,null,null,null,"EAST MIDLANDS",4637413]
["East Northamptonshire",858,49,70864.304940000002,16996.791240000002,8032.8104999999996,56403.778859999999,152297.68554000001,1.7136745604914934,"East Midlands",2.04,53170,3031,4391439.5031000003,1053286.0026,497790.83250000002,3495325.0839,9437841.4221000001,1329.25,75.8,109785.98757750001,26332.150065000002,12444.770812500003,87383.127097500008,235946.03555249999,7614.8842770000047,15229.768554000009,471892.07110499963,943784.14221000113,11797.30177762502,23594.603555250011,null,11998.69,221,"Green",null,"East Staffordshire",null,null,null,null,"Wellingborough","East Midlands",null,null,null,null,null,null,null,null,"East Staffordshire","East Staffordshire",null,null,null,null,null,null,"East Northamptonshire",88872]
["East Riding of Yorkshire UA",3009,172,248520.62187,59607.628020000004,28171.010249999999,197807.65802999999,534106.91816999996,1.5843463452234399,"Yorkshire and the Humber",2.12,64078,3652,5292357.7295399997,1269371.08284,599914.25549999997,4212402.4962599995,11374045.564139999,3051.3333333333335,174,252017.03474000003,60446.242040000005,28567.345499999999,200590.59505999996,541621.21734000009,26705.345908500021,53410.691817000043,568702.27820700034,1137404.5564140007,27081.060867000022,54162.121734000044,null,12369.24,215,"Amber",null,"East Sussex ",null,null,null,null,"West Lindsey","East Midlands",null,null,null,null,null,null,null,null,"East Sussex ",null,null,null,null,null,null,null,"East Riding of Yorkshire UA",337115]
["East Staffordshire",1438,82,118767.91434000002,28486.463640000005,13462.915500000001,94532.207460000005,255249.50094000003,2.2068379770540281,"West Midlands",2.1800000000000002,70123,3997,5791628.9688900001,1389121.20294,656509.05674999999,4609792.7564099999,12447051.984990001,2337.4333333333334,133.23333333333332,193054.29896300001,46304.040098000005,21883.635224999998,153659.75854700003,414901.73283300002,12762.475047000014,25524.950094,622352.59924950078,1244705.1984990016,20745.086641650007,41490.173283300013,null,15066.3,163,"Amber",null,"Eastbourne",null,null,null,null,"Barking and Dagenham","London",null,null,null,null,null,null,null,null,"Eastbourne","Eastbourne",null,null,null,null,null,null,"East Staffordshire",115663]
["East Sussex ",5152,294,425516.19935999997,102059.98656,48234.311999999998,338685.62783999997,914496.12575999997,1.6942455170573916,"South East",2.0499999999999998,102406,5837,8457960.3865799997,2028640.3306800001,958750.57349999994,6732034.2400199994,18177385.530779999,1528.4477611940299,87.104477611940297,126238.21472507462,30278.213890746261,14309.710052238808,100478.12298537313,271304.2616534328,45724.80628800008,91449.612576000043,908869.27653900161,1817738.5530780032,13565.213082671631,27130.42616534332,null,null,null,null,null,"Eastleigh",null,null,null,null,"Barnet","London",null,null,null,null,null,null,null,null,"Eastleigh","Eastleigh",null,null,null,null,null,null,"East Sussex ",539766]
["Eastbourne",1110,63,91677.597300000009,21988.855800000001,10392.0975,72969.923699999999,197028.4743,1.9402687848976337,"South East",2.0499999999999998,102406,5837,8457960.3865799997,2028640.3306800001,958750.57349999994,6732034.2400199994,18177385.530779999,1528.4477611940299,87.104477611940297,126238.21472507462,30278.213890746261,14309.710052238808,100478.12298537313,271304.2616534328,9851.4237150000117,19702.847430000023,908869.27653900161,1817738.5530780032,13565.213082671631,27130.42616534332,null,17469.8,120,"Amber",null,"Eden",null,null,null,null,"Bexley","London",null,null,null,null,null,null,null,null,"Eden","Eden",null,null,null,null,null,null,"Eastbourne",101547]
["Eastleigh",1548,88,127853.08164,30665.539440000004,14492.763000000001,101763.46116000001,274774.84524000005,2.1320704643962851,"South East",2.0499999999999998,102406,5837,8457960.3865799997,2028640.3306800001,958750.57349999994,6732034.2400199994,18177385.530779999,1528.4477611940299,87.104477611940297,126238.21472507462,30278.213890746261,14309.710052238808,100478.12298537313,271304.2616534328,13738.742262000043,27477.484524000029,908869.27653900161,1817738.5530780032,13565.213082671631,27130.42616534332,null,8049.6,298,"Green",null,"Elmbridge",null,null,null,null,"Brent","London",null,null,null,null,null,null,null,null,"Elmbridge","Elmbridge",null,null,null,null,null,null,"Eastleigh",128877]
["Eden",399,23,32954.379570000005,7904.1022200000016,3735.5377500000004,26229.729330000002,70823.74887000001,1.3456915992779785,"North West",2.13,85606,4880,7070407.5625800006,1695836.0266800001,801464.77350000001,5627624.58402,15195332.94678,2195.0256410256411,125.15384615384616,181292.50160461539,43482.975043076913,20550.378807692301,144298.06625692308,389623.92171230767,3541.1874435000063,7082.3748870000127,759766.6473390013,1519533.2946780007,19481.196085615375,38962.392171230807,null,14172.84,182,"Amber",null,"Enfield",null,null,null,null,"Bromley","London",null,null,null,null,null,null,null,null,"Enfield","Enfield",null,null,null,null,null,null,"Eden",52630]
["Elmbridge",1785,102,147427.48755000002,35360.457300000002,16711.616249999999,117343.52595,316843.08705000003,2.3864236911477832,"South East",2.0499999999999998,102406,5837,8457960.3865799997,2028640.3306800001,958750.57349999994,6732034.2400199994,18177385.530779999,1528.4477611940299,87.104477611940297,126238.21472507462,30278.213890746261,14309.710052238808,100478.12298537313,271304.2616534328,15842.154352499987,31684.308705000032,908869.27653900161,1817738.5530780032,13565.213082671631,27130.42616534332,null,5434.98,322,"Green",null,"Epping Forest",null,null,null,null,"Camden","London",null,null,null,null,null,null,null,null,"Epping Forest","Epping Forest",null,null,null,null,null,null,"Elmbridge",132769]
["Enfield",4824,275,398425.88232000003,95562.378720000008,45163.494000000006,317123.34408000001,856275.09911999991,2.6381506193348816,"London",2.65,127399,7262,10522192.989570001,2523746.1622200003,1192741.2877500001,8375040.8193300003,22613721.258870002,3860.5757575757575,220,318854.3330172727,76477.156430909105,36143.675386363633,253789.11573727272,685264.28057181847,42813.754956000019,85627.509912000038,1130686.0629434995,2261372.1258870028,34263.214028590941,68526.428057181882,null,20771.39,53,"Red",null,"Epsom and Ewell",null,null,null,null,"City of London","London",null,null,null,null,null,null,null,null,"Epsom and Ewell","Epsom and Ewell",null,null,null,null,null,null,"Enfield",324574]
["ENGLAND",661496,37705,54634562.075280003,13104090.230880002,6193090.9260000009,43485867.250320002,117417610.48248,2.1617253578357918,null,null,null,null,null,null,null,null,null,null,null,null,null,null,null,null,5870880.5241240114,11741761.048248008,null,null,null,null,null,null,null,null,null,"Erewash",null,null,null,null,"Croydon","London",null,null,null,null,null,null,null,null,"Erewash","Erewash",null,null,null,null,null,null,"ENGLAND",54316618]
["Epping Forest",1478,84,122071.61154000001,29278.854840000004,13837.405500000001,97161.754260000002,262349.62614000001,2.0372397721642841,"East",2.12,71855,4096,5934679.0576499999,1423431.7419,672724.47375,4723652.1328499997,12754487.406149998,1528.8297872340424,87.127659574468083,126269.76718404253,30285.781742553198,14313.286675531912,100503.23686914892,271372.07247127662,13117.481307000038,26234.962614000018,637724.37030750141,1275448.7406150009,13568.603623563831,27137.207247127662,null,13195.47,199,"Amber",null,"Essex ",null,null,null,null,"Ealing","London",null,null,null,null,null,null,null,null,"Essex ",null,null,null,null,null,null,null,"Epping Forest",128777]
["Epsom and Ewell",920,52,75985.035600000003,18224.997600000002,8613.27,60479.576400000005,163302.87960000001,2.0851257641921399,"South East",2.0499999999999998,102406,5837,8457960.3865799997,2028640.3306800001,958750.57349999994,6732034.2400199994,18177385.530779999,1528.4477611940299,87.104477611940297,126238.21472507462,30278.213890746261,14309.710052238808,100478.12298537313,271304.2616534328,8165.1439799999935,16330.287960000016,908869.27653900161,1817738.5530780032,13565.213082671631,27130.42616534332,null,6385.35,313,"Green",null,"Exeter",null,null,null,null,"Enfield","London",null,null,null,null,null,null,null,null,"Exeter","Exeter",null,null,null,null,null,null,"Epsom and Ewell",78318]
["Erewash",1296,74,107039.78928,25673.474880000002,12133.476000000001,85197.316319999998,230044.05647999997,2.0170810227272726,"East Midlands",2.04,53170,3031,4391439.5031000003,1053286.0026,497790.83250000002,3495325.0839,9437841.4221000001,1329.25,75.8,109785.98757750001,26332.150065000002,12444.770812500003,87383.127097500008,235946.03555249999,11502.202824000007,23004.405648000014,471892.07110499963,943784.14221000113,11797.30177762502,23594.603555250011,null,15691.4,149,"Amber",null,"Fareham",null,null,null,null,"Greenwich","London",null,null,null,null,null,null,null,null,"Fareham","Fareham",null,null,null,null,null,null,"Erewash",114048]
["Essex ",16449,938,1358562.8810700001,325851.07122000004,153999.65025000001,1081335.38283,2919748.9853699999,2.0389977781184156,"East",2.12,71855,4096,5934679.0576499999,1423431.7419,672724.47375,4723652.1328499997,12754487.406149998,1528.8297872340424,87.127659574468083,126269.76718404253,30285.781742553198,14313.286675531912,100503.23686914892,271372.07247127662,145987.44926850032,291974.89853700018,637724.37030750141,1275448.7406150009,13568.603623563831,27137.207247127662,null,null,null,null,null,"Fenland",null,null,null,null,"Hackney","London",null,null,null,null,null,null,null,null,"Fenland","Fenland",null,null,null,null,null,null,"Essex ",1431953]
["Exeter",1346,77,111169.41078000001,26663.963880000003,12601.588500000002,88484.249820000012,238919.21298000001,1.9216846806833539,"South West",1.91,58403,3329,4823645.6892900001,1156950.58134,546783.48675000004,3839335.5440099998,10366715.30139,1622.3055555555557,92.527777777777771,133990.1580358333,32137.516148333347,15188.430187500002,106648.20955583334,287964.3139275001,11945.960649000015,23891.92129800003,518335.76506949961,1036671.5301390011,14398.215696375002,28796.431392750063,null,15019.75,165,"Amber",null,"Forest Heath",null,null,null,null,"Hammersmith and Fulham","London",null,null,null,null,null,null,null,null,"Forest Heath","Forest Heath",null,null,null,null,null,null,"Exeter",124328]
["Fareham",1030,59,85070.202900000004,20404.073400000001,9643.1175000000003,67710.830099999992,182828.22389999998,1.5991133104757238,"South East",2.0499999999999998,102406,5837,8457960.3865799997,2028640.3306800001,958750.57349999994,6732034.2400199994,18177385.530779999,1528.4477611940299,87.104477611940297,126238.21472507462,30278.213890746261,14309.710052238808,100478.12298537313,271304.2616534328,9141.4111949999933,18282.822390000016,908869.27653900161,1817738.5530780032,13565.213082671631,27130.42616534332,null,6409.13,312,"Green",null,"Forest of Dean",null,null,null,null,"Haringey","London",null,null,null,null,null,null,null,null,"Forest of Dean","Forest of Dean",null,null,null,null,null,null,"Fareham",114331]
["Fenland",1118,64,92338.336739999999,22147.334040000002,10466.995499999999,73495.83305999999,198448.49933999998,2.0305375858470098,"East",2.12,71855,4096,5934679.0576499999,1423431.7419,672724.47375,4723652.1328499997,12754487.406149998,1528.8297872340424,87.127659574468083,126269.76718404253,30285.781742553198,14313.286675531912,100503.23686914892,271372.07247127662,9922.424966999999,19844.849934000027,637724.37030750141,1275448.7406150009,13568.603623563831,27137.207247127662,null,20715.72,55,"Red",null,"Fylde",null,null,null,null,"Harrow","London",null,null,null,null,null,null,null,null,"Fylde","Fylde",null,null,null,null,null,null,"Fenland",97732]
["Forest Heath",1015,58,83831.316450000013,20106.926700000004,9502.6837500000001,66724.750050000002,180165.67695000002,2.8683321172705858,"East",2.12,71855,4096,5934679.0576499999,1423431.7419,672724.47375,4723652.1328499997,12754487.406149998,1528.8297872340424,87.127659574468083,126269.76718404253,30285.781742553198,14313.286675531912,100503.23686914892,271372.07247127662,9008.2838475000171,18016.567695000005,637724.37030750141,1275448.7406150009,13568.603623563831,27137.207247127662,null,16261.13,140,"Amber",null,"Gateshead",null,null,null,null,"Havering","London",null,null,null,null,null,null,null,null,"Gateshead","Gateshead",null,null,null,null,null,null,"Forest Heath",62812]
["Forest of Dean",779,44,64339.502970000001,15431.81862,7293.1927500000002,51210.423929999997,138274.93827000001,1.6525436607548345,"South West",1.91,58403,3329,4823645.6892900001,1156950.58134,546783.48675000004,3839335.5440099998,10366715.30139,1622.3055555555557,92.527777777777771,133990.1580358333,32137.516148333347,15188.430187500002,106648.20955583334,287964.3139275001,6913.7469135000138,13827.493827000028,518335.76506949961,1036671.5301390011,14398.215696375002,28796.431392750063,null,15306,155,"Amber",null,"Gedling",null,null,null,null,"Hillingdon","London",null,null,null,null,null,null,null,null,"Gedling","Gedling",null,null,null,null,null,null,"Forest of Dean",83674]
["Fylde",600,34,49555.458000000006,11885.868000000002,5617.35,39443.202000000005,106501.87800000001,1.3823872433218245,"North West",2.13,85606,4880,7070407.5625800006,1695836.0266800001,801464.77350000001,5627624.58402,15195332.94678,2195.0256410256411,125.15384615384616,181292.50160461539,43482.975043076913,20550.378807692301,144298.06625692308,389623.92171230767,5325.0939000000071,10650.187800000014,759766.6473390013,1519533.2946780007,19481.196085615375,38962.392171230807,null,12049.94,218,"Green",null,"Gloucester",null,null,null,null,"Hounslow","London",null,null,null,null,null,null,null,null,"Gloucester","Gloucester",null,null,null,null,null,null,"Fylde",77042]
["Gateshead",2274,130,187815.18581999998,45047.439720000002,21289.7565,149489.73557999998,403642.11761999992,2.0131274413106901,"North East",1.93,28456,1622,2350250.1880799998,563707.09967999998,266412.18599999999,1870659.5935199999,5051029.0672799991,2371.3333333333335,135.25,195854.18234000003,46975.591640000006,22201.015500000005,155888.29946000001,420919.08893999993,20182.105880999996,40364.21176200005,252551.45336399972,505102.90672800038,21045.954446999996,42091.908894000051,null,19643.89,80,"Red",null,"Gloucestershire ",null,null,null,null,"Inner London","London",null,null,null,null,null,null,null,null,"Gloucestershire ",null,null,null,null,null,null,null,"Gateshead",200505]
["Gedling",1243,71,102662.39049000001,24623.556540000001,11637.276749999999,81713.166809999995,220636.39059,1.9079921011259273,"East Midlands",2.04,53170,3031,4391439.5031000003,1053286.0026,497790.83250000002,3495325.0839,9437841.4221000001,1329.25,75.8,109785.98757750001,26332.150065000002,12444.770812500003,87383.127097500008,235946.03555249999,11031.819529500004,22063.639059000008,471892.07110499963,943784.14221000113,11797.30177762502,23594.603555250011,null,12987.56,202,"Amber",null,"Gosport",null,null,null,null,"Islington","London",null,null,null,null,null,null,null,null,"Gosport","Gosport",null,null,null,null,null,null,"Gedling",115638]
["Gloucester",1730,99,142884.9039,34270.919399999999,16196.692499999999,113727.8991,307080.41489999997,2.4439543084306279,"South West",1.91,58403,3329,4823645.6892900001,1156950.58134,546783.48675000004,3839335.5440099998,10366715.30139,1622.3055555555557,92.527777777777771,133990.1580358333,32137.516148333347,15188.430187500002,106648.20955583334,287964.3139275001,15354.020744999987,30708.041490000032,518335.76506949961,1036671.5301390011,14398.215696375002,28796.431392750063,null,16266.59,139,"Amber",null,"Gravesham",null,null,null,null,"Kensington and Chelsea","London",null,null,null,null,null,null,null,null,"Gravesham","Gravesham",null,null,null,null,null,null,"Gloucester",125649]
["Gloucestershire ",6631,378,547670.40333000012,131358.65118000002,62081.079750000004,435913.12077000004,1177023.2550300001,1.9253421300210034,"South West",1.91,58403,3329,4823645.6892900001,1156950.58134,546783.48675000004,3839335.5440099998,10366715.30139,1622.3055555555557,92.527777777777771,133990.1580358333,32137.516148333347,15188.430187500002,106648.20955583334,287964.3139275001,58851.162751500029,117702.32550300006,518335.76506949961,1036671.5301390011,14398.215696375002,28796.431392750063,null,null,null,null,null,"Great Yarmouth",null,null,null,null,"Kingston upon Thames","London",null,null,null,null,null,null,null,null,"Great Yarmouth","Great Yarmouth",null,null,null,null,null,null,"Gloucestershire ",611332]
["Gosport",942,54,77802.069060000009,18660.812760000001,8819.2394999999997,61925.827140000001,167207.94846000001,1.983792856075077,"South East",2.0499999999999998,102406,5837,8457960.3865799997,2028640.3306800001,958750.57349999994,6732034.2400199994,18177385.530779999,1528.4477611940299,87.104477611940297,126238.21472507462,30278.213890746261,14309.710052238808,100478.12298537313,271304.2616534328,8360.3974230000167,16720.794846000004,908869.27653900161,1817738.5530780032,13565.213082671631,27130.42616534332,null,16828.080000000002,131,"Amber",null,"Greater Manchester (Met County)",null,null,null,null,"Lambeth","London",null,null,null,null,null,null,null,null,"Greater Manchester (Met County)",null,null,null,null,null,null,null,"Gosport",84287]
["Gravesham",1454,83,120089.39322,28803.420120000002,13612.711499999999,95584.026180000001,258089.55102000001,2.4519009986604727,"South East",2.0499999999999998,102406,5837,8457960.3865799997,2028640.3306800001,958750.57349999994,6732034.2400199994,18177385.530779999,1528.4477611940299,87.104477611940297,126238.21472507462,30278.213890746261,14309.710052238808,100478.12298537313,271304.2616534328,12904.477551000018,25808.955102000036,908869.27653900161,1817738.5530780032,13565.213082671631,27130.42616534332,null,17262.59,124,"Amber",null,"Greenwich",null,null,null,null,"Lewisham","London",null,null,null,null,null,null,null,null,"Greenwich","Greenwich",null,null,null,null,null,null,"Gravesham",105261]
["Great Yarmouth",1076,61,88869.454679999995,21315.323280000001,10073.781000000001,70734.808919999996,190993.36787999998,1.9454973707370735,"East",2.12,71855,4096,5934679.0576499999,1423431.7419,672724.47375,4723652.1328499997,12754487.406149998,1528.8297872340424,87.127659574468083,126269.76718404253,30285.781742553198,14313.286675531912,100503.23686914892,271372.07247127662,9549.6683940000075,19099.336788000015,637724.37030750141,1275448.7406150009,13568.603623563831,27137.207247127662,null,22208.12,29,"Red",null,"Guildford",null,null,null,null,"Merton","London",null,null,null,null,null,null,null,null,"Guildford","Guildford",null,null,null,null,null,null,"Great Yarmouth",98172]
["Greater Manchester (Met County)",36402,2075,3006529.6368600004,721115.61156000011,340804.62450000003,2393019.0653400002,6461468.9382600002,2.3643666797640854,"North West",2.13,85606,4880,7070407.5625800006,1695836.0266800001,801464.77350000001,5627624.58402,15195332.94678,2195.0256410256411,125.15384615384616,181292.50160461539,43482.975043076913,20550.378807692301,144298.06625692308,389623.92171230767,323073.4469130002,646146.89382600039,759766.6473390013,1519533.2946780007,19481.196085615375,38962.392171230807,null,null,null,null,null,"Hackney",null,null,null,null,"Newham","London",null,null,null,null,null,null,null,null,"Hackney","Hackney",null,null,null,null,null,null,"Greater Manchester (Met County)",2732854]
["Greenwich",4368,249,360763.73424000002,86529.119040000005,40894.307999999997,287146.51055999997,775333.67183999997,2.8857356085723431,"London",2.65,127399,7262,10522192.989570001,2523746.1622200003,1192741.2877500001,8375040.8193300003,22613721.258870002,3860.5757575757575,220,318854.3330172727,76477.156430909105,36143.675386363633,253789.11573727272,685264.28057181847,38766.683592000045,77533.36718400009,1130686.0629434995,2261372.1258870028,34263.214028590941,68526.428057181882,null,20887.060000000001,50,"Red",null,"Halton UA",null,null,null,null,"Outer London","London",null,null,null,null,null,null,null,null,"Halton UA","Halton",null,null,null,null,null,null,"Greenwich",268678]
["Guildford",1542,88,127357.52706000001,30546.680760000003,14436.5895,101369.02914,273709.82646000001,1.9146170655717065,"South East",2.0499999999999998,102406,5837,8457960.3865799997,2028640.3306800001,958750.57349999994,6732034.2400199994,18177385.530779999,1528.4477611940299,87.104477611940297,126238.21472507462,30278.213890746261,14309.710052238808,100478.12298537313,271304.2616534328,13685.491322999995,27370.982646000048,908869.27653900161,1817738.5530780032,13565.213082671631,27130.42616534332,null,7337.96,304,"Green",null,"Hambleton",null,null,null,null,"Redbridge","London",null,null,null,null,null,null,null,null,"Hambleton","Hambleton",null,null,null,null,null,null,"Guildford",142958]
["Hackney",4377,249,361507.06611000001,86707.407060000012,40978.568250000004,287738.15859000001,776931.20001000003,2.9524271328519855,"London",2.65,127399,7262,10522192.989570001,2523746.1622200003,1192741.2877500001,8375040.8193300003,22613721.258870002,3860.5757575757575,220,318854.3330172727,76477.156430909105,36143.675386363633,253789.11573727272,685264.28057181847,38846.56000050006,77693.120001000119,1130686.0629434995,2261372.1258870028,34263.214028590941,68526.428057181882,null,26066,2,"Red",null,"Hammersmith and Fulham",null,null,null,null,"Richmond upon Thames","London",null,null,null,null,null,null,null,null,"Hammersmith and Fulham","Hammersmith and Fulham",null,null,null,null,null,null,"Hackney",263150]
["Halton UA",1556,89,128513.82108000001,30824.017680000004,14567.661000000002,102289.37052,276194.87028000003,2.1858814938980959,"North West",2.13,85606,4880,7070407.5625800006,1695836.0266800001,801464.77350000001,5627624.58402,15195332.94678,2195.0256410256411,125.15384615384616,181292.50160461539,43482.975043076913,20550.378807692301,144298.06625692308,389623.92171230767,13809.743514000031,27619.487028000003,759766.6473390013,1519533.2946780007,19481.196085615375,38962.392171230807,null,21563.08,36,"Red",null,"Hampshire ",null,null,null,null,"Southwark","London",null,null,null,null,null,null,null,null,"Hampshire ",null,null,null,null,null,null,null,"Halton UA",126354]
["Hambleton",820,47,67725.792600000001,16244.019600000001,7677.0450000000001,53905.7094,145552.56659999999,1.6203474039275059,"Yorkshire and the Humber",2.12,64078,3652,5292357.7295399997,1269371.08284,599914.25549999997,4212402.4962599995,11374045.564139999,3051.3333333333335,174,252017.03474000003,60446.242040000005,28567.345499999999,200590.59505999996,541621.21734000009,7277.6283300000068,14555.256660000014,568702.27820700034,1137404.5564140007,27081.060867000022,54162.121734000044,null,11019.37,245,"Green",null,"Harborough",null,null,null,null,"Sutton","London",null,null,null,null,null,null,null,null,"Harborough","Harborough",null,null,null,null,null,null,"Hambleton",89828]
["Hammersmith and Fulham",2440,139,201525.52920000002,48335.863200000007,22843.890000000003,160402.3548,433107.6372,2.4282097788243209,"London",2.65,127399,7262,10522192.989570001,2523746.1622200003,1192741.2877500001,8375040.8193300003,22613721.258870002,3860.5757575757575,220,318854.3330172727,76477.156430909105,36143.675386363633,253789.11573727272,685264.28057181847,21655.381860000023,43310.763720000046,1130686.0629434995,2261372.1258870028,34263.214028590941,68526.428057181882,null,19835.830000000002,76,"Red",null,"Haringey",null,null,null,null,"Tower Hamlets","London",null,null,null,null,null,null,null,null,"Haringey","Haringey",null,null,null,null,null,null,"Hammersmith and Fulham",178365]
["Hampshire ",14453,824,1193708.3907900001,286310.75034000003,135312.59925,950120.99751000002,{"$f":"SUM(D131:G131)","v":2565452.73789},1.9057901563363582,"South East",2.0499999999999998,102406,5837,8457960.3865799997,2028640.3306800001,958750.57349999994,6732034.2400199994,18177385.530779999,1528.4477611940299,87.104477611940297,126238.21472507462,30278.213890746261,14309.710052238808,100478.12298537313,271304.2616534328,128272.63689449988,256545.27378900023,908869.27653900161,1817738.5530780032,13565.213082671631,27130.42616534332,null,null,null,null,null,"Harlow",null,null,null,null,"Waltham Forest","London",null,null,null,null,null,null,null,null,"Harlow","Harlow",null,null,null,null,null,null,"Hampshire ",1346136]
["Harborough",817,47,67478.015310000003,16184.590260000003,7648.9582500000006,53708.493390000003,145020.05721,1.6478053950777203,"East Midlands",2.04,53170,3031,4391439.5031000003,1053286.0026,497790.83250000002,3495325.0839,9437841.4221000001,1329.25,75.8,109785.98757750001,26332.150065000002,12444.770812500003,87383.127097500008,235946.03555249999,7251.0028605000116,14502.005721000023,471892.07110499963,943784.14221000113,11797.30177762502,23594.603555250011,null,6492.1,311,"Green",null,"Harrogate",null,null,null,null,"Wandsworth","London",null,null,null,null,null,null,null,null,"Harrogate","Harrogate",null,null,null,null,null,null,"Harborough",88008]
["Haringey",4006,228,330865.27458000003,79357.978680000015,37505.173500000004,263349.11202,711077.53878000006,2.6578264220437244,"London",2.65,127399,7262,10522192.989570001,2523746.1622200003,1192741.2877500001,8375040.8193300003,22613721.258870002,3860.5757575757575,220,318854.3330172727,76477.156430909105,36143.675386363633,253789.11573727272,685264.28057181847,35553.87693899998,71107.753878000076,1130686.0629434995,2261372.1258870028,34263.214028590941,68526.428057181882,null,23053.34,21,"Red",null,"Harrow",null,null,null,null,"Westminster","London",null,null,null,null,null,null,null,null,"Harrow","Harrow",null,null,null,null,null,null,"Haringey",267541]
["Harlow",1364,78,112656.07452000001,27020.539920000003,12770.109,89667.545880000005,242114.26932000002,2.8630891315453386,"East",2.12,71855,4096,5934679.0576499999,1423431.7419,672724.47375,4723652.1328499997,12754487.406149998,1528.8297872340424,87.127659574468083,126269.76718404253,30285.781742553198,14313.286675531912,100503.23686914892,271372.07247127662,12105.713466000016,24211.426932000031,637724.37030750141,1275448.7406150009,13568.603623563831,27137.207247127662,null,19908.53,71,"Red",null,"Hart",null,null,null,null,"County Durham UA ","North East",null,null,null,null,null,null,null,null,"Hart","Hart",null,null,null,null,null,null,"Harlow",84564]
["Harrogate",1426,81,117776.80518,28248.746279999999,13350.568499999999,93743.34341999999,253119.46337999997,1.6094887254160122,"Yorkshire and the Humber",2.12,64078,3652,5292357.7295399997,1269371.08284,599914.25549999997,4212402.4962599995,11374045.564139999,3051.3333333333335,174,252017.03474000003,60446.242040000005,28567.345499999999,200590.59505999996,541621.21734000009,12655.973169000004,25311.946338000009,568702.27820700034,1137404.5564140007,27081.060867000022,54162.121734000044,null,8593.4599999999991,289,"Green",null,"Hartlepool UA",null,null,null,null,"Darlington UA","North East",null,null,null,null,null,null,null,null,"Hartlepool UA","Hartlepool",null,null,null,null,null,null,"Harrogate",157267]
["Harrow",3525,201,291138.31575000001,69829.474500000011,33001.931250000001,231728.81174999999,625698.53325000009,2.5433762443549277,"London",2.65,127399,7262,10522192.989570001,2523746.1622200003,1192741.2877500001,8375040.8193300003,22613721.258870002,3860.5757575757575,220,318854.3330172727,76477.156430909105,36143.675386363633,253789.11573727272,685264.28057181847,31284.926662500016,62569.853325000033,1130686.0629434995,2261372.1258870028,34263.214028590941,68526.428057181882,null,12509.74,213,"Amber",null,"Hastings",null,null,null,null,"Gateshead","North East",null,null,null,null,null,null,null,null,"Hastings","Hastings",null,null,null,null,null,null,"Harrow",246011]
["Hart",1036,59,85565.75748,20522.932080000002,9699.2909999999993,68105.262119999999,183893.24268,1.9704606769890167,"South East",2.0499999999999998,102406,5837,8457960.3865799997,2028640.3306800001,958750.57349999994,6732034.2400199994,18177385.530779999,1528.4477611940299,87.104477611940297,126238.21472507462,30278.213890746261,14309.710052238808,100478.12298537313,271304.2616534328,9194.6621340000129,18389.324268000026,908869.27653900161,1817738.5530780032,13565.213082671631,27130.42616534332,null,2975.66,326,"Green",null,"Havant",null,null,null,null,"Hartlepool UA","North East",null,null,null,null,null,null,null,null,"Havant","Havant",null,null,null,null,null,null,"Hart",93325]
["Hartlepool UA",1043,59,86143.904490000001,20661.600540000003,9764.8267500000002,68565.432809999998,185135.76459000001,1.9995222441948375,"North East",1.93,28456,1622,2350250.1880799998,563707.09967999998,266412.18599999999,1870659.5935199999,5051029.0672799991,2371.3333333333335,135.25,195854.18234000003,46975.591640000006,22201.015500000005,155888.29946000001,420919.08893999993,9256.7882295000018,18513.576459000004,252551.45336399972,505102.90672800038,21045.954446999996,42091.908894000051,null,21886.6,32,"Red",null,"Havering",null,null,null,null,"Middlesbrough UA","North East",null,null,null,null,null,null,null,null,"Havering","Havering",null,null,null,null,null,null,"Hartlepool UA",92590]
["Hastings",1084,62,89530.19412,21473.801520000001,10148.679,71260.718280000001,192413.39292000001,2.1122741914307359,"South East",2.0499999999999998,102406,5837,8457960.3865799997,2028640.3306800001,958750.57349999994,6732034.2400199994,18177385.530779999,1528.4477611940299,87.104477611940297,126238.21472507462,30278.213890746261,14309.710052238808,100478.12298537313,271304.2616534328,9620.6696459999948,19241.339292000019,908869.27653900161,1817738.5530780032,13565.213082671631,27130.42616534332,null,23106.48,20,"Red",null,"Herefordshire, County of UA",null,null,null,null,"Newcastle upon Tyne","North East",null,null,null,null,null,null,null,null,"Herefordshire, County of UA","Herefordshire, County of",null,null,null,null,null,null,"Hastings",91093]
["Havant",1237,71,102166.83590999999,24504.69786,11581.10325,81318.734790000002,219571.37180999998,1.7966727093527532,"South East",2.0499999999999998,102406,5837,8457960.3865799997,2028640.3306800001,958750.57349999994,6732034.2400199994,18177385.530779999,1528.4477611940299,87.104477611940297,126238.21472507462,30278.213890746261,14309.710052238808,100478.12298537313,271304.2616534328,10978.568590500014,21957.137181000027,908869.27653900161,1817738.5530780032,13565.213082671631,27130.42616534332,null,16182.68,142,"Amber",null,"Hertfordshire",null,null,null,null,"North Tyneside","North East",null,null,null,null,null,null,null,null,"Hertfordshire",null,null,null,null,null,null,null,"Havant",122210]
["Havering",3150,180,260166.1545,62400.807000000008,29491.087500000001,207076.81049999999,559134.85950000002,2.2731461841495442,"London",2.65,127399,7262,10522192.989570001,2523746.1622200003,1192741.2877500001,8375040.8193300003,22613721.258870002,3860.5757575757575,220,318854.3330172727,76477.156430909105,36143.675386363633,253789.11573727272,685264.28057181847,27956.742975000059,55913.485950000002,1130686.0629434995,2261372.1258870028,34263.214028590941,68526.428057181882,null,14990.93,166,"Amber",null,"Hertsmere",null,null,null,null,"Northumberland UA","North East",null,null,null,null,null,null,null,null,"Hertsmere","Hertsmere",null,null,null,null,null,null,"Havering",245974]
["Herefordshire, County of UA",1728,98,142719.71904000003,34231.299840000007,16177.968000000001,113596.42176000001,306725.40864000004,1.6388406103868349,"West Midlands",2.1800000000000002,70123,3997,5791628.9688900001,1389121.20294,656509.05674999999,4609792.7564099999,12447051.984990001,2337.4333333333334,133.23333333333332,193054.29896300001,46304.040098000005,21883.635224999998,153659.75854700003,414901.73283300002,15336.27043199999,30672.540864000039,622352.59924950078,1244705.1984990016,20745.086641650007,41490.173283300013,null,17235,126,"Amber",null,"High Peak",null,null,null,null,"Redcar and Cleveland UA","North East",null,null,null,null,null,null,null,null,"High Peak","High Peak",null,null,null,null,null,null,"Herefordshire, County of UA",187160]
["Hertfordshire",14493,826,1197012.0879899999,287103.14154000004,135687.08924999999,952750.54430999991,2572552.8630899996,2.2277698365642906,"East",2.12,71855,4096,5934679.0576499999,1423431.7419,672724.47375,4723652.1328499997,12754487.406149998,1528.8297872340424,87.127659574468083,126269.76718404253,30285.781742553198,14313.286675531912,100503.23686914892,271372.07247127662,128627.64315450005,257255.2863090001,637724.37030750141,1275448.7406150009,13568.603623563831,27137.207247127662,null,null,null,null,null,"Hillingdon",null,null,null,null,"South Tyneside","North East",null,null,null,null,null,null,null,null,"Hillingdon","Hillingdon",null,null,null,null,null,null,"Hertfordshire",1154766]
["Hertsmere",1357,77,112077.92751000001,26881.871460000002,12704.573250000001,89207.375190000006,240871.74741000001,2.3516430961562871,"East",2.12,71855,4096,5934679.0576499999,1423431.7419,672724.47375,4723652.1328499997,12754487.406149998,1528.8297872340424,87.127659574468083,126269.76718404253,30285.781742553198,14313.286675531912,100503.23686914892,271372.07247127662,12043.587370499998,24087.174740999995,637724.37030750141,1275448.7406150009,13568.603623563831,27137.207247127662,null,10943.21,247,"Green",null,"Hinckley and Bosworth",null,null,null,null,"Stockton-on-Tees UA","North East",null,null,null,null,null,null,null,null,"Hinckley and Bosworth","Hinckley and Bosworth",null,null,null,null,null,null,"Hertsmere",102427]
["High Peak",882,50,72846.523260000002,17472.22596,8257.5045000000009,57981.506939999999,156557.76066,1.7135607094698131,"East Midlands",2.04,53170,3031,4391439.5031000003,1053286.0026,497790.83250000002,3495325.0839,9437841.4221000001,1329.25,75.8,109785.98757750001,26332.150065000002,12444.770812500003,87383.127097500008,235946.03555249999,7827.8880329999956,15655.77606600002,471892.07110499963,943784.14221000113,11797.30177762502,23594.603555250011,null,13356.71,198,"Amber",null,"Horsham",null,null,null,null,"Sunderland","North East",null,null,null,null,null,null,null,null,"Horsham","Horsham",null,null,null,null,null,null,"High Peak",91364]
["Hillingdon",4423,252,365306.31789000001,87618.656940000015,41409.231750000006,290762.13741000002,785096.34398999996,2.6823476852301069,"London",2.65,127399,7262,10522192.989570001,2523746.1622200003,1192741.2877500001,8375040.8193300003,22613721.258870002,3860.5757575757575,220,318854.3330172727,76477.156430909105,36143.675386363633,253789.11573727272,685264.28057181847,39254.817199500045,78509.63439900009,1130686.0629434995,2261372.1258870028,34263.214028590941,68526.428057181882,null,15409.43,153,"Amber",null,"Hounslow",null,null,null,null,"Tyne and Wear (Met County)","North East",null,null,null,null,null,null,null,null,"Hounslow","Hounslow",null,null,null,null,null,null,"Hillingdon",292690]
["Hinckley and Bosworth",1091,62,90108.341130000001,21612.469980000002,10214.214750000001,71720.88897,193655.91483000002,1.7977378328475151,"East Midlands",2.04,53170,3031,4391439.5031000003,1053286.0026,497790.83250000002,3495325.0839,9437841.4221000001,1329.25,75.8,109785.98757750001,26332.150065000002,12444.770812500003,87383.127097500008,235946.03555249999,9682.7957415000128,19365.591483000026,471892.07110499963,943784.14221000113,11797.30177762502,23594.603555250011,null,10810.17,248,"Green",null,"Huntingdonshire",null,null,null,null,"Allerdale","North West",null,null,null,null,null,null,null,null,"Huntingdonshire","Huntingdonshire",null,null,null,null,null,null,"Hinckley and Bosworth",107722]
["Horsham",1229,70,101506.09646999999,24346.21962,11506.205249999999,80792.825429999997,218151.34676999997,1.6260778095230994,"South East",2.0499999999999998,102406,5837,8457960.3865799997,2028640.3306800001,958750.57349999994,6732034.2400199994,18177385.530779999,1528.4477611940299,87.104477611940297,126238.21472507462,30278.213890746261,14309.710052238808,100478.12298537313,271304.2616534328,10907.567338499997,21815.134677000024,908869.27653900161,1817738.5530780032,13565.213082671631,27130.42616534332,null,8121.94,295,"Green",null,"Hyndburn",null,null,null,null,"Barrow-in-Furness","North West",null,null,null,null,null,null,null,null,"Hyndburn","Hyndburn",null,null,null,null,null,null,"Horsham",134158]
["Hounslow",4245,242,350604.86534999998,84092.516100000008,39742.751250000001,279060.65415000002,753500.78685000003,2.8373176996098928,"London",2.65,127399,7262,10522192.989570001,2523746.1622200003,1192741.2877500001,8375040.8193300003,22613721.258870002,3860.5757575757575,220,318854.3330172727,76477.156430909105,36143.675386363633,253789.11573727272,685264.28057181847,37675.039342500037,75350.078685000073,1130686.0629434995,2261372.1258870028,34263.214028590941,68526.428057181882,null,19324.71,86,"Red",null,"Inner London",null,null,null,null,"Blackburn with Darwen UA","North West",null,null,null,null,null,null,null,null,"Inner London",null,null,null,null,null,null,null,"Hounslow",265568]
["Huntingdonshire",1966,112,162376.71737999999,38946.027480000004,18406.183499999999,129242.22521999999,348971.15357999993,2.0101446017107798,"East",2.12,71855,4096,5934679.0576499999,1423431.7419,672724.47375,4723652.1328499997,12754487.406149998,1528.8297872340424,87.127659574468083,126269.76718404253,30285.781742553198,14313.286675531912,100503.23686914892,271372.07247127662,17448.55767900002,34897.115358000039,637724.37030750141,1275448.7406150009,13568.603623563831,27137.207247127662,null,9901.33,265,"Green",null,"Ipswich",null,null,null,null,"Blackpool UA","North West",null,null,null,null,null,null,null,null,"Ipswich","Ipswich",null,null,null,null,null,null,"Huntingdonshire",173605]
["Hyndburn",1085,62,89612.786550000004,21493.6113,10158.04125,71326.456949999993,192590.89604999998,2.4011432282315974,"North West",2.13,85606,4880,7070407.5625800006,1695836.0266800001,801464.77350000001,5627624.58402,15195332.94678,2195.0256410256411,125.15384615384616,181292.50160461539,43482.975043076913,20550.378807692301,144298.06625692308,389623.92171230767,9629.5448024999932,19259.089605000016,759766.6473390013,1519533.2946780007,19481.196085615375,38962.392171230807,null,22347.09,28,"Red",null,"Isle of Wight UA",null,null,null,null,"Bolton","North West",null,null,null,null,null,null,null,null,"Isle of Wight UA","Isle of Wight",null,null,null,null,null,null,"Hyndburn",80208]
["Inner London",50574,2883,4177029.5548200007,1001859.8137200002,473486.43150000006,3324667.49658,8977043.2966200002,2.64,"London",2.65,127399,7262,10522192.989570001,2523746.1622200003,1192741.2877500001,8375040.8193300003,22613721.258870002,3860.5757575757575,220,318854.3330172727,76477.156430909105,36143.675386363633,253789.11573727272,685264.28057181847,448852.16483100131,897704.32966200076,1130686.0629434995,2261372.1258870028,34263.214028590941,68526.428057181882,null,null,null,null,null,"Islington",null,null,null,null,"Burnley","North West",null,null,null,null,null,null,null,null,"Islington","Islington",null,null,null,null,null,null,"Inner London"]
["Ipswich",1866,106,154117.47438,36965.049480000009,17469.958500000001,122668.35822000001,331220.84058000002,2.4541057790851029,"East",2.12,71855,4096,5934679.0576499999,1423431.7419,672724.47375,4723652.1328499997,12754487.406149998,1528.8297872340424,87.127659574468083,126269.76718404253,30285.781742553198,14313.286675531912,100503.23686914892,271372.07247127662,16561.042029000004,33122.084058000008,637724.37030750141,1275448.7406150009,13568.603623563831,27137.207247127662,null,19868.27,74,"Red",null,"Kensington and Chelsea",null,null,null,null,"Bury","North West",null,null,null,null,null,null,null,null,"Kensington and Chelsea","Kensington and Chelsea",null,null,null,null,null,null,"Ipswich",134966]
["Isle of Wight UA",1316,75,108691.63787999999,26069.670480000001,12320.721,86512.089720000004,233594.11907999997,1.6792647214693934,"South East",2.0499999999999998,102406,5837,8457960.3865799997,2028640.3306800001,958750.57349999994,6732034.2400199994,18177385.530779999,1528.4477611940299,87.104477611940297,126238.21472507462,30278.213890746261,14309.710052238808,100478.12298537313,271304.2616534328,11679.705954000005,23359.411908000009,908869.27653900161,1817738.5530780032,13565.213082671631,27130.42616534332,null,19388.79,83,"Red",null,"Kent ",null,null,null,null,"Carlisle","North West",null,null,null,null,null,null,null,null,"Kent ",null,null,null,null,null,null,null,"Isle of Wight UA",139105]
["Islington",2879,164,237783.60597,57032.356620000006,26953.917750000001,189261.63093000001,511031.51127000002,2.3120459271139664,"London",2.65,127399,7262,10522192.989570001,2523746.1622200003,1192741.2877500001,8375040.8193300003,22613721.258870002,3860.5757575757575,220,318854.3330172727,76477.156430909105,36143.675386363633,253789.11573727272,685264.28057181847,25551.575563500053,51103.15112699999,1130686.0629434995,2261372.1258870028,34263.214028590941,68526.428057181882,null,24687.41,13,"Red",null,"Kettering",null,null,null,null,"Cheshire East UA","North West",null,null,null,null,null,null,null,null,"Kettering","Kettering",null,null,null,null,null,null,"Islington",221030]
["Kensington and Chelsea",1821,104,150400.81503,36073.609380000002,17048.65725,119710.11807,323233.19972999999,2.0694871613419554,"London",2.65,127399,7262,10522192.989570001,2523746.1622200003,1192741.2877500001,8375040.8193300003,22613721.258870002,3860.5757575757575,220,318854.3330172727,76477.156430909105,36143.675386363633,253789.11573727272,685264.28057181847,16161.659986499988,32323.319973000034,1130686.0629434995,2261372.1258870028,34263.214028590941,68526.428057181882,null,18551.54,99,"Red",null,"King’s Lynn and West Norfolk",null,null,null,null,"Cheshire West and Chester UA ","North West",null,null,null,null,null,null,null,null,"King’s Lynn and West Norfolk","King's Lynn and West Norfolk",null,null,null,null,null,null,"Kensington and Chelsea",156190]
["Kent ",17305,986,1429262.0011499999,342808.24290000001,162013.73624999999,1137607.68435,3071691.6646499997,2.0337561026421618,"South East",2.0499999999999998,102406,5837,8457960.3865799997,2028640.3306800001,958750.57349999994,6732034.2400199994,18177385.530779999,1528.4477611940299,87.104477611940297,126238.21472507462,30278.213890746261,14309.710052238808,100478.12298537313,271304.2616534328,153584.58323250012,307169.16646500025,908869.27653900161,1817738.5530780032,13565.213082671631,27130.42616534332,null,null,null,null,null,"Kingston upon Hull, City of UA",null,null,null,null,"Chorley","North West",null,null,null,null,null,null,null,null,"Kingston upon Hull, City of UA","Kingston upon Hull, City of",null,null,null,null,null,null,"Kent ",1510354]
["Kettering",1243,71,102662.39049000001,24623.556540000001,11637.276749999999,81713.166809999995,220636.39059,2.2758924193099181,"East Midlands",2.04,53170,3031,4391439.5031000003,1053286.0026,497790.83250000002,3495325.0839,9437841.4221000001,1329.25,75.8,109785.98757750001,26332.150065000002,12444.770812500003,87383.127097500008,235946.03555249999,11031.819529500004,22063.639059000008,471892.07110499963,943784.14221000113,11797.30177762502,23594.603555250011,null,14901.43,168,"Amber",null,"Kingston upon Thames",null,null,null,null,"Copeland","North West",null,null,null,null,null,null,null,null,"Kingston upon Thames","Kingston upon Thames",null,null,null,null,null,null,"Kettering",96945]
["King’s Lynn and West Norfolk",1650,94,136277.50949999999,32686.137000000002,15447.7125,108468.80549999999,292880.16449999996,1.9521960493514454,"East",2.12,71855,4096,5934679.0576499999,1423431.7419,672724.47375,4723652.1328499997,12754487.406149998,1528.8297872340424,87.127659574468083,126269.76718404253,30285.781742553198,14313.286675531912,100503.23686914892,271372.07247127662,14644.008224999998,29288.016449999996,637724.37030750141,1275448.7406150009,13568.603623563831,27137.207247127662,null,19164,89,"Red",null,"Kirklees ",null,null,null,null,"Cumbria ","North West",null,null,null,null,null,null,null,null,"Kirklees ","Kirklees",null,null,null,null,null,null,"King’s Lynn and West Norfolk",150026]
["Kingston upon Hull, City of UA",3537,202,292129.42491,70067.191860000006,33114.278250000003,232517.67579000001,627828.57081000006,2.4361824174847699,"Yorkshire and the Humber",2.12,64078,3652,5292357.7295399997,1269371.08284,599914.25549999997,4212402.4962599995,11374045.564139999,3051.3333333333335,174,252017.03474000003,60446.242040000005,28567.345499999999,200590.59505999996,541621.21734000009,31391.428540499997,62782.857081000111,568702.27820700034,1137404.5564140007,27081.060867000022,54162.121734000044,null,25310.26,9,"Red",null,"Knowsley ",null,null,null,null,"Eden","North West",null,null,null,null,null,null,null,null,"Knowsley ","Knowsley",null,null,null,null,null,null,"Kingston upon Hull, City of UA",257710]
["Kingston upon Thames",2247,128,185585.19021,44512.575660000002,21036.975750000001,147714.79149,398849.53311000002,2.3467535103378481,"London",2.65,127399,7262,10522192.989570001,2523746.1622200003,1192741.2877500001,8375040.8193300003,22613721.258870002,3860.5757575757575,220,318854.3330172727,76477.156430909105,36143.675386363633,253789.11573727272,685264.28057181847,19942.47665550001,39884.953311000019,1130686.0629434995,2261372.1258870028,34263.214028590941,68526.428057181882,null,9361.51,278,"Green",null,"Lambeth",null,null,null,null,"Fylde","North West",null,null,null,null,null,null,null,null,"Lambeth","Lambeth",null,null,null,null,null,null,"Kingston upon Thames",169958]
["Kirklees ",5472,312,451945.77695999999,108399.11616000001,51230.231999999996,359722.00224,971297.12736000004,2.2534850525729664,"Yorkshire and the Humber",2.12,64078,3652,5292357.7295399997,1269371.08284,599914.25549999997,4212402.4962599995,11374045.564139999,3051.3333333333335,174,252017.03474000003,60446.242040000005,28567.345499999999,200590.59505999996,541621.21734000009,48564.856368000037,97129.712736000074,568702.27820700034,1137404.5564140007,27081.060867000022,54162.121734000044,null,18459.78,101,"Red",null,"Lancashire ",null,null,null,null,"Greater Manchester (Met County)","North West",null,null,null,null,null,null,null,null,"Lancashire ",null,null,null,null,null,null,null,"Kirklees ",431020]
["Knowsley ",1892,108,156264.87756000002,37480.103760000005,17713.377,124377.56364000001,335835.92196000007,2.2938515368800676,"North West",2.13,85606,4880,7070407.5625800006,1695836.0266800001,801464.77350000001,5627624.58402,15195332.94678,2195.0256410256411,125.15384615384616,181292.50160461539,43482.975043076913,20550.378807692301,144298.06625692308,389623.92171230767,16791.796098000021,33583.592196000041,759766.6473390013,1519533.2946780007,19481.196085615375,38962.392171230807,null,25599.37,5,"Red",null,"Lancaster",null,null,null,null,"Halton UA","North West",null,null,null,null,null,null,null,null,"Lancaster","Lancaster",null,null,null,null,null,null,"Knowsley ",146407]
["Lambeth",4528,258,373978.52304,89698.683840000012,42392.268000000004,297664.69776000001,803734.17264,2.5257503476883625,"London",2.65,127399,7262,10522192.989570001,2523746.1622200003,1192741.2877500001,8375040.8193300003,22613721.258870002,3860.5757575757575,220,318854.3330172727,76477.156430909105,36143.675386363633,253789.11573727272,685264.28057181847,40186.708632000023,80373.417264000047,1130686.0629434995,2261372.1258870028,34263.214028590941,68526.428057181882,null,23004.21,22,"Red",null,"Leeds",null,null,null,null,"Hyndburn","North West",null,null,null,null,null,null,null,null,"Leeds","Leeds",null,null,null,null,null,null,"Lambeth",318216]
["Lancashire ",13210,753,1091046.0003,261687.19380000004,123675.32250000001,868407.83069999993,2344816.3473,1.9791905762048052,"North West",2.13,85606,4880,7070407.5625800006,1695836.0266800001,801464.77350000001,5627624.58402,15195332.94678,2195.0256410256411,125.15384615384616,181292.50160461539,43482.975043076913,20550.378807692301,144298.06625692308,389623.92171230767,117240.81736500002,234481.63473000005,759766.6473390013,1519533.2946780007,19481.196085615375,38962.392171230807,null,null,null,null,null,"Leicester UA",null,null,null,null,"Knowsley ","North West",null,null,null,null,null,null,null,null,"Leicester UA","Leicester",null,null,null,null,null,null,"Lancashire ",1184735]
["Lancaster",1497,85,123640.86771000001,29655.240660000003,14015.288250000001,98410.788990000001,265722.18561000004,1.8808594860451457,"North West",2.13,85606,4880,7070407.5625800006,1695836.0266800001,801464.77350000001,5627624.58402,15195332.94678,2195.0256410256411,125.15384615384616,181292.50160461539,43482.975043076913,20550.378807692301,144298.06625692308,389623.92171230767,13286.109280500037,26572.218561000016,759766.6473390013,1519533.2946780007,19481.196085615375,38962.392171230807,null,17242.560000000001,125,"Amber",null,"Leicestershire ",null,null,null,null,"Lancashire ","North West",null,null,null,null,null,null,null,null,"Leicestershire ",null,null,null,null,null,null,null,"Lancaster",141277]
["Leeds",10136,578,837156.87048000016,200791.93008000005,94895.766000000018,666327.15912000008,1799171.7256800001,2.3475653356541439,"Yorkshire and the Humber",2.12,64078,3652,5292357.7295399997,1269371.08284,599914.25549999997,4212402.4962599995,11374045.564139999,3051.3333333333335,174,252017.03474000003,60446.242040000005,28567.345499999999,200590.59505999996,541621.21734000009,89958.586284000194,179917.17256800015,568702.27820700034,1137404.5564140007,27081.060867000022,54162.121734000044,null,18462.45,100,"Red",null,"Lewes",null,null,null,null,"Lancaster","North West",null,null,null,null,null,null,null,null,"Lewes","Lewes",null,null,null,null,null,null,"Leeds",766399]
["Leicester UA",5264,300,434766.55151999998,104278.68192,49282.883999999998,346048.35888000001,934376.4763199999,2.7672683977930004,"East Midlands",2.04,53170,3031,4391439.5031000003,1053286.0026,497790.83250000002,3495325.0839,9437841.4221000001,1329.25,75.8,109785.98757750001,26332.150065000002,12444.770812500003,87383.127097500008,235946.03555249999,46718.823816000018,93437.647632000037,471892.07110499963,943784.14221000113,11797.30177762502,23594.603555250011,null,23770.26,14,"Red",null,"Lewisham",null,null,null,null,"Liverpool","North West",null,null,null,null,null,null,null,null,"Lewisham","Lewisham",null,null,null,null,null,null,"Leicester UA",337653]
["Leicestershire ",6789,387,560720.00727000006,134488.59642000002,63560.31525,446299.83062999998,1205068.74957,1.80425172677252,"East Midlands",2.04,53170,3031,4391439.5031000003,1053286.0026,497790.83250000002,3495325.0839,9437841.4221000001,1329.25,75.8,109785.98757750001,26332.150065000002,12444.770812500003,87383.127097500008,235946.03555249999,60253.437478499953,120506.87495700014,471892.07110499963,943784.14221000113,11797.30177762502,23594.603555250011,null,null,null,null,null,"Lichfield",null,null,null,null,"Manchester","North West",null,null,null,null,null,null,null,null,"Lichfield","Lichfield",null,null,null,null,null,null,"Leicestershire ",667905]
["Lewes",897,51,74085.409710000007,17769.372660000005,8397.9382500000011,58967.586990000003,159220.30761000002,1.5885652616508199,"South East",2.0499999999999998,102406,5837,8457960.3865799997,2028640.3306800001,958750.57349999994,6732034.2400199994,18177385.530779999,1528.4477611940299,87.104477611940297,126238.21472507462,30278.213890746261,14309.710052238808,100478.12298537313,271304.2616534328,7961.0153805000009,15922.030761000002,908869.27653900161,1817738.5530780032,13565.213082671631,27130.42616534332,null,13093.72,201,"Amber",null,"Lincoln",null,null,null,null,"Merseyside (Met County)","North West",null,null,null,null,null,null,null,null,"Lincoln","Lincoln",null,null,null,null,null,null,"Lewes",100229]
["Lewisham",4759,271,393057.37437000003,94274.743020000024,44554.947750000007,312850.33053000004,844737.39567000011,2.8936002290594081,"London",2.65,127399,7262,10522192.989570001,2523746.1622200003,1192741.2877500001,8375040.8193300003,22613721.258870002,3860.5757575757575,220,318854.3330172727,76477.156430909105,36143.675386363633,253789.11573727272,685264.28057181847,42236.869783500093,84473.73956700007,1130686.0629434995,2261372.1258870028,34263.214028590941,68526.428057181882,null,22695.09,26,"Red",null,"Lincolnshire",null,null,null,null,"Oldham ","North West",null,null,null,null,null,null,null,null,"Lincolnshire",null,null,null,null,null,null,null,"Lewisham",291933]
["Lichfield",982,56,81105.766260000004,19453.203960000003,9193.7295000000013,64555.373939999998,174308.07365999999,1.7073459851312038,"West Midlands",2.1800000000000002,70123,3997,5791628.9688900001,1389121.20294,656509.05674999999,4609792.7564099999,12447051.984990001,2337.4333333333334,133.23333333333332,193054.29896300001,46304.040098000005,21883.635224999998,153659.75854700003,414901.73283300002,8715.4036830000114,17430.807366000023,622352.59924950078,1244705.1984990016,20745.086641650007,41490.173283300013,null,10701.16,252,"Green",null,"Liverpool",null,null,null,null,"Pendle","North West",null,null,null,null,null,null,null,null,"Liverpool","Liverpool",null,null,null,null,null,null,"Lichfield",102093]
["Lincoln",1240,71,102414.61320000001,24564.127200000003,11609.19,81515.950800000006,220103.8812,2.2879345668489219,"East Midlands",2.04,53170,3031,4391439.5031000003,1053286.0026,497790.83250000002,3495325.0839,9437841.4221000001,1329.25,75.8,109785.98757750001,26332.150065000002,12444.770812500003,87383.127097500008,235946.03555249999,11005.194060000009,22010.388120000018,471892.07110499963,943784.14221000113,11797.30177762502,23594.603555250011,null,21274.799999999999,45,"Red",null,"Luton UA",null,null,null,null,"Preston","North West",null,null,null,null,null,null,null,null,"Luton UA","Luton",null,null,null,null,null,null,"Lincoln",96202]
["Lincolnshire",7748,442,639926.14763999998,153486.17544000002,72538.713000000003,509343.21516000002,1375294.2512400001,1.8800603831495144,"East Midlands",2.04,53170,3031,4391439.5031000003,1053286.0026,497790.83250000002,3495325.0839,9437841.4221000001,1329.25,75.8,109785.98757750001,26332.150065000002,12444.770812500003,87383.127097500008,235946.03555249999,68764.712562000146,137529.42512400006,471892.07110499963,943784.14221000113,11797.30177762502,23594.603555250011,null,null,null,null,null,"Maidstone",null,null,null,null,"Ribble Valley","North West",null,null,null,null,null,null,null,null,"Maidstone","Maidstone",null,null,null,null,null,null,"Lincolnshire",731516]
["Liverpool",5851,334,483248.30793000001,115907.02278000001,54778.524750000004,384636.95817,1038570.81363,2.1953711448972992,"North West",2.13,85606,4880,7070407.5625800006,1695836.0266800001,801464.77350000001,5627624.58402,15195332.94678,2195.0256410256411,125.15384615384616,181292.50160461539,43482.975043076913,20550.378807692301,144298.06625692308,389623.92171230767,51928.540681499988,103857.08136299998,759766.6473390013,1519533.2946780007,19481.196085615375,38962.392171230807,null,25461.22,7,"Red",null,"Maldon",null,null,null,null,"Rochdale","North West",null,null,null,null,null,null,null,null,"Maldon","Maldon",null,null,null,null,null,null,"Liverpool",473073]
["LONDON",127399,7262,10522192.989570001,2523746.1622200003,1192741.2877500001,8375040.8193300003,22613721.258870002,2.6483832891524686,"London",2.65,127399,7262,10522192.989570001,2523746.1622200003,1192741.2877500001,8375040.8193300003,22613721.258870002,3860.5757575757575,220,318854.3330172727,76477.156430909105,36143.675386363633,253789.11573727272,685264.28057181847,1130686.0629434995,2261372.1258870028,1130686.0629434995,2261372.1258870028,34263.214028590941,68526.428057181882,{"$f":"K176","v":2.65},null,null,null,null,"Malvern Hills",null,null,null,null,"Rossendale","North West",null,null,null,null,null,null,null,null,"Malvern Hills","Malvern Hills",null,null,null,null,null,null,"LONDON",8538689]
["Luton UA",3481,198,287504.24883,68957.84418,32589.992249999999,228836.31026999999,617888.39552999998,2.9289085026213248,"East",2.12,71855,4096,5934679.0576499999,1423431.7419,672724.47375,4723652.1328499997,12754487.406149998,1528.8297872340424,87.127659574468083,126269.76718404253,30285.781742553198,14313.286675531912,100503.23686914892,271372.07247127662,30894.41977649997,61788.839553000056,637724.37030750141,1275448.7406150009,13568.603623563831,27137.207247127662,null,21460.29,40,"Red",null,"Manchester",null,null,null,null,"Salford","North West",null,null,null,null,null,null,null,null,"Manchester","Manchester",null,null,null,null,null,null,"Luton UA",210962]
["Maidstone",1979,113,163450.41897,39203.554620000003,18527.892749999999,130096.82792999998,351278.69426999998,2.1708124155383484,"South East",2.0499999999999998,102406,5837,8457960.3865799997,2028640.3306800001,958750.57349999994,6732034.2400199994,18177385.530779999,1528.4477611940299,87.104477611940297,126238.21472507462,30278.213890746261,14309.710052238808,100478.12298537313,271304.2616534328,17563.934713500028,35127.869427000056,908869.27653900161,1817738.5530780032,13565.213082671631,27130.42616534332,null,12837.25,206,"Amber",null,"Mansfield",null,null,null,null,"Sefton","North West",null,null,null,null,null,null,null,null,"Mansfield","Mansfield",null,null,null,null,null,null,"Maidstone",161819]
["Maldon",535,30,44186.950049999999,10598.232300000001,5008.80375,35170.188450000001,94964.174549999996,1.51296341309924,"East",2.12,71855,4096,5934679.0576499999,1423431.7419,672724.47375,4723652.1328499997,12754487.406149998,1528.8297872340424,87.127659574468083,126269.76718404253,30285.781742553198,14313.286675531912,100503.23686914892,271372.07247127662,4748.2087275000085,9496.4174550000025,637724.37030750141,1275448.7406150009,13568.603623563831,27137.207247127662,null,12889.24,204,"Amber",null,"Medway UA",null,null,null,null,"South Lakeland","North West",null,null,null,null,null,null,null,null,"Medway UA","Medway",null,null,null,null,null,null,"Maldon",62767]
["Malvern Hills",598,34,49390.273139999998,11846.248439999999,5598.6255000000001,39311.72466,106146.87174,1.398306855923384,"West Midlands",2.1800000000000002,70123,3997,5791628.9688900001,1389121.20294,656509.05674999999,4609792.7564099999,12447051.984990001,2337.4333333333334,133.23333333333332,193054.29896300001,46304.040098000005,21883.635224999998,153659.75854700003,414901.73283300002,5307.3435870000103,10614.687174000006,622352.59924950078,1244705.1984990016,20745.086641650007,41490.173283300013,null,13912.49,188,"Amber",null,"Melton",null,null,null,null,"South Ribble","North West",null,null,null,null,null,null,null,null,"Melton","Melton",null,null,null,null,null,null,"Malvern Hills",75911]
["Manchester",7964,454,657766.11252000008,157765.08792000002,74560.959000000003,523542.76788,1413634.92732,2.7174051638649406,"North West",2.13,85606,4880,7070407.5625800006,1695836.0266800001,801464.77350000001,5627624.58402,15195332.94678,2195.0256410256411,125.15384615384616,181292.50160461539,43482.975043076913,20550.378807692301,144298.06625692308,389623.92171230767,70681.746366000036,141363.49273200007,759766.6473390013,1519533.2946780007,19481.196085615375,38962.392171230807,null,26366.82,1,"Red",null,"Mendip",null,null,null,null,"St. Helens","North West",null,null,null,null,null,null,null,null,"Mendip","Mendip",null,null,null,null,null,null,"Manchester",520215]
["Mansfield",1305,74,107783.12115000001,25851.762900000002,12217.736250000002,85788.964349999995,231641.58465,2.1875061113576915,"East Midlands",2.04,53170,3031,4391439.5031000003,1053286.0026,497790.83250000002,3495325.0839,9437841.4221000001,1329.25,75.8,109785.98757750001,26332.150065000002,12444.770812500003,87383.127097500008,235946.03555249999,11582.079232500022,23164.158465000015,471892.07110499963,943784.14221000113,11797.30177762502,23594.603555250011,null,20467.439999999999,59,"Red",null,"Merseyside (Met County)",null,null,null,null,"Stockport","North West",null,null,null,null,null,null,null,null,"Merseyside (Met County)",null,null,null,null,null,null,null,"Mansfield",105893]
["Medway UA",3531,201,291633.87033000001,69948.333180000001,33058.104749999999,232123.24376999997,626763.55203000002,2.2873330001277301,"South East",2.0499999999999998,102406,5837,8457960.3865799997,2028640.3306800001,958750.57349999994,6732034.2400199994,18177385.530779999,1528.4477611940299,87.104477611940297,126238.21472507462,30278.213890746261,14309.710052238808,100478.12298537313,271304.2616534328,31338.177601500065,62676.355203000014,908869.27653900161,1817738.5530780032,13565.213082671631,27130.42616534332,null,17456.43,121,"Amber",null,"Merton",null,null,null,null,"Tameside","North West",null,null,null,null,null,null,null,null,"Merton","Merton",null,null,null,null,null,null,"Medway UA",274015]
["Melton",512,29,42287.324160000004,10142.607360000002,4793.4719999999998,33658.19904,90881.602559999999,1.7830760375914771,"East Midlands",2.04,53170,3031,4391439.5031000003,1053286.0026,497790.83250000002,3495325.0839,9437841.4221000001,1329.25,75.8,109785.98757750001,26332.150065000002,12444.770812500003,87383.127097500008,235946.03555249999,4544.0801280000014,9088.1602560000028,471892.07110499963,943784.14221000113,11797.30177762502,23594.603555250011,null,11229.74,236,"Green",null,"Mid Devon",null,null,null,null,"Trafford","North West",null,null,null,null,null,null,null,null,"Mid Devon","Mid Devon",null,null,null,null,null,null,"Melton",50969]
["Mendip",1117,64,92255.744310000009,22127.524260000002,10457.633250000001,73430.094389999998,198270.99621000001,1.7887390946735955,"South West",1.91,58403,3329,4823645.6892900001,1156950.58134,546783.48675000004,3839335.5440099998,10366715.30139,1622.3055555555557,92.527777777777771,133990.1580358333,32137.516148333347,15188.430187500002,106648.20955583334,287964.3139275001,9913.5498105000006,19827.09962100003,518335.76506949961,1036671.5301390011,14398.215696375002,28796.431392750063,null,15108.87,160,"Amber",null,"Mid Suffolk",null,null,null,null,"Warrington UA","North West",null,null,null,null,null,null,null,null,"Mid Suffolk","Mid Suffolk",null,null,null,null,null,null,"Mendip",110844]
["Merseyside (Met County)",16025,913,1323543.6907500001,317451.72450000007,150030.05625000002,1053462.1867500001,2844487.6582500003,2.0447567223151535,"North West",2.13,85606,4880,7070407.5625800006,1695836.0266800001,801464.77350000001,5627624.58402,15195332.94678,2195.0256410256411,125.15384615384616,181292.50160461539,43482.975043076913,20550.378807692301,144298.06625692308,389623.92171230767,142224.3829125003,284448.76582500013,759766.6473390013,1519533.2946780007,19481.196085615375,38962.392171230807,null,null,null,null,null,"Mid Sussex",null,null,null,null,"West Lancashire","North West",null,null,null,null,null,null,null,null,"Mid Sussex","Mid Sussex",null,null,null,null,null,null,"Merseyside (Met County)",1391113]
["Merton",3274,187,270407.61582000001,64857.219720000001,30652.0065,215228.40557999999,581145.24762000004,2.8555401204825199,"London",2.65,127399,7262,10522192.989570001,2523746.1622200003,1192741.2877500001,8375040.8193300003,22613721.258870002,3860.5757575757575,220,318854.3330172727,76477.156430909105,36143.675386363633,253789.11573727272,685264.28057181847,29057.262380999979,58114.524762000074,1130686.0629434995,2261372.1258870028,34263.214028590941,68526.428057181882,null,12597.06,212,"Amber",null,"Middlesbrough UA",null,null,null,null,"Wigan","North West",null,null,null,null,null,null,null,null,"Middlesbrough UA","Middlesbrough",null,null,null,null,null,null,"Merton",203515]
["Mid Devon",805,46,66486.90615000001,15946.872900000002,7536.6112500000008,52919.629350000003,142890.01965000003,1.8042124756938311,"South West",1.91,58403,3329,4823645.6892900001,1156950.58134,546783.48675000004,3839335.5440099998,10366715.30139,1622.3055555555557,92.527777777777771,133990.1580358333,32137.516148333347,15188.430187500002,106648.20955583334,287964.3139275001,7144.5009825000016,14289.001965000003,518335.76506949961,1036671.5301390011,14398.215696375002,28796.431392750063,null,15296.63,156,"Amber",null,"Milton Keynes UA",null,null,null,null,"Wirral","North West",null,null,null,null,null,null,null,null,"Milton Keynes UA","Milton Keynes",null,null,null,null,null,null,"Mid Devon",79198]
["Mid Suffolk",917,52,75737.258310000005,18165.56826,8585.18325,60282.360389999994,162770.37020999999,1.6421380959635192,"East",2.12,71855,4096,5934679.0576499999,1423431.7419,672724.47375,4723652.1328499997,12754487.406149998,1528.8297872340424,87.127659574468083,126269.76718404253,30285.781742553198,14313.286675531912,100503.23686914892,271372.07247127662,8138.5185104999982,16277.037021000026,637724.37030750141,1275448.7406150009,13568.603623563831,27137.207247127662,null,11198.81,239,"Green",null,"Mole Valley",null,null,null,null,"Wyre","North West",null,null,null,null,null,null,null,null,"Mole Valley","Mole Valley",null,null,null,null,null,null,"Mid Suffolk",99121]
["Mid Sussex",1521,87,125623.08603000001,30130.675380000004,14239.982250000001,99988.517070000002,269982.26072999998,1.8699810962272383,"South East",2.0499999999999998,102406,5837,8457960.3865799997,2028640.3306800001,958750.57349999994,6732034.2400199994,18177385.530779999,1528.4477611940299,87.104477611940297,126238.21472507462,30278.213890746261,14309.710052238808,100478.12298537313,271304.2616534328,13499.113036499999,26998.226072999998,908869.27653900161,1817738.5530780032,13565.213082671631,27130.42616534332,null,5689.67,321,"Green",null,"New Forest",null,null,null,null,"Adur","South East",null,null,null,null,null,null,null,null,"New Forest","New Forest",null,null,null,null,null,null,"Mid Sussex",144377]
["Middlesbrough UA",2003,114,165432.63729000001,39678.989340000007,18752.586750000002,131674.55601,355538.76939000003,2.5556449470597116,"North East",1.93,28456,1622,2350250.1880799998,563707.09967999998,266412.18599999999,1870659.5935199999,5051029.0672799991,2371.3333333333335,135.25,195854.18234000003,46975.591640000006,22201.015500000005,155888.29946000001,420919.08893999993,17776.93846949999,35553.876939000038,252551.45336399972,505102.90672800038,21045.954446999996,42091.908894000051,null,23562.71,16,"Red",null,"Newark and Sherwood",null,null,null,null,"Arun","South East",null,null,null,null,null,null,null,null,"Newark and Sherwood","Newark and Sherwood",null,null,null,null,null,null,"Middlesbrough UA",139119]
["Milton Keynes UA",3667,209,302866.44081,72642.463260000004,34331.370750000002,241063.70288999999,650903.97771000001,2.5107677205346293,"South East",2.0499999999999998,102406,5837,8457960.3865799997,2028640.3306800001,958750.57349999994,6732034.2400199994,18177385.530779999,1528.4477611940299,87.104477611940297,126238.21472507462,30278.213890746261,14309.710052238808,100478.12298537313,271304.2616534328,32545.198885500082,65090.397771000047,908869.27653900161,1817738.5530780032,13565.213082671631,27130.42616534332,null,14255.44,181,"Amber",null,"Newcastle upon Tyne",null,null,null,null,"Ashford","South East",null,null,null,null,null,null,null,null,"Newcastle upon Tyne","Newcastle upon Tyne",null,null,null,null,null,null,"Milton Keynes UA",259245]
["Mole Valley",800,46,66073.944000000003,15847.824000000001,7489.8,52590.936000000002,142002.50400000002,1.6467113203608787,"South East",2.0499999999999998,102406,5837,8457960.3865799997,2028640.3306800001,958750.57349999994,6732034.2400199994,18177385.530779999,1528.4477611940299,87.104477611940297,126238.21472507462,30278.213890746261,14309.710052238808,100478.12298537313,271304.2616534328,7100.1252000000095,14200.250400000019,908869.27653900161,1817738.5530780032,13565.213082671631,27130.42616534332,null,7097.65,305,"Green",null,"Newcastle-under-Lyme",null,null,null,null,"Aylesbury Vale","South East",null,null,null,null,null,null,null,null,"Newcastle-under-Lyme","Newcastle-under-Lyme",null,null,null,null,null,null,"Mole Valley",86234]
["New Forest",1546,88,127687.89678,30625.919880000001,14474.038500000001,101631.98381999999,274419.83898,1.5338686523165668,"South East",2.0499999999999998,102406,5837,8457960.3865799997,2028640.3306800001,958750.57349999994,6732034.2400199994,18177385.530779999,1528.4477611940299,87.104477611940297,126238.21472507462,30278.213890746261,14309.710052238808,100478.12298537313,271304.2616534328,13720.991948999988,27441.983898000035,908869.27653900161,1817738.5530780032,13565.213082671631,27130.42616534332,null,10472.709999999999,257,"Green",null,"Newham",null,null,null,null,"Basingstoke and Deane","South East",null,null,null,null,null,null,null,null,"Newham","Newham",null,null,null,null,null,null,"New Forest",178907]
["Newark and Sherwood",1233,70,101836.46619000001,24425.458740000002,11543.654250000001,81055.780110000007,{"$f":"SUM(D195:G195)","v":218861.35928999999},1.8585689234701677,"East Midlands",2.04,53170,3031,4391439.5031000003,1053286.0026,497790.83250000002,3495325.0839,9437841.4221000001,1329.25,75.8,109785.98757750001,26332.150065000002,12444.770812500003,87383.127097500008,235946.03555249999,10943.06796450002,21886.135929000011,471892.07110499963,943784.14221000113,11797.30177762502,23594.603555250011,null,15217.26,158,"Amber",null,"Norfolk",null,null,null,null,"Bracknell Forest UA","South East",null,null,null,null,null,null,null,null,"Norfolk",null,null,null,null,null,null,null,"Newark and Sherwood",117758]
["Newcastle upon Tyne",3283,187,271150.94769,65035.507740000001,30736.266749999999,215820.05361,582742.77578999999,2.0106018106508876,"North East",1.93,28456,1622,2350250.1880799998,563707.09967999998,266412.18599999999,1870659.5935199999,5051029.0672799991,2371.3333333333335,135.25,195854.18234000003,46975.591640000006,22201.015500000005,155888.29946000001,420919.08893999993,29137.138789499993,58274.277579000103,252551.45336399972,505102.90672800038,21045.954446999996,42091.908894000051,null,18993.310000000001,92,"Red",null,"North Devon",null,null,null,null,"Brighton and Hove UA","South East",null,null,null,null,null,null,null,null,"North Devon","North Devon",null,null,null,null,null,null,"Newcastle upon Tyne",289835]
["Newcastle-under-Lyme",1291,74,106626.82713000001,25574.425980000004,12086.66475,84868.622969999997,229156.54083000001,1.8179524389140991,"West Midlands",2.1800000000000002,70123,3997,5791628.9688900001,1389121.20294,656509.05674999999,4609792.7564099999,12447051.984990001,2337.4333333333334,133.23333333333332,193054.29896300001,46304.040098000005,21883.635224999998,153659.75854700003,414901.73283300002,11457.827041500015,22915.65408300003,622352.59924950078,1244705.1984990016,20745.086641650007,41490.173283300013,null,15088.67,161,"Amber",null,"North Dorset",null,null,null,null,"Buckinghamshire ","South East",null,null,null,null,null,null,null,null,"North Dorset","North Dorset",null,null,null,null,null,null,"Newcastle-under-Lyme",126052]
["Newham",6023,343,497454.20589000004,119314.30494000002,56388.831750000005,395944.00941,1069101.3519900001,3.2964194596419611,"London",2.65,127399,7262,10522192.989570001,2523746.1622200003,1192741.2877500001,8375040.8193300003,22613721.258870002,3860.5757575757575,220,318854.3330172727,76477.156430909105,36143.675386363633,253789.11573727272,685264.28057181847,53455.067599500064,106910.13519900013,1130686.0629434995,2261372.1258870028,34263.214028590941,68526.428057181882,null,25360.03,8,"Red",null,"North East Derbyshire",null,null,null,null,"Canterbury","South East",null,null,null,null,null,null,null,null,"North East Derbyshire","North East Derbyshire",null,null,null,null,null,null,"Newham",324322]
["Norfolk",9105,519,752004.07515000005,180368.04690000002,85243.286250000005,598550.59034999995,1616165.99865,1.8413439503366715,"East",2.12,71855,4096,5934679.0576499999,1423431.7419,672724.47375,4723652.1328499997,12754487.406149998,1528.8297872340424,87.127659574468083,126269.76718404253,30285.781742553198,14313.286675531912,100503.23686914892,271372.07247127662,80808.299932500115,161616.59986500023,637724.37030750141,1275448.7406150009,13568.603623563831,27137.207247127662,null,null,null,null,null,"North East Lincolnshire UA",null,null,null,null,"Cherwell","South East",null,null,null,null,null,null,null,null,"North East Lincolnshire UA","North East Lincolnshire",null,null,null,null,null,null,"Norfolk",877710]
["North Devon",933,53,77058.73719,18482.524740000004,8734.9792500000003,61334.179110000005,165610.42029000001,1.7607078566644341,"South West",1.91,58403,3329,4823645.6892900001,1156950.58134,546783.48675000004,3839335.5440099998,10366715.30139,1622.3055555555557,92.527777777777771,133990.1580358333,32137.516148333347,15188.430187500002,106648.20955583334,287964.3139275001,8280.5210145000019,16561.042029000004,518335.76506949961,1036671.5301390011,14398.215696375002,28796.431392750063,null,17214.650000000001,127,"Amber",null,"North Hertfordshire",null,null,null,null,"Chichester","South East",null,null,null,null,null,null,null,null,"North Hertfordshire","North Hertfordshire",null,null,null,null,null,null,"North Devon",94059]
["North Dorset",631,36,52115.823329999999,12499.97118,5907.5797499999999,41481.100769999997,112004.47503,1.5990816359950317,"South West",1.91,58403,3329,4823645.6892900001,1156950.58134,546783.48675000004,3839335.5440099998,10366715.30139,1622.3055555555557,92.527777777777771,133990.1580358333,32137.516148333347,15188.430187500002,106648.20955583334,287964.3139275001,5600.2237515000015,11200.447503000003,518335.76506949961,1036671.5301390011,14398.215696375002,28796.431392750063,null,12634.09,210,"Amber",null,"North Kesteven",null,null,null,null,"Chiltern","South East",null,null,null,null,null,null,null,null,"North Kesteven","North Kesteven",null,null,null,null,null,null,"North Dorset",70043]
["NORTH EAST",28456,1622,2350250.1880799998,563707.09967999998,266412.18599999999,1870659.5935199999,5051029.0672799991,1.9288233776477728,"North East",1.93,28456,1622,2350250.1880799998,563707.09967999998,266412.18599999999,1870659.5935199999,5051029.0672799991,2371.3333333333335,135.25,195854.18234000003,46975.591640000006,22201.015500000005,155888.29946000001,420919.08893999993,252551.45336399972,505102.90672800038,252551.45336399972,505102.90672800038,21045.954446999996,42091.908894000051,{"$f":"K202","v":1.93},null,null,null,null,"North Lincolnshire UA",null,null,null,null,"Crawley","South East",null,null,null,null,null,null,null,null,"North Lincolnshire UA","North Lincolnshire",null,null,null,null,null,null,"NORTH EAST",2618710]
["North East Derbyshire",875,50,72268.376250000001,17333.557500000003,8191.96875,57521.33625,155315.23874999999,1.563282457826717,"East Midlands",2.04,53170,3031,4391439.5031000003,1053286.0026,497790.83250000002,3495325.0839,9437841.4221000001,1329.25,75.8,109785.98757750001,26332.150065000002,12444.770812500003,87383.127097500008,235946.03555249999,7765.7619375000068,15531.523875000014,471892.07110499963,943784.14221000113,11797.30177762502,23594.603555250011,null,13909.58,190,"Amber",null,"North Norfolk",null,null,null,null,"Dartford","South East",null,null,null,null,null,null,null,null,"North Norfolk","North Norfolk",null,null,null,null,null,null,"North East Derbyshire",99352]
["North East Lincolnshire UA",1942,111,160394.49906,38470.59276,18181.4895,127664.49713999999,344711.07845999999,2.157086671547646,"Yorkshire and the Humber",2.12,64078,3652,5292357.7295399997,1269371.08284,599914.25549999997,4212402.4962599995,11374045.564139999,3051.3333333333335,174,252017.03474000003,60446.242040000005,28567.345499999999,200590.59505999996,541621.21734000009,17235.553922999999,34471.107846000057,568702.27820700034,1137404.5564140007,27081.060867000022,54162.121734000044,null,19980.599999999999,65,"Red",null,"North Somerset UA",null,null,null,null,"Dover","South East",null,null,null,null,null,null,null,null,"North Somerset UA","North Somerset",null,null,null,null,null,null,"North East Lincolnshire UA",159804]
["North Hertfordshire",1535,87,126779.38005000001,30408.012300000002,14371.053750000001,100908.85845,272467.30455,2.0791729968865895,"East",2.12,71855,4096,5934679.0576499999,1423431.7419,672724.47375,4723652.1328499997,12754487.406149998,1528.8297872340424,87.127659574468083,126269.76718404253,30285.781742553198,14313.286675531912,100503.23686914892,271372.07247127662,13623.365227500035,27246.730455000012,637724.37030750141,1275448.7406150009,13568.603623563831,27137.207247127662,null,9675.86,271,"Green",null,"North Tyneside",null,null,null,null,"East Hampshire","South East",null,null,null,null,null,null,null,null,"North Tyneside","North Tyneside",null,null,null,null,null,null,"North Hertfordshire",131046]
["North Kesteven",1098,63,90686.488140000016,21751.138440000002,10279.7505,72181.059659999999,194898.43674,1.7551144277146409,"East Midlands",2.04,53170,3031,4391439.5031000003,1053286.0026,497790.83250000002,3495325.0839,9437841.4221000001,1329.25,75.8,109785.98757750001,26332.150065000002,12444.770812500003,87383.127097500008,235946.03555249999,9744.9218370000017,19489.843674000003,471892.07110499963,943784.14221000113,11797.30177762502,23594.603555250011,null,9755.5400000000009,266,"Green",null,"North Warwickshire",null,null,null,null,"East Sussex ","South East",null,null,null,null,null,null,null,null,"North Warwickshire","North Warwickshire",null,null,null,null,null,null,"North Kesteven",111046]
["North Lincolnshire UA",1734,99,143215.27362000002,34350.158520000005,16234.141500000002,113990.85378,307790.42742000002,1.8185871975278736,"Yorkshire and the Humber",2.12,64078,3652,5292357.7295399997,1269371.08284,599914.25549999997,4212402.4962599995,11374045.564139999,3051.3333333333335,174,252017.03474000003,60446.242040000005,28567.345499999999,200590.59505999996,541621.21734000009,15389.521371000039,30779.04274200002,568702.27820700034,1137404.5564140007,27081.060867000022,54162.121734000044,null,16607.759999999998,135,"Amber",null,"North West Leicestershire",null,null,null,null,"Eastbourne","South East",null,null,null,null,null,null,null,null,"North West Leicestershire","North West Leicestershire",null,null,null,null,null,null,"North Lincolnshire UA",169247]
["North Norfolk",786,45,64917.649980000002,15570.487080000001,7358.7285000000002,51670.594619999996,139517.46017999999,1.3562897739799935,"East",2.12,71855,4096,5934679.0576499999,1423431.7419,672724.47375,4723652.1328499997,12754487.406149998,1528.8297872340424,87.127659574468083,126269.76718404253,30285.781742553198,14313.286675531912,100503.23686914892,271372.07247127662,6975.8730090000026,13951.746018000005,637724.37030750141,1275448.7406150009,13568.603623563831,27137.207247127662,null,18985.68,93,"Red",null,"North Yorkshire ",null,null,null,null,"Eastleigh","South East",null,null,null,null,null,null,null,null,"North Yorkshire ",null,null,null,null,null,null,null,"North Norfolk",102867]
["North Somerset UA",2192,125,181042.60656000001,43423.037760000007,20522.052,144099.16464,389086.86096000002,1.8692259623163621,"South West",1.91,58403,3329,4823645.6892900001,1156950.58134,546783.48675000004,3839335.5440099998,10366715.30139,1622.3055555555557,92.527777777777771,133990.1580358333,32137.516148333347,15188.430187500002,106648.20955583334,287964.3139275001,19454.34304800001,38908.686096000019,518335.76506949961,1036671.5301390011,14398.215696375002,28796.431392750063,null,11851.37,224,"Green",null,"Northampton",null,null,null,null,"Elmbridge","South East",null,null,null,null,null,null,null,null,"Northampton","Northampton",null,null,null,null,null,null,"North Somerset UA",208154]
["North Tyneside",2293,131,189384.44198999999,45423.825539999998,21467.63925,150738.77030999999,407014.67709000001,2.0075300728504915,"North East",1.93,28456,1622,2350250.1880799998,563707.09967999998,266412.18599999999,1870659.5935199999,5051029.0672799991,2371.3333333333335,135.25,195854.18234000003,46975.591640000006,22201.015500000005,155888.29946000001,420919.08893999993,20350.733854499995,40701.467709000048,252551.45336399972,505102.90672800038,21045.954446999996,42091.908894000051,null,16397.98,138,"Amber",null,"Northamptonshire",null,null,null,null,"Epsom and Ewell","South East",null,null,null,null,null,null,null,null,"Northamptonshire",null,null,null,null,null,null,null,"North Tyneside",202744]
["North Warwickshire",568,32,46912.500239999994,11251.955040000001,5317.7579999999998,37339.564559999999,100821.77784,1.6139748005378753,"West Midlands",2.1800000000000002,70123,3997,5791628.9688900001,1389121.20294,656509.05674999999,4609792.7564099999,12447051.984990001,2337.4333333333334,133.23333333333332,193054.29896300001,46304.040098000005,21883.635224999998,153659.75854700003,414901.73283300002,5041.0888919999998,10082.177784000014,622352.59924950078,1244705.1984990016,20745.086641650007,41490.173283300013,null,14357.54,179,"Amber",null,"Northumberland UA",null,null,null,null,"Fareham","South East",null,null,null,null,null,null,null,null,"Northumberland UA","Northumberland",null,null,null,null,null,null,"North Warwickshire",62468]
["NORTH WEST",85606,4880,7070407.5625800006,1695836.0266800001,801464.77350000001,5627624.58402,15195332.94678,2.130289095665479,"North West",2.13,85606,4880,7070407.5625800006,1695836.0266800001,801464.77350000001,5627624.58402,15195332.94678,2195.0256410256411,125.15384615384616,181292.50160461539,43482.975043076913,20550.378807692301,144298.06625692308,389623.92171230767,759766.6473390013,1519533.2946780007,759766.6473390013,1519533.2946780007,19481.196085615375,38962.392171230807,{"$f":"K212","v":2.13},null,null,null,null,"Norwich",null,null,null,null,"Gosport","South East",null,null,null,null,null,null,null,null,"Norwich","Norwich",null,null,null,null,null,null,"NORTH WEST",7132991]
["North West Leicestershire",974,56,80445.026819999999,19294.725720000002,9118.8315000000002,64029.46458,172888.04862000002,1.8031335247491711,"East Midlands",2.04,53170,3031,4391439.5031000003,1053286.0026,497790.83250000002,3495325.0839,9437841.4221000001,1329.25,75.8,109785.98757750001,26332.150065000002,12444.770812500003,87383.127097500008,235946.03555249999,8644.402430999995,17288.804862000019,471892.07110499963,943784.14221000113,11797.30177762502,23594.603555250011,null,12491.94,214,"Amber",null,"Nottingham UA",null,null,null,null,"Gravesham","South East",null,null,null,null,null,null,null,null,"Nottingham UA","Nottingham",null,null,null,null,null,null,"North West Leicestershire",95882]
["North Yorkshire ",5626,321,464665.01118000003,111449.82228000001,52672.018500000006,369845.75741999998,998632.60938000004,1.6601377297119375,"Yorkshire and the Humber",2.12,64078,3652,5292357.7295399997,1269371.08284,599914.25549999997,4212402.4962599995,11374045.564139999,3051.3333333333335,174,252017.03474000003,60446.242040000005,28567.345499999999,200590.59505999996,541621.21734000009,49931.630469000083,99863.260938000167,568702.27820700034,1137404.5564140007,27081.060867000022,54162.121734000044,null,null,null,null,null,"Nottinghamshire ",null,null,null,null,"Guildford","South East",null,null,null,null,null,null,null,null,"Nottinghamshire ",null,null,null,null,null,null,null,"North Yorkshire ",601536]
["Northampton",3236,184,267269.10347999999,64104.448080000002,30296.240999999998,212730.33611999999,574400.12867999997,2.616916689127315,"East Midlands",2.04,53170,3031,4391439.5031000003,1053286.0026,497790.83250000002,3495325.0839,9437841.4221000001,1329.25,75.8,109785.98757750001,26332.150065000002,12444.770812500003,87383.127097500008,235946.03555249999,28720.006433999981,57440.012868000078,471892.07110499963,943784.14221000113,11797.30177762502,23594.603555250011,null,18173.71,108,"Red",null,"Nuneaton and Bedworth",null,null,null,null,"Hampshire ","South East",null,null,null,null,null,null,null,null,"Nuneaton and Bedworth","Nuneaton and Bedworth",null,null,null,null,null,null,"Northampton",219495]
["Northamptonshire",8746,499,722353.39277999999,173256.33588,81882.238499999992,574950.40781999996,1552442.3749799998,2.1730959682919178,"East Midlands",2.04,53170,3031,4391439.5031000003,1053286.0026,497790.83250000002,3495325.0839,9437841.4221000001,1329.25,75.8,109785.98757750001,26332.150065000002,12444.770812500003,87383.127097500008,235946.03555249999,77622.118749000132,155244.23749800003,471892.07110499963,943784.14221000113,11797.30177762502,23594.603555250011,null,null,null,null,null,"Oadby and Wigston",null,null,null,null,"Hart","South East",null,null,null,null,null,null,null,null,"Oadby and Wigston","Oadby and Wigston",null,null,null,null,null,null,"Northamptonshire",714392]
["Northumberland UA",2753,157,227376.95978999999,54536.324339999999,25774.274249999999,180978.55850999997,488666.11688999995,1.5464753831328502,"North East",1.93,28456,1622,2350250.1880799998,563707.09967999998,266412.18599999999,1870659.5935199999,5051029.0672799991,2371.3333333333335,135.25,195854.18234000003,46975.591640000006,22201.015500000005,155888.29946000001,420919.08893999993,24433.305844500021,48866.611689000041,252551.45336399972,505102.90672800038,21045.954446999996,42091.908894000051,null,16030.99,145,"Amber",null,"Oldham ",null,null,null,null,"Hastings","South East",null,null,null,null,null,null,null,null,"Oldham ","Oldham",null,null,null,null,null,null,"Northumberland UA",315987]
["Norwich",1761,100,145445.26923000001,34885.022580000004,16486.922250000003,115765.79787000001,312583.01193000004,2.2737940230010478,"East",2.12,71855,4096,5934679.0576499999,1423431.7419,672724.47375,4723652.1328499997,12754487.406149998,1528.8297872340424,87.127659574468083,126269.76718404253,30285.781742553198,14313.286675531912,100503.23686914892,271372.07247127662,15629.150596500025,31258.30119300005,637724.37030750141,1275448.7406150009,13568.603623563831,27137.207247127662,null,21107.09,47,"Red",null,"Outer London",null,null,null,null,"Havant","South East",null,null,null,null,null,null,null,null,"Outer London",null,null,null,null,null,null,null,"Norwich",137472]
["Nottingham UA",4242,242,350357.08806000004,84033.086760000006,39714.664499999999,278863.43813999998,752968.27746000001,2.3959431996257972,"East Midlands",2.04,53170,3031,4391439.5031000003,1053286.0026,497790.83250000002,3495325.0839,9437841.4221000001,1329.25,75.8,109785.98757750001,26332.150065000002,12444.770812500003,87383.127097500008,235946.03555249999,37648.41387300007,75296.827746000024,471892.07110499963,943784.14221000113,11797.30177762502,23594.603555250011,null,25061.02,10,"Red",null,"Oxford",null,null,null,null,"Horsham","South East",null,null,null,null,null,null,null,null,"Oxford","Oxford",null,null,null,null,null,null,"Nottingham UA",314268]
["Nottinghamshire ",8662,494,715415.62866000005,171592.31436000002,81095.809500000003,569428.35953999998,1537532.1120600002,1.9185816045371169,"East Midlands",2.04,53170,3031,4391439.5031000003,1053286.0026,497790.83250000002,3495325.0839,9437841.4221000001,1329.25,75.8,109785.98757750001,26332.150065000002,12444.770812500003,87383.127097500008,235946.03555249999,76876.605603000149,153753.21120600007,471892.07110499963,943784.14221000113,11797.30177762502,23594.603555250011,null,null,null,null,null,"Oxfordshire",null,null,null,null,"Isle of Wight UA","South East",null,null,null,null,null,null,null,null,"Oxfordshire",null,null,null,null,null,null,null,"Nottinghamshire ",801390]
["Nuneaton and Bedworth",1528,87,126201.23304000001,30269.343840000001,14305.518,100448.68776,271224.78263999999,2.149609132150839,"West Midlands",2.1800000000000002,70123,3997,5791628.9688900001,1389121.20294,656509.05674999999,4609792.7564099999,12447051.984990001,2337.4333333333334,133.23333333333332,193054.29896300001,46304.040098000005,21883.635224999998,153659.75854700003,414901.73283300002,13561.239132000017,27122.478264000034,622352.59924950078,1244705.1984990016,20745.086641650007,41490.173283300013,null,18037.650000000001,110,"Amber",null,"Pendle",null,null,null,null,"Kent ","South East",null,null,null,null,null,null,null,null,"Pendle","Pendle",null,null,null,null,null,null,"Nuneaton and Bedworth",126174]
["Oadby and Wigston",567,32,46829.907810000004,11232.145260000001,5308.3957500000006,37273.82589,100644.27471000001,1.7995328763767704,"East Midlands",2.04,53170,3031,4391439.5031000003,1053286.0026,497790.83250000002,3495325.0839,9437841.4221000001,1329.25,75.8,109785.98757750001,26332.150065000002,12444.770812500003,87383.127097500008,235946.03555249999,5032.2137355000013,10064.427471000017,471892.07110499963,943784.14221000113,11797.30177762502,23594.603555250011,null,10763.5,249,"Green",null,"Peterborough UA",null,null,null,null,"Lewes","South East",null,null,null,null,null,null,null,null,"Peterborough UA","Peterborough",null,null,null,null,null,null,"Oadby and Wigston",55928]
["Oldham ",3282,187,271068.35526000004,65015.697960000005,30726.904500000001,215754.31494000001,582565.27266000002,2.5465664444298737,"North West",2.13,85606,4880,7070407.5625800006,1695836.0266800001,801464.77350000001,5627624.58402,15195332.94678,2195.0256410256411,125.15384615384616,181292.50160461539,43482.975043076913,20550.378807692301,144298.06625692308,389623.92171230767,29128.263633000082,58256.527266000048,759766.6473390013,1519533.2946780007,19481.196085615375,38962.392171230807,null,20884.259999999998,51,"Red",null,"Plymouth UA",null,null,null,null,"Maidstone","South East",null,null,null,null,null,null,null,null,"Plymouth UA","Plymouth",null,null,null,null,null,null,"Oldham ",228765]
["Outer London",76825,4379,6345163.4347500009,1521886.3485000003,719254.85625000007,5050373.3227500003,13636677.962250002,2.65,"London",2.65,127399,7262,10522192.989570001,2523746.1622200003,1192741.2877500001,8375040.8193300003,22613721.258870002,3860.5757575757575,220,318854.3330172727,76477.156430909105,36143.675386363633,253789.11573727272,685264.28057181847,681833.89811250009,1363667.796225002,1130686.0629434995,2261372.1258870028,34263.214028590941,68526.428057181882,null,null,null,null,null,"Poole UA",null,null,null,null,"Medway UA","South East",null,null,null,null,null,null,null,null,"Poole UA","Poole",null,null,null,null,null,null,"Outer London"]
["Oxford",1845,105,152383.03335000001,36549.044100000006,17273.35125,121287.84615,327493.27485000005,2.072781602498782,"South East",2.0499999999999998,102406,5837,8457960.3865799997,2028640.3306800001,958750.57349999994,6732034.2400199994,18177385.530779999,1528.4477611940299,87.104477611940297,126238.21472507462,30278.213890746261,14309.710052238808,100478.12298537313,271304.2616534328,16374.663742500008,32749.327485000016,908869.27653900161,1817738.5530780032,13565.213082671631,27130.42616534332,null,14892.03,169,"Amber",null,"Portsmouth UA",null,null,null,null,"Mid Sussex","South East",null,null,null,null,null,null,null,null,"Portsmouth UA","Portsmouth",null,null,null,null,null,null,"Oxford",157997]
["Oxfordshire",7775,443,642156.14324999996,154021.03950000001,72791.493750000009,511118.15924999997,1380086.8357499999,2.0521249096675764,"South East",2.0499999999999998,102406,5837,8457960.3865799997,2028640.3306800001,958750.57349999994,6732034.2400199994,18177385.530779999,1528.4477611940299,87.104477611940297,126238.21472507462,30278.213890746261,14309.710052238808,100478.12298537313,271304.2616534328,69004.341787500074,138008.68357500015,908869.27653900161,1817738.5530780032,13565.213082671631,27130.42616534332,null,null,null,null,null,"Preston",null,null,null,null,"Milton Keynes UA","South East",null,null,null,null,null,null,null,null,"Preston","Preston",null,null,null,null,null,null,"Oxfordshire",672516]
["Pendle",1304,74,107700.52872,25831.953120000002,12208.374,85723.225680000003,231464.08152000001,2.5764034007123775,"North West",2.13,85606,4880,7070407.5625800006,1695836.0266800001,801464.77350000001,5627624.58402,15195332.94678,2195.0256410256411,125.15384615384616,181292.50160461539,43482.975043076913,20550.378807692301,144298.06625692308,389623.92171230767,11573.204076000024,23146.408152000018,759766.6473390013,1519533.2946780007,19481.196085615375,38962.392171230807,null,21379.05,42,"Red",null,"Purbeck",null,null,null,null,"Mole Valley","South East",null,null,null,null,null,null,null,null,"Purbeck","Purbeck",null,null,null,null,null,null,"Pendle",89840]
["Peterborough UA",3134,179,258844.67562000002,62083.850520000007,29341.291499999999,206024.99177999998,556294.80942000006,2.9207806817143669,"East",2.12,71855,4096,5934679.0576499999,1423431.7419,672724.47375,4723652.1328499997,12754487.406149998,1528.8297872340424,87.127659574468083,126269.76718404253,30285.781742553198,14313.286675531912,100503.23686914892,271372.07247127662,27814.740471000085,55629.480942000053,637724.37030750141,1275448.7406150009,13568.603623563831,27137.207247127662,null,20521.02,58,"Red",null,"Reading UA",null,null,null,null,"New Forest","South East",null,null,null,null,null,null,null,null,"Reading UA","Reading",null,null,null,null,null,null,"Peterborough UA",190461]
["Plymouth UA",3101,177,256119.12543000001,61430.127780000003,29032.33725,203855.61567,550437.20612999995,2.104552186345805,"South West",1.91,58403,3329,4823645.6892900001,1156950.58134,546783.48675000004,3839335.5440099998,10366715.30139,1622.3055555555557,92.527777777777771,133990.1580358333,32137.516148333347,15188.430187500002,106648.20955583334,287964.3139275001,27521.860306499992,55043.7206130001,518335.76506949961,1036671.5301390011,14398.215696375002,28796.431392750063,null,19601.12,82,"Red",null,"Redbridge",null,null,null,null,"Oxford","South East",null,null,null,null,null,null,null,null,"Redbridge","Redbridge",null,null,null,null,null,null,"Plymouth UA",261546]
["Poole UA",1647,94,136029.73221000002,32626.707660000004,15419.625750000001,108271.58949,292347.65511000005,1.9475691338294177,"South West",1.91,58403,3329,4823645.6892900001,1156950.58134,546783.48675000004,3839335.5440099998,10366715.30139,1622.3055555555557,92.527777777777771,133990.1580358333,32137.516148333347,15188.430187500002,106648.20955583334,287964.3139275001,14617.382755500032,29234.765511000005,518335.76506949961,1036671.5301390011,14398.215696375002,28796.431392750063,null,12763.62,208,"Amber",null,"Redcar and Cleveland UA",null,null,null,null,"Oxfordshire","South East",null,null,null,null,null,null,null,null,"Redcar and Cleveland UA","Redcar and Cleveland",null,null,null,null,null,null,"Poole UA",150109]
["Portsmouth UA",2685,153,221760.67455000003,53189.259300000005,25137.641250000004,176508.32895,476595.90405000001,2.2794361338690008,"South East",2.0499999999999998,102406,5837,8457960.3865799997,2028640.3306800001,958750.57349999994,6732034.2400199994,18177385.530779999,1528.4477611940299,87.104477611940297,126238.21472507462,30278.213890746261,14309.710052238808,100478.12298537313,271304.2616534328,23829.795202500012,47659.590405000024,908869.27653900161,1817738.5530780032,13565.213082671631,27130.42616534332,null,20585.419999999998,57,"Red",null,"Redditch",null,null,null,null,"Portsmouth UA","South East",null,null,null,null,null,null,null,null,"Redditch","Redditch",null,null,null,null,null,null,"Portsmouth UA",209085]
["Preston",1869,107,154365.25167,37024.478820000004,17498.045249999999,122865.57423,331753.34996999998,2.3620407681627884,"North West",2.13,85606,4880,7070407.5625800006,1695836.0266800001,801464.77350000001,5627624.58402,15195332.94678,2195.0256410256411,125.15384615384616,181292.50160461539,43482.975043076913,20550.378807692301,144298.06625692308,389623.92171230767,16587.667498500028,33175.334997000056,759766.6473390013,1519533.2946780007,19481.196085615375,38962.392171230807,null,19889.68,72,"Red",null,"Reigate and Banstead",null,null,null,null,"Reading UA","South East",null,null,null,null,null,null,null,null,"Reigate and Banstead","Reigate and Banstead",null,null,null,null,null,null,"Preston",140452]
["Purbeck",408,23,33697.711439999999,8082.3902400000006,3819.7980000000002,26821.377359999999,72421.277040000001,1.5854391961295125,"South West",1.91,58403,3329,4823645.6892900001,1156950.58134,546783.48675000004,3839335.5440099998,10366715.30139,1622.3055555555557,92.527777777777771,133990.1580358333,32137.516148333347,15188.430187500002,106648.20955583334,287964.3139275001,3621.0638520000066,7242.1277040000132,518335.76506949961,1036671.5301390011,14398.215696375002,28796.431392750063,null,12608.47,211,"Amber",null,"Ribble Valley",null,null,null,null,"Reigate and Banstead","South East",null,null,null,null,null,null,null,null,"Ribble Valley","Ribble Valley",null,null,null,null,null,null,"Purbeck",45679]
["Reading UA",2554,146,210941.06622000001,50594.178120000004,23911.1865,167896.56318,453342.99401999998,2.8188589710554952,"South East",2.0499999999999998,102406,5837,8457960.3865799997,2028640.3306800001,958750.57349999994,6732034.2400199994,18177385.530779999,1528.4477611940299,87.104477611940297,126238.21472507462,30278.213890746261,14309.710052238808,100478.12298537313,271304.2616534328,22667.149701000017,45334.299402000033,908869.27653900161,1817738.5530780032,13565.213082671631,27130.42616534332,null,16129.04,143,"Amber",null,"Richmond upon Thames",null,null,null,null,"Rother","South East",null,null,null,null,null,null,null,null,"Richmond upon Thames","Richmond upon Thames",null,null,null,null,null,null,"Reading UA",160825]
["Redbridge",4678,267,386367.38754000003,92670.150840000017,43796.605500000005,307525.49826000002,830359.64214000013,2.8334600745252603,"London",2.65,127399,7262,10522192.989570001,2523746.1622200003,1192741.2877500001,8375040.8193300003,22613721.258870002,3860.5757575757575,220,318854.3330172727,76477.156430909105,36143.675386363633,253789.11573727272,685264.28057181847,41517.982107000076,83035.964214000036,1130686.0629434995,2261372.1258870028,34263.214028590941,68526.428057181882,null,17495.5,119,"Amber",null,"Richmondshire",null,null,null,null,"Runnymede","South East",null,null,null,null,null,null,null,null,"Richmondshire","Richmondshire",null,null,null,null,null,null,"Redbridge",293055]
["Redcar and Cleveland UA",1422,81,117446.43546000001,28169.507160000001,13313.119500000001,93480.388739999995,252409.45086000001,1.8691181325809749,"North East",1.93,28456,1622,2350250.1880799998,563707.09967999998,266412.18599999999,1870659.5935199999,5051029.0672799991,2371.3333333333335,135.25,195854.18234000003,46975.591640000006,22201.015500000005,155888.29946000001,420919.08893999993,12620.47254300004,25240.945086000051,252551.45336399972,505102.90672800038,21045.954446999996,42091.908894000051,null,19716.009999999998,78,"Red",null,"Rochdale",null,null,null,null,"Rushmoor","South East",null,null,null,null,null,null,null,null,"Rochdale","Rochdale",null,null,null,null,null,null,"Redcar and Cleveland UA",135042]
["Redditch",1108,63,91512.41244,21949.236240000002,10373.373,72838.446360000002,196673.46804000001,2.3282957232659731,"West Midlands",2.1800000000000002,70123,3997,5791628.9688900001,1389121.20294,656509.05674999999,4609792.7564099999,12447051.984990001,2337.4333333333334,133.23333333333332,193054.29896300001,46304.040098000005,21883.635224999998,153659.75854700003,414901.73283300002,9833.6734020000149,19667.34680400003,622352.59924950078,1244705.1984990016,20745.086641650007,41490.173283300013,null,16429.93,136,"Amber",null,"Rochford",null,null,null,null,"Sevenoaks","South East",null,null,null,null,null,null,null,null,"Rochford","Rochford",null,null,null,null,null,null,"Redditch",84471]
["Reigate and Banstead",1846,105,152465.62578,36568.853880000002,17282.713500000002,121353.58482,327670.77798000001,2.2898987936601118,"South East",2.0499999999999998,102406,5837,8457960.3865799997,2028640.3306800001,958750.57349999994,6732034.2400199994,18177385.530779999,1528.4477611940299,87.104477611940297,126238.21472507462,30278.213890746261,14309.710052238808,100478.12298537313,271304.2616534328,16383.538899000036,32767.077798000013,908869.27653900161,1817738.5530780032,13565.213082671631,27130.42616534332,null,8435.98,292,"Green",null,"Rossendale",null,null,null,null,"Shepway","South East",null,null,null,null,null,null,null,null,"Rossendale","Rossendale",null,null,null,null,null,null,"Reigate and Banstead",143094]
["Ribble Valley",457,26,37744.740509999996,9053.0694600000006,4278.5482499999998,30042.572189999999,81118.930410000001,1.3964113272279699,"North West",2.13,85606,4880,7070407.5625800006,1695836.0266800001,801464.77350000001,5627624.58402,15195332.94678,2195.0256410256411,125.15384615384616,181292.50160461539,43482.975043076913,20550.378807692301,144298.06625692308,389623.92171230767,4055.9465205000015,8111.893041000003,759766.6473390013,1519533.2946780007,19481.196085615375,38962.392171230807,null,8525.4599999999991,290,"Green",null,"Rother",null,null,null,null,"Slough UA","South East",null,null,null,null,null,null,null,null,"Rother","Rother",null,null,null,null,null,null,"Ribble Valley",58091]
["Richmond upon Thames",2589,148,213831.80127000003,51287.520420000008,24238.865250000003,170197.41662999999,459555.60357000004,2.3739215516181522,"London",2.65,127399,7262,10522192.989570001,2523746.1622200003,1192741.2877500001,8375040.8193300003,22613721.258870002,3860.5757575757575,220,318854.3330172727,76477.156430909105,36143.675386363633,253789.11573727272,685264.28057181847,22977.780178500048,45955.560357000038,1130686.0629434995,2261372.1258870028,34263.214028590941,68526.428057181882,null,8109.94,296,"Green",null,"Rotherham ",null,null,null,null,"South Bucks","South East",null,null,null,null,null,null,null,null,"Rotherham ","Rotherham",null,null,null,null,null,null,"Richmond upon Thames",193585]
["Richmondshire",510,29,42122.139300000003,10102.987800000001,4774.7475000000004,33526.721700000002,90526.596300000005,1.7168274820307612,"Yorkshire and the Humber",2.12,64078,3652,5292357.7295399997,1269371.08284,599914.25549999997,4212402.4962599995,11374045.564139999,3051.3333333333335,174,252017.03474000003,60446.242040000005,28567.345499999999,200590.59505999996,541621.21734000009,4526.3298150000046,9052.6596300000092,568702.27820700034,1137404.5564140007,27081.060867000022,54162.121734000044,null,11847.38,225,"Green",null,"Rugby",null,null,null,null,"South Oxfordshire","South East",null,null,null,null,null,null,null,null,"Rugby","Rugby",null,null,null,null,null,null,"Richmondshire",52729]
["Rochdale",2844,162,234892.87092000002,56339.014320000002,26626.239000000001,186960.77747999999,504818.90172000002,2.3704646919168679,"North West",2.13,85606,4880,7070407.5625800006,1695836.0266800001,801464.77350000001,5627624.58402,15195332.94678,2195.0256410256411,125.15384615384616,181292.50160461539,43482.975043076913,20550.378807692301,144298.06625692308,389623.92171230767,25240.94508600008,50481.890172000101,759766.6473390013,1519533.2946780007,19481.196085615375,38962.392171230807,null,22779.200000000001,25,"Red",null,"Runnymede",null,null,null,null,"Southampton UA","South East",null,null,null,null,null,null,null,null,"Runnymede","Runnymede",null,null,null,null,null,null,"Rochdale",212962]
["Rochford",794,45,65578.389420000007,15728.965320000001,7433.6265000000003,52196.503980000001,140937.48522,1.6624691566009249,"East",2.12,71855,4096,5934679.0576499999,1423431.7419,672724.47375,4723652.1328499997,12754487.406149998,1528.8297872340424,87.127659574468083,126269.76718404253,30285.781742553198,14313.286675531912,100503.23686914892,271372.07247127662,7046.874261000019,14093.748522000009,637724.37030750141,1275448.7406150009,13568.603623563831,27137.207247127662,null,8967.92,285,"Green",null,"Rushcliffe",null,null,null,null,"Spelthorne","South East",null,null,null,null,null,null,null,null,"Rushcliffe","Rushcliffe",null,null,null,null,null,null,"Rochford",84776]
["Rossendale",837,48,69129.86391,16580.785860000004,7836.2032500000005,55023.266790000001,148570.11981,2.1479603257286608,"North West",2.13,85606,4880,7070407.5625800006,1695836.0266800001,801464.77350000001,5627624.58402,15195332.94678,2195.0256410256411,125.15384615384616,181292.50160461539,43482.975043076913,20550.378807692301,144298.06625692308,389623.92171230767,7428.5059905000089,14857.011981000018,759766.6473390013,1519533.2946780007,19481.196085615375,38962.392171230807,null,18584.240000000002,98,"Red",null,"Rushmoor",null,null,null,null,"Surrey","South East",null,null,null,null,null,null,null,null,"Rushmoor","Rushmoor",null,null,null,null,null,null,"Rossendale",69168]
["Rother",705,40,58227.66315,13965.894900000001,6600.3862500000005,46345.762349999997,125139.70665000001,1.3582948730055358,"South East",2.0499999999999998,102406,5837,8457960.3865799997,2028640.3306800001,958750.57349999994,6732034.2400199994,18177385.530779999,1528.4477611940299,87.104477611940297,126238.21472507462,30278.213890746261,14309.710052238808,100478.12298537313,271304.2616534328,6256.9853325000149,12513.970665000001,908869.27653900161,1817738.5530780032,13565.213082671631,27130.42616534332,null,15772.76,148,"Amber",null,"Rutland UA",null,null,null,null,"Surrey Heath","South East",null,null,null,null,null,null,null,null,"Rutland UA","Rutland",null,null,null,null,null,null,"Rother",92130]
["Rotherham ",3072,175,253723.94496000002,60855.644160000011,28760.832000000002,201949.19424000001,545289.61536000005,2.0967032543545971,"Yorkshire and the Humber",2.12,64078,3652,5292357.7295399997,1269371.08284,599914.25549999997,4212402.4962599995,11374045.564139999,3051.3333333333335,174,252017.03474000003,60446.242040000005,28567.345499999999,200590.59505999996,541621.21734000009,27264.480768000009,54528.961536000017,568702.27820700034,1137404.5564140007,27081.060867000022,54162.121734000044,null,20182.990000000002,62,"Red",null,"Ryedale",null,null,null,null,"Swale","South East",null,null,null,null,null,null,null,null,"Ryedale","Ryedale",null,null,null,null,null,null,"Rotherham ",260070]
["Rugby",1246,71,102910.16778,24682.985880000004,11665.363500000001,81910.382819999999,221168.89998000002,2.1577453656585366,"West Midlands",2.1800000000000002,70123,3997,5791628.9688900001,1389121.20294,656509.05674999999,4609792.7564099999,12447051.984990001,2337.4333333333334,133.23333333333332,193054.29896300001,46304.040098000005,21883.635224999998,153659.75854700003,414901.73283300002,11058.444998999999,22116.889998000028,622352.59924950078,1244705.1984990016,20745.086641650007,41490.173283300013,null,11042.63,244,"Green",null,"Salford",null,null,null,null,"Tandridge","South East",null,null,null,null,null,null,null,null,"Salford","Salford",null,null,null,null,null,null,"Rugby",102500]
["Runnymede",970,55,80114.657099999997,19215.4866,9081.3824999999997,63766.509899999997,172178.0361,2.0355863532110092,"South East",2.0499999999999998,102406,5837,8457960.3865799997,2028640.3306800001,958750.57349999994,6732034.2400199994,18177385.530779999,1528.4477611940299,87.104477611940297,126238.21472507462,30278.213890746261,14309.710052238808,100478.12298537313,271304.2616534328,8608.9018050000013,17217.803610000003,908869.27653900161,1817738.5530780032,13565.213082671631,27130.42616534332,null,9166.69,280,"Green",null,"Sandwell ",null,null,null,null,"Test Valley","South East",null,null,null,null,null,null,null,null,"Sandwell ","Sandwell",null,null,null,null,null,null,"Runnymede",84584]
["Rushcliffe",1037,59,85648.349910000004,20542.741860000002,9708.6532499999994,68171.000790000006,184070.74580999999,1.6193432375296912,"East Midlands",2.04,53170,3031,4391439.5031000003,1053286.0026,497790.83250000002,3495325.0839,9437841.4221000001,1329.25,75.8,109785.98757750001,26332.150065000002,12444.770812500003,87383.127097500008,235946.03555249999,9203.5372905000113,18407.074581000023,471892.07110499963,943784.14221000113,11797.30177762502,23594.603555250011,null,5872.34,318,"Green",null,"Scarborough",null,null,null,null,"Thanet","South East",null,null,null,null,null,null,null,null,"Scarborough","Scarborough",null,null,null,null,null,null,"Rushcliffe",113670]
["Rushmoor",1381,79,114060.14582999999,27357.30618,12929.267249999999,90785.103269999992,245131.82253,2.5723201659041304,"South East",2.0499999999999998,102406,5837,8457960.3865799997,2028640.3306800001,958750.57349999994,6732034.2400199994,18177385.530779999,1528.4477611940299,87.104477611940297,126238.21472507462,30278.213890746261,14309.710052238808,100478.12298537313,271304.2616534328,12256.591126500018,24513.182253000035,908869.27653900161,1817738.5530780032,13565.213082671631,27130.42616534332,null,12879.74,205,"Amber",null,"Sedgemoor",null,null,null,null,"Tonbridge and Malling","South East",null,null,null,null,null,null,null,null,"Sedgemoor","Sedgemoor",null,null,null,null,null,null,"Rushmoor",95296]
["Rutland UA",341,19,28164.018630000002,6755.1349800000007,3192.5272500000001,22416.886470000001,60528.567330000005,1.5919353881963076,"East Midlands",2.04,53170,3031,4391439.5031000003,1053286.0026,497790.83250000002,3495325.0839,9437841.4221000001,1329.25,75.8,109785.98757750001,26332.150065000002,12444.770812500003,87383.127097500008,235946.03555249999,3026.4283665000039,6052.8567330000078,471892.07110499963,943784.14221000113,11797.30177762502,23594.603555250011,null,7957.12,299,"Green",null,"Sefton",null,null,null,null,"Tunbridge Wells","South East",null,null,null,null,null,null,null,null,"Sefton","Sefton",null,null,null,null,null,null,"Rutland UA",38022]
["Ryedale",458,26,37827.33294,9072.8792400000002,4287.9105,30108.310860000001,81296.433539999998,1.5439451816541638,"Yorkshire and the Humber",2.12,64078,3652,5292357.7295399997,1269371.08284,599914.25549999997,4212402.4962599995,11374045.564139999,3051.3333333333335,174,252017.03474000003,60446.242040000005,28567.345499999999,200590.59505999996,541621.21734000009,4064.8216769999999,8129.6433539999998,568702.27820700034,1137404.5564140007,27081.060867000022,54162.121734000044,null,14054.13,184,"Amber",null,"Selby",null,null,null,null,"Vale of White Horse","South East",null,null,null,null,null,null,null,null,"Selby","Selby",null,null,null,null,null,null,"Ryedale",52655]
["Salford",3512,200,290064.61416,69571.947360000006,32880.222000000002,230874.20903999999,623390.99255999993,2.5755701229548831,"North West",2.13,85606,4880,7070407.5625800006,1695836.0266800001,801464.77350000001,5627624.58402,15195332.94678,2195.0256410256411,125.15384615384616,181292.50160461539,43482.975043076913,20550.378807692301,144298.06625692308,389623.92171230767,31169.549628000008,62339.099256000016,759766.6473390013,1519533.2946780007,19481.196085615375,38962.392171230807,null,22499.63,27,"Red",null,"Sevenoaks",null,null,null,null,"Waverley","South East",null,null,null,null,null,null,null,null,"Sevenoaks","Sevenoaks",null,null,null,null,null,null,"Salford",242040]
["Sandwell ",4680,267,386532.5724,92709.770400000009,43815.33,307656.97559999995,830714.64839999995,2.6228759512375324,"West Midlands",2.1800000000000002,70123,3997,5791628.9688900001,1389121.20294,656509.05674999999,4609792.7564099999,12447051.984990001,2337.4333333333334,133.23333333333332,193054.29896300001,46304.040098000005,21883.635224999998,153659.75854700003,414901.73283300002,41535.732420000015,83071.46484000003,622352.59924950078,1244705.1984990016,20745.086641650007,41490.173283300013,null,24911.16,12,"Red",null,"Sheffield",null,null,null,null,"Wealden","South East",null,null,null,null,null,null,null,null,"Sheffield","Sheffield",null,null,null,null,null,null,"Sandwell ",316719]
["Scarborough",1035,59,85483.165050000011,20503.122300000003,9689.9287500000009,68039.523450000008,183715.73955000003,1.7009771637686797,"Yorkshire and the Humber",2.12,64078,3652,5292357.7295399997,1269371.08284,599914.25549999997,4212402.4962599995,11374045.564139999,3051.3333333333335,174,252017.03474000003,60446.242040000005,28567.345499999999,200590.59505999996,541621.21734000009,9185.7869775000145,18371.573955000029,568702.27820700034,1137404.5564140007,27081.060867000022,54162.121734000044,null,19041.25,90,"Red",null,"Shepway",null,null,null,null,"West Berkshire UA","South East",null,null,null,null,null,null,null,null,"Shepway","Shepway",null,null,null,null,null,null,"Scarborough",108006]
["Sedgemoor",1287,73,106296.45741000002,25495.186860000005,12049.215750000001,84605.668290000001,228446.52831000002,1.9187996363926525,"South West",1.91,58403,3329,4823645.6892900001,1156950.58134,546783.48675000004,3839335.5440099998,10366715.30139,1622.3055555555557,92.527777777777771,133990.1580358333,32137.516148333347,15188.430187500002,106648.20955583334,287964.3139275001,11422.326415500022,22844.652831000014,518335.76506949961,1036671.5301390011,14398.215696375002,28796.431392750063,null,15965.09,146,"Amber",null,"Shropshire UA ",null,null,null,null,"West Oxfordshire","South East",null,null,null,null,null,null,null,null,"Shropshire UA ","Shropshire",null,null,null,null,null,null,"Sedgemoor",119057]
["Sefton",2778,158,229441.77054,55031.568840000007,26008.3305,182622.02525999999,493103.69513999997,1.8027342244206324,"North West",2.13,85606,4880,7070407.5625800006,1695836.0266800001,801464.77350000001,5627624.58402,15195332.94678,2195.0256410256411,125.15384615384616,181292.50160461539,43482.975043076913,20550.378807692301,144298.06625692308,389623.92171230767,24655.18475700001,49310.36951400002,759766.6473390013,1519533.2946780007,19481.196085615375,38962.392171230807,null,18403.939999999999,102,"Red",null,"Slough UA",null,null,null,null,"West Sussex","South East",null,null,null,null,null,null,null,null,"Slough UA","Slough",null,null,null,null,null,null,"Sefton",273531]
["Selby",936,53,77306.514480000013,18541.954080000003,8763.0660000000007,61531.395120000001,166142.92968,1.9464932303907212,"Yorkshire and the Humber",2.12,64078,3652,5292357.7295399997,1269371.08284,599914.25549999997,4212402.4962599995,11374045.564139999,3051.3333333333335,174,252017.03474000003,60446.242040000005,28567.345499999999,200590.59505999996,541621.21734000009,8307.1464839999971,16614.292968000023,568702.27820700034,1137404.5564140007,27081.060867000022,54162.121734000044,null,10602.56,254,"Green",null,"Solihull",null,null,null,null,"Winchester","South East",null,null,null,null,null,null,null,null,"Solihull","Solihull",null,null,null,null,null,null,"Selby",85355]
["Sevenoaks",1298,74,107204.97414000001,25713.094440000004,12152.200500000001,85328.793659999996,{"$f":"SUM(D259:G259)","v":230399.06274000002},1.9556668115880522,"South East",2.0499999999999998,102406,5837,8457960.3865799997,2028640.3306800001,958750.57349999994,6732034.2400199994,18177385.530779999,1528.4477611940299,87.104477611940297,126238.21472507462,30278.213890746261,14309.710052238808,100478.12298537313,271304.2616534328,11519.953137000004,23039.906274000037,908869.27653900161,1817738.5530780032,13565.213082671631,27130.42616534332,null,9592.1,272,"Green",null,"Somerset",null,null,null,null,"Windsor and Maidenhead UA","South East",null,null,null,null,null,null,null,null,"Somerset",null,null,null,null,null,null,null,"Sevenoaks",117811]
["Sheffield",6575,375,543045.22725,130249.30350000002,61556.793750000004,432231.75525000005,1167083.07975,2.0702175609180684,"Yorkshire and the Humber",2.12,64078,3652,5292357.7295399997,1269371.08284,599914.25549999997,4212402.4962599995,11374045.564139999,3051.3333333333335,174,252017.03474000003,60446.242040000005,28567.345499999999,200590.59505999996,541621.21734000009,58354.153987500118,116708.307975,568702.27820700034,1137404.5564140007,27081.060867000022,54162.121734000044,null,18943.810000000001,94,"Red",null,"South Bucks",null,null,null,null,"Woking","South East",null,null,null,null,null,null,null,null,"South Bucks","South Bucks",null,null,null,null,null,null,"Sheffield",563749]
["Shepway",1092,62,90190.933560000005,21632.279760000001,10223.576999999999,71786.627639999992,193833.41795999999,1.770944504988488,"South East",2.0499999999999998,102406,5837,8457960.3865799997,2028640.3306800001,958750.57349999994,6732034.2400199994,18177385.530779999,1528.4477611940299,87.104477611940297,126238.21472507462,30278.213890746261,14309.710052238808,100478.12298537313,271304.2616534328,9691.6708980000112,19383.341796000022,908869.27653900161,1817738.5530780032,13565.213082671631,27130.42616534332,null,18353.330000000002,104,"Red",null,"South Cambridgeshire",null,null,null,null,"Wokingham UA","South East",null,null,null,null,null,null,null,null,"South Cambridgeshire","South Cambridgeshire",null,null,null,null,null,null,"Shepway",109452]
["Shropshire UA ",2835,162,234149.53904999999,56160.726300000002,26541.978749999998,186369.12944999998,503221.37355000002,1.6226613920050561,"West Midlands",2.1800000000000002,70123,3997,5791628.9688900001,1389121.20294,656509.05674999999,4609792.7564099999,12447051.984990001,2337.4333333333334,133.23333333333332,193054.29896300001,46304.040098000005,21883.635224999998,153659.75854700003,414901.73283300002,25161.068677500007,50322.137355000013,622352.59924950078,1244705.1984990016,20745.086641650007,41490.173283300013,null,14625.87,175,"Amber",null,"South Derbyshire",null,null,null,null,"Worthing","South East",null,null,null,null,null,null,null,null,"South Derbyshire","South Derbyshire",null,null,null,null,null,null,"Shropshire UA ",310121]
["Slough UA",2591,148,213996.98613,51327.139980000007,24257.589750000003,170328.89397,459910.60982999997,3.1811212853536226,"South East",2.0499999999999998,102406,5837,8457960.3865799997,2028640.3306800001,958750.57349999994,6732034.2400199994,18177385.530779999,1528.4477611940299,87.104477611940297,126238.21472507462,30278.213890746261,14309.710052238808,100478.12298537313,271304.2616534328,22995.530491500045,45991.060983000032,908869.27653900161,1817738.5530780032,13565.213082671631,27130.42616534332,null,19684.36,79,"Red",null,"South Gloucestershire UA",null,null,null,null,"Wycombe","South East",null,null,null,null,null,null,null,null,"South Gloucestershire UA","South Gloucestershire",null,null,null,null,null,null,"Slough UA",144575]
["Solihull",2261,129,186741.48423,44789.912580000004,21168.047250000003,148635.13287,401334.57692999998,1.912118618943256,"West Midlands",2.1800000000000002,70123,3997,5791628.9688900001,1389121.20294,656509.05674999999,4609792.7564099999,12447051.984990001,2337.4333333333334,133.23333333333332,193054.29896300001,46304.040098000005,21883.635224999998,153659.75854700003,414901.73283300002,20066.728846500046,40133.457693000033,622352.59924950078,1244705.1984990016,20745.086641650007,41490.173283300013,null,12273.48,216,"Amber",null,"South Hams",null,null,null,null,"Bath and North East Somerset UA","South West",null,null,null,null,null,null,null,null,"South Hams","South Hams",null,null,null,null,null,null,"Solihull",209890]
["Somerset",5588,319,461526.49884000001,110697.05064000002,52316.253000000004,367347.68796000001,991887.49044000008,1.8313718760951168,"South West",1.91,58403,3329,4823645.6892900001,1156950.58134,546783.48675000004,3839335.5440099998,10366715.30139,1622.3055555555557,92.527777777777771,133990.1580358333,32137.516148333347,15188.430187500002,106648.20955583334,287964.3139275001,49594.374522000086,99188.749044000171,518335.76506949961,1036671.5301390011,14398.215696375002,28796.431392750063,null,null,null,null,null,"South Holland",null,null,null,null,"Bournemouth UA","South West",null,null,null,null,null,null,null,null,"South Holland","South Holland",null,null,null,null,null,null,"Somerset",541609]
["South Bucks",727,41,60044.696609999999,14401.710060000001,6806.3557499999997,47792.01309,129044.77551000001,1.8835353735112099,"South East",2.0499999999999998,102406,5837,8457960.3865799997,2028640.3306800001,958750.57349999994,6732034.2400199994,18177385.530779999,1528.4477611940299,87.104477611940297,126238.21472507462,30278.213890746261,14309.710052238808,100478.12298537313,271304.2616534328,6452.2387755000091,12904.477551000018,908869.27653900161,1817738.5530780032,13565.213082671631,27130.42616534332,null,7684.07,302,"Green",null,"South Kesteven",null,null,null,null,"Bristol, City of UA","South West",null,null,null,null,null,null,null,null,"South Kesteven","South Kesteven",null,null,null,null,null,null,"South Bucks",68512]
["South Cambridgeshire",1729,99,142802.31146999999,34251.109620000003,16187.330249999999,113662.16042999999,306902.91177000001,2.002224096724317,"East",2.12,71855,4096,5934679.0576499999,1423431.7419,672724.47375,4723652.1328499997,12754487.406149998,1528.8297872340424,87.127659574468083,126269.76718404253,30285.781742553198,14313.286675531912,100503.23686914892,271372.07247127662,15345.145588500018,30690.291177000036,637724.37030750141,1275448.7406150009,13568.603623563831,27137.207247127662,null,6317.89,314,"Green",null,"South Lakeland",null,null,null,null,"Cheltenham","South West",null,null,null,null,null,null,null,null,"South Lakeland","South Lakeland",null,null,null,null,null,null,"South Cambridgeshire",153281]
["South Derbyshire",1074,61,88704.269820000001,21275.703720000001,10055.056500000001,70603.331579999998,190638.36162000001,1.9378937688820217,"East Midlands",2.04,53170,3031,4391439.5031000003,1053286.0026,497790.83250000002,3495325.0839,9437841.4221000001,1329.25,75.8,109785.98757750001,26332.150065000002,12444.770812500003,87383.127097500008,235946.03555249999,9531.9180810000107,19063.836162000021,471892.07110499963,943784.14221000113,11797.30177762502,23594.603555250011,null,11456.26,230,"Green",null,"South Norfolk",null,null,null,null,"Christchurch","South West",null,null,null,null,null,null,null,null,"South Norfolk","South Norfolk",null,null,null,null,null,null,"South Derbyshire",98374]
["SOUTH EAST",102406,5837,8457960.3865799997,2028640.3306800001,958750.57349999994,6732034.2400199994,18177385.530779999,2.0484289322566678,"South East",2.0499999999999998,102406,5837,8457960.3865799997,2028640.3306800001,958750.57349999994,6732034.2400199994,18177385.530779999,1528.4477611940299,87.104477611940297,126238.21472507462,30278.213890746261,14309.710052238808,100478.12298537313,271304.2616534328,908869.27653900161,1817738.5530780032,908869.27653900161,1817738.5530780032,13565.213082671631,27130.42616534332,{"$f":"K269","v":2.0499999999999998},null,null,null,null,"South Northamptonshire",null,null,null,null,"Cornwall UA  and Isles of Scilly UA","South West",null,null,null,null,null,null,null,null,"South Northamptonshire","South Northamptonshire",null,null,null,null,null,null,"SOUTH EAST",8873818]
["South Gloucestershire UA",3138,179,259175.04534000001,62163.089640000006,29378.740500000004,206287.94646000001,557004.82194000005,2.0511600625285396,"South West",1.91,58403,3329,4823645.6892900001,1156950.58134,546783.48675000004,3839335.5440099998,10366715.30139,1622.3055555555557,92.527777777777771,133990.1580358333,32137.516148333347,15188.430187500002,106648.20955583334,287964.3139275001,27850.241097000078,55700.48219400004,518335.76506949961,1036671.5301390011,14398.215696375002,28796.431392750063,null,9504.7900000000009,274,"Green",null,"South Oxfordshire",null,null,null,null,"Cotswold","South West",null,null,null,null,null,null,null,null,"South Oxfordshire","South Oxfordshire",null,null,null,null,null,null,"South Gloucestershire UA",271556]
["South Hams",702,40,57979.885860000002,13906.465560000002,6572.2995000000001,46148.546340000001,124607.19726,1.4815142110144102,"South West",1.91,58403,3329,4823645.6892900001,1156950.58134,546783.48675000004,3839335.5440099998,10366715.30139,1622.3055555555557,92.527777777777771,133990.1580358333,32137.516148333347,15188.430187500002,106648.20955583334,287964.3139275001,6230.3598630000051,12460.719726000025,518335.76506949961,1036671.5301390011,14398.215696375002,28796.431392750063,null,12637.82,209,"Amber",null,"South Ribble",null,null,null,null,"Devon ","South West",null,null,null,null,null,null,null,null,"South Ribble","South Ribble",null,null,null,null,null,null,"South Hams",84108]
["South Holland",959,55,79206.140370000008,18997.579020000001,8978.3977500000001,63043.384530000003,170225.50167000003,1.882629775489665,"East Midlands",2.04,53170,3031,4391439.5031000003,1053286.0026,497790.83250000002,3495325.0839,9437841.4221000001,1329.25,75.8,109785.98757750001,26332.150065000002,12444.770812500003,87383.127097500008,235946.03555249999,8511.2750835000188,17022.550167000009,471892.07110499963,943784.14221000113,11797.30177762502,23594.603555250011,null,16638.71,134,"Amber",null,"South Somerset",null,null,null,null,"Dorset ","South West",null,null,null,null,null,null,null,null,"South Somerset","South Somerset",null,null,null,null,null,null,"South Holland",90419]
["South Kesteven",1480,84,122236.79640000001,29318.474400000003,13856.13,97293.231599999999,262704.6324,1.9039188902819955,"East Midlands",2.04,53170,3031,4391439.5031000003,1053286.0026,497790.83250000002,3495325.0839,9437841.4221000001,1329.25,75.8,109785.98757750001,26332.150065000002,12444.770812500003,87383.127097500008,235946.03555249999,13135.231620000035,26270.463240000012,471892.07110499963,943784.14221000113,11797.30177762502,23594.603555250011,null,11863.79,223,"Green",null,"South Staffordshire",null,null,null,null,"East Devon","South West",null,null,null,null,null,null,null,null,"South Staffordshire","South Staffordshire",null,null,null,null,null,null,"South Kesteven",137981]
["South Lakeland",794,45,65578.389420000007,15728.965320000001,7433.6265000000003,52196.503980000001,140937.48522,1.3647343902934996,"North West",2.13,85606,4880,7070407.5625800006,1695836.0266800001,801464.77350000001,5627624.58402,15195332.94678,2195.0256410256411,125.15384615384616,181292.50160461539,43482.975043076913,20550.378807692301,144298.06625692308,389623.92171230767,7046.874261000019,14093.748522000009,759766.6473390013,1519533.2946780007,19481.196085615375,38962.392171230807,null,10723.91,251,"Green",null,"South Tyneside",null,null,null,null,"East Dorset","South West",null,null,null,null,null,null,null,null,"South Tyneside","South Tyneside",null,null,null,null,null,null,"South Lakeland",103271]
["South Norfolk",1331,76,109930.52433,26366.817180000002,12461.154750000002,87498.169770000008,236256.66602999999,1.8282440532864903,"East",2.12,71855,4096,5934679.0576499999,1423431.7419,672724.47375,4723652.1328499997,12754487.406149998,1528.8297872340424,87.127659574468083,126269.76718404253,30285.781742553198,14313.286675531912,100503.23686914892,271372.07247127662,11812.83330150001,23625.66660300002,637724.37030750141,1275448.7406150009,13568.603623563831,27137.207247127662,null,11530.28,229,"Green",null,"South Yorkshire (Met County)",null,null,null,null,"Exeter","South West",null,null,null,null,null,null,null,null,"South Yorkshire (Met County)",null,null,null,null,null,null,null,"South Norfolk",129226]
["South Northamptonshire",837,48,69129.86391,16580.785860000004,7836.2032500000005,55023.266790000001,148570.11981,1.6851562974683545,"East Midlands",2.04,53170,3031,4391439.5031000003,1053286.0026,497790.83250000002,3495325.0839,9437841.4221000001,1329.25,75.8,109785.98757750001,26332.150065000002,12444.770812500003,87383.127097500008,235946.03555249999,7428.5059905000089,14857.011981000018,471892.07110499963,943784.14221000113,11797.30177762502,23594.603555250011,null,5994.5,317,"Green",null,"Southampton UA",null,null,null,null,"Forest of Dean","South West",null,null,null,null,null,null,null,null,"Southampton UA","Southampton",null,null,null,null,null,null,"South Northamptonshire",88164]
["South Oxfordshire",1508,86,124549.38444000001,29873.148240000002,14118.273000000001,99133.914359999995,267674.72003999999,1.9536161737036091,"South East",2.0499999999999998,102406,5837,8457960.3865799997,2028640.3306800001,958750.57349999994,6732034.2400199994,18177385.530779999,1528.4477611940299,87.104477611940297,126238.21472507462,30278.213890746261,14309.710052238808,100478.12298537313,271304.2616534328,13383.736001999991,26767.472004000039,908869.27653900161,1817738.5530780032,13565.213082671631,27130.42616534332,null,6687.12,309,"Green",null,"Southend-on-Sea UA",null,null,null,null,"Gloucester","South West",null,null,null,null,null,null,null,null,"Southend-on-Sea UA","Southend-on-Sea",null,null,null,null,null,null,"South Oxfordshire",137015]
["South Ribble",1206,69,99606.470580000008,23890.594680000002,11290.873500000002,79280.836020000002,214068.77477999998,1.962547326934184,"North West",2.13,85606,4880,7070407.5625800006,1695836.0266800001,801464.77350000001,5627624.58402,15195332.94678,2195.0256410256411,125.15384615384616,181292.50160461539,43482.975043076913,20550.378807692301,144298.06625692308,389623.92171230767,10703.438739000005,21406.877478000009,759766.6473390013,1519533.2946780007,19481.196085615375,38962.392171230807,null,11265.65,234,"Green",null,"Southwark",null,null,null,null,"Gloucestershire ","South West",null,null,null,null,null,null,null,null,"Southwark","Southwark",null,null,null,null,null,null,"South Ribble",109077]
["South Somerset",1675,95,138342.32025000002,33181.381500000003,15681.768750000001,110112.27225000001,297317.74274999998,1.8066448890738838,"South West",1.91,58403,3329,4823645.6892900001,1156950.58134,546783.48675000004,3839335.5440099998,10366715.30139,1622.3055555555557,92.527777777777771,133990.1580358333,32137.516148333347,15188.430187500002,106648.20955583334,287964.3139275001,14865.887137499987,29731.774275000033,518335.76506949961,1036671.5301390011,14398.215696375002,28796.431392750063,null,14329.55,180,"Amber",null,"Spelthorne",null,null,null,null,"Mendip","South West",null,null,null,null,null,null,null,null,"Spelthorne","Spelthorne",null,null,null,null,null,null,"South Somerset",164569]
["South Staffordshire",907,52,74911.334010000006,17967.470460000004,8491.5607500000006,59624.973690000006,160995.33891000002,1.4544442137643192,"West Midlands",2.1800000000000002,70123,3997,5791628.9688900001,1389121.20294,656509.05674999999,4609792.7564099999,12447051.984990001,2337.4333333333334,133.23333333333332,193054.29896300001,46304.040098000005,21883.635224999998,153659.75854700003,414901.73283300002,8049.7669455000141,16099.533891000028,622352.59924950078,1244705.1984990016,20745.086641650007,41490.173283300013,null,10625.04,253,"Green",null,"St Albans",null,null,null,null,"Mid Devon","South West",null,null,null,null,null,null,null,null,"St Albans","St Albans",null,null,null,null,null,null,"South Staffordshire",110692]
["South Tyneside",1591,91,131404.55613000001,31517.359980000001,14895.339749999999,104590.22396999999,282407.47983000003,1.8986653208955226,"North East",1.93,28456,1622,2350250.1880799998,563707.09967999998,266412.18599999999,1870659.5935199999,5051029.0672799991,2371.3333333333335,135.25,195854.18234000003,46975.591640000006,22201.015500000005,155888.29946000001,420919.08893999993,14120.373991500004,28240.747983000008,252551.45336399972,505102.90672800038,21045.954446999996,42091.908894000051,null,22148.09,31,"Red",null,"St Edmundsbury",null,null,null,null,"North Devon","South West",null,null,null,null,null,null,null,null,"St Edmundsbury","St Edmundsbury",null,null,null,null,null,null,"South Tyneside",148740]
["SOUTH WEST",58403,3329,4823645.6892900001,1156950.58134,546783.48675000004,3839335.5440099998,10366715.30139,1.9115132054008415,"South West",1.91,58403,3329,4823645.6892900001,1156950.58134,546783.48675000004,3839335.5440099998,10366715.30139,1622.3055555555557,92.527777777777771,133990.1580358333,32137.516148333347,15188.430187500002,106648.20955583334,287964.3139275001,518335.76506949961,1036671.5301390011,518335.76506949961,1036671.5301390011,14398.215696375002,28796.431392750063,{"$f":"K282","v":1.91},null,null,null,null,"St. Helens",null,null,null,null,"North Dorset","South West",null,null,null,null,null,null,null,null,"St. Helens","St. Helens",null,null,null,null,null,null,"SOUTH WEST",5423303]
["South Yorkshire (Met County)",15997,912,1321231.10271,316897.05066000007,149767.91325000001,1051621.5039900001,2839517.5706099998,2.078942641899129,"Yorkshire and the Humber",2.12,64078,3652,5292357.7295399997,1269371.08284,599914.25549999997,4212402.4962599995,11374045.564139999,3051.3333333333335,174,252017.03474000003,60446.242040000005,28567.345499999999,200590.59505999996,541621.21734000009,141975.87853049999,283951.75706100045,568702.27820700034,1137404.5564140007,27081.060867000022,54162.121734000044,null,null,null,null,null,"Stafford",null,null,null,null,"North Somerset UA","South West",null,null,null,null,null,null,null,null,"Stafford","Stafford",null,null,null,null,null,null,"South Yorkshire (Met County)",1365847]
["Southampton UA",3306,188,273050.57358000003,65491.13268000001,30951.5985,217332.04302000001,586825.34778000007,2.3923737118512785,"South East",2.0499999999999998,102406,5837,8457960.3865799997,2028640.3306800001,958750.57349999994,6732034.2400199994,18177385.530779999,1528.4477611940299,87.104477611940297,126238.21472507462,30278.213890746261,14309.710052238808,100478.12298537313,271304.2616534328,29341.267389000044,58682.534778000088,908869.27653900161,1817738.5530780032,13565.213082671631,27130.42616534332,null,20726.939999999999,54,"Red",null,"Staffordshire ",null,null,null,null,"Plymouth UA","South West",null,null,null,null,null,null,null,null,"Staffordshire ",null,null,null,null,null,null,null,"Southampton UA",245290]
["Southend-on-Sea UA",2212,126,182694.45516000001,43819.233360000006,20709.297000000002,145413.93804000001,392636.92356000002,2.2066808120001573,"East",2.12,71855,4096,5934679.0576499999,1423431.7419,672724.47375,4723652.1328499997,12754487.406149998,1528.8297872340424,87.127659574468083,126269.76718404253,30285.781742553198,14313.286675531912,100503.23686914892,271372.07247127662,19631.846178000036,39263.692356000014,637724.37030750141,1275448.7406150009,13568.603623563831,27137.207247127662,null,18315.68,105,"Red",null,"Staffordshire Moorlands",null,null,null,null,"Poole UA","South West",null,null,null,null,null,null,null,null,"Staffordshire Moorlands","Staffordshire Moorlands",null,null,null,null,null,null,"Southend-on-Sea UA",177931]
["Southwark",4647,265,383807.02221000002,92056.047660000011,43506.375750000007,305487.59948999999,824857.04511000006,2.7264576519643815,"London",2.65,127399,7262,10522192.989570001,2523746.1622200003,1192741.2877500001,8375040.8193300003,22613721.258870002,3860.5757575757575,220,318854.3330172727,76477.156430909105,36143.675386363633,253789.11573727272,685264.28057181847,41242.852255500038,82485.704511000076,1130686.0629434995,2261372.1258870028,34263.214028590941,68526.428057181882,null,22982.7,23,"Red",null,"Stevenage",null,null,null,null,"Purbeck","South West",null,null,null,null,null,null,null,null,"Stevenage","Stevenage",null,null,null,null,null,null,"Southwark",302538]
["Spelthorne",1260,72,104066.4618,24960.322800000005,11796.435000000001,82830.724200000011,223653.94380000001,2.2797172833465842,"South East",2.0499999999999998,102406,5837,8457960.3865799997,2028640.3306800001,958750.57349999994,6732034.2400199994,18177385.530779999,1528.4477611940299,87.104477611940297,126238.21472507462,30278.213890746261,14309.710052238808,100478.12298537313,271304.2616534328,11182.697190000006,22365.394380000012,908869.27653900161,1817738.5530780032,13565.213082671631,27130.42616534332,null,11405.11,233,"Green",null,"Stockport",null,null,null,null,"Sedgemoor","South West",null,null,null,null,null,null,null,null,"Stockport","Stockport",null,null,null,null,null,null,"Spelthorne",98106]
["St Albans",1808,103,149327.11343999999,35816.082240000003,16926.948,118855.51535999999,320925.65904,2.2158171357554166,"East",2.12,71855,4096,5934679.0576499999,1423431.7419,672724.47375,4723652.1328499997,12754487.406149998,1528.8297872340424,87.127659574468083,126269.76718404253,30285.781742553198,14313.286675531912,100503.23686914892,271372.07247127662,16046.282952000038,32092.565904000017,637724.37030750141,1275448.7406150009,13568.603623563831,27137.207247127662,null,5827.85,319,"Green",null,"Stockton-on-Tees UA",null,null,null,null,"Somerset","South West",null,null,null,null,null,null,null,null,"Stockton-on-Tees UA","Stockton-on-Tees",null,null,null,null,null,null,"St Albans",144834]
["St Edmundsbury",1155,66,95394.25665000001,22880.295900000005,10813.398750000002,75928.163850000012,205016.11515000003,1.8293087108402561,"East",2.12,71855,4096,5934679.0576499999,1423431.7419,672724.47375,4723652.1328499997,12754487.406149998,1528.8297872340424,87.127659574468083,126269.76718404253,30285.781742553198,14313.286675531912,100503.23686914892,271372.07247127662,10250.805757499998,20501.611515000026,637724.37030750141,1275448.7406150009,13568.603623563831,27137.207247127662,null,13468.92,196,"Amber",null,"Stoke-on-Trent UA",null,null,null,null,"South Gloucestershire UA","South West",null,null,null,null,null,null,null,null,"Stoke-on-Trent UA","Stoke-on-Trent",null,null,null,null,null,null,"St Edmundsbury",112073]
["St. Helens",1968,112,162541.90224,38985.647040000003,18424.907999999999,129373.70255999999,349326.15983999998,1.9715001006840192,"North West",2.13,85606,4880,7070407.5625800006,1695836.0266800001,801464.77350000001,5627624.58402,15195332.94678,2195.0256410256411,125.15384615384616,181292.50160461539,43482.975043076913,20550.378807692301,144298.06625692308,389623.92171230767,17466.307992000016,34932.615984000033,759766.6473390013,1519533.2946780007,19481.196085615375,38962.392171230807,null,20875.22,52,"Red",null,"Stratford-on-Avon",null,null,null,null,"South Hams","South West",null,null,null,null,null,null,null,null,"Stratford-on-Avon","Stratford-on-Avon",null,null,null,null,null,null,"St. Helens",177188]
["Stafford",1201,68,99193.508430000016,23791.545780000004,11244.062250000001,78952.142670000001,213181.25913000002,1.6120662966099775,"West Midlands",2.1800000000000002,70123,3997,5791628.9688900001,1389121.20294,656509.05674999999,4609792.7564099999,12447051.984990001,2337.4333333333334,133.23333333333332,193054.29896300001,46304.040098000005,21883.635224999998,153659.75854700003,414901.73283300002,10659.062956500013,21318.125913000025,622352.59924950078,1244705.1984990016,20745.086641650007,41490.173283300013,null,11049.09,243,"Green",null,"Stroud",null,null,null,null,"South Somerset","South West",null,null,null,null,null,null,null,null,"Stroud","Stroud",null,null,null,null,null,null,"Stafford",132241]
["Staffordshire ",8672,494,716241.55296,171790.41216000001,81189.432000000001,570085.74624000001,1539307.1433600001,1.7895486835200225,"West Midlands",2.1800000000000002,70123,3997,5791628.9688900001,1389121.20294,656509.05674999999,4609792.7564099999,12447051.984990001,2337.4333333333334,133.23333333333332,193054.29896300001,46304.040098000005,21883.635224999998,153659.75854700003,414901.73283300002,76965.357167999959,153930.71433600015,622352.59924950078,1244705.1984990016,20745.086641650007,41490.173283300013,null,null,null,null,null,"Suffolk",null,null,null,null,"Stroud","South West",null,null,null,null,null,null,null,null,"Suffolk",null,null,null,null,null,null,null,"Staffordshire ",860165]
["Staffordshire Moorlands",846,48,69873.195780000009,16759.07388,7920.4634999999998,55614.914819999998,150167.64798000001,1.536037641848143,"West Midlands",2.1800000000000002,70123,3997,5791628.9688900001,1389121.20294,656509.05674999999,4609792.7564099999,12447051.984990001,2337.4333333333334,133.23333333333332,193054.29896300001,46304.040098000005,21883.635224999998,153659.75854700003,414901.73283300002,7508.3823989999946,15016.764798000018,622352.59924950078,1244705.1984990016,20745.086641650007,41490.173283300013,null,12927.76,203,"Amber",null,"Suffolk Coastal",null,null,null,null,"Swindon UA","South West",null,null,null,null,null,null,null,null,"Suffolk Coastal","Suffolk Coastal",null,null,null,null,null,null,"Staffordshire Moorlands",97763]
["Stevenage",1170,67,96633.143100000001,23177.442600000002,10953.8325,76914.243899999987,207678.66209999999,2.4149524064792955,"East",2.12,71855,4096,5934679.0576499999,1423431.7419,672724.47375,4723652.1328499997,12754487.406149998,1528.8297872340424,87.127659574468083,126269.76718404253,30285.781742553198,14313.286675531912,100503.23686914892,271372.07247127662,10383.933105000004,20767.866210000007,637724.37030750141,1275448.7406150009,13568.603623563831,27137.207247127662,null,16405.04,137,"Amber",null,"Sunderland",null,null,null,null,"Taunton Deane","South West",null,null,null,null,null,null,null,null,"Sunderland","Sunderland",null,null,null,null,null,null,"Stevenage",85997]
["Stockport",3387,193,279740.56040999998,67095.724860000002,31709.940749999998,222656.87529,601203.10131000006,2.096574083485903,"North West",2.13,85606,4880,7070407.5625800006,1695836.0266800001,801464.77350000001,5627624.58402,15195332.94678,2195.0256410256411,125.15384615384616,181292.50160461539,43482.975043076913,20550.378807692301,144298.06625692308,389623.92171230767,30060.155065500061,60120.310131000006,759766.6473390013,1519533.2946780007,19481.196085615375,38962.392171230807,null,14365.24,178,"Amber",null,"Surrey",null,null,null,null,"Teignbridge","South West",null,null,null,null,null,null,null,null,"Surrey",null,null,null,null,null,null,null,"Stockport",286755]
["Stockton-on-Tees UA",2329,133,192357.76947000003,46136.977620000005,21804.680250000001,153105.36243000001,413404.78977000003,2.1296461952204577,"North East",1.93,28456,1622,2350250.1880799998,563707.09967999998,266412.18599999999,1870659.5935199999,5051029.0672799991,2371.3333333333335,135.25,195854.18234000003,46975.591640000006,22201.015500000005,155888.29946000001,420919.08893999993,20670.239488499996,41340.47897700005,252551.45336399972,505102.90672800038,21045.954446999996,42091.908894000051,null,17046.82,130,"Amber",null,"Surrey Heath",null,null,null,null,"Tewkesbury","South West",null,null,null,null,null,null,null,null,"Surrey Heath","Surrey Heath",null,null,null,null,null,null,"Stockton-on-Tees UA",194119]
["Stoke-on-Trent UA",3641,208,300719.03763000004,72127.408980000007,34087.952250000002,239354.49747,646288.89633000013,2.5745792139092614,"West Midlands",2.1800000000000002,70123,3997,5791628.9688900001,1389121.20294,656509.05674999999,4609792.7564099999,12447051.984990001,2337.4333333333334,133.23333333333332,193054.29896300001,46304.040098000005,21883.635224999998,153659.75854700003,414901.73283300002,32314.444816500065,64628.889633000013,622352.59924950078,1244705.1984990016,20745.086641650007,41490.173283300013,null,23465.34,18,"Red",null,"Sutton",null,null,null,null,"Torbay UA","South West",null,null,null,null,null,null,null,null,"Sutton","Sutton",null,null,null,null,null,null,"Stoke-on-Trent UA",251027]
["Stratford-on-Avon",1037,59,85648.349910000004,20542.741860000002,9708.6532499999994,68171.000790000006,184070.74580999999,1.520542111171689,"West Midlands",2.1800000000000002,70123,3997,5791628.9688900001,1389121.20294,656509.05674999999,4609792.7564099999,12447051.984990001,2337.4333333333334,133.23333333333332,193054.29896300001,46304.040098000005,21883.635224999998,153659.75854700003,414901.73283300002,9203.5372905000113,18407.074581000023,622352.59924950078,1244705.1984990016,20745.086641650007,41490.173283300013,null,9946.61,263,"Green",null,"Swale",null,null,null,null,"Torridge","South West",null,null,null,null,null,null,null,null,"Swale","Swale",null,null,null,null,null,null,"Stratford-on-Avon",121056]
["Stroud",1014,58,83748.724020000009,20087.11692,9493.3215,66659.011379999996,179988.17382000003,1.5638498763608562,"South West",1.91,58403,3329,4823645.6892900001,1156950.58134,546783.48675000004,3839335.5440099998,10366715.30139,1622.3055555555557,92.527777777777771,133990.1580358333,32137.516148333347,15188.430187500002,106648.20955583334,287964.3139275001,8999.4086910000187,17998.817382000008,518335.76506949961,1036671.5301390011,14398.215696375002,28796.431392750063,null,9143.61,281,"Green",null,"Swindon UA",null,null,null,null,"West Devon","South West",null,null,null,null,null,null,null,null,"Swindon UA","Swindon",null,null,null,null,null,null,"Stroud",115093]
["Suffolk",7960,454,657435.74280000001,157685.84880000001,74523.510000000009,523279.81320000003,1412924.9148000001,1.9132050864440933,"East",2.12,71855,4096,5934679.0576499999,1423431.7419,672724.47375,4723652.1328499997,12754487.406149998,1528.8297872340424,87.127659574468083,126269.76718404253,30285.781742553198,14313.286675531912,100503.23686914892,271372.07247127662,70646.245740000159,141292.49148000008,637724.37030750141,1275448.7406150009,13568.603623563831,27137.207247127662,null,null,null,null,null,"Tameside",null,null,null,null,"West Dorset","South West",null,null,null,null,null,null,null,null,"Tameside","Tameside",null,null,null,null,null,null,"Suffolk",738512]
["Suffolk Coastal",1058,60,87382.790940000006,20958.747240000004,9905.2605000000003,69551.512860000003,187798.31154000002,1.5050836021350262,"East",2.12,71855,4096,5934679.0576499999,1423431.7419,672724.47375,4723652.1328499997,12754487.406149998,1528.8297872340424,87.127659574468083,126269.76718404253,30285.781742553198,14313.286675531912,100503.23686914892,271372.07247127662,9389.915577000007,18779.831154000014,637724.37030750141,1275448.7406150009,13568.603623563831,27137.207247127662,null,11178.53,240,"Green",null,"Tamworth",null,null,null,null,"West Somerset","South West",null,null,null,null,null,null,null,null,"Tamworth","Tamworth",null,null,null,null,null,null,"Suffolk Coastal",124776]
["Sunderland",2878,164,237701.01353999999,57012.546840000003,26944.555499999999,189195.89225999999,510854.00813999999,1.8449776196959793,"North East",1.93,28456,1622,2350250.1880799998,563707.09967999998,266412.18599999999,1870659.5935199999,5051029.0672799991,2371.3333333333335,135.25,195854.18234000003,46975.591640000006,22201.015500000005,155888.29946000001,420919.08893999993,25542.700406999968,51085.400813999993,252551.45336399972,505102.90672800038,21045.954446999996,42091.908894000051,null,21528.27,38,"Red",null,"Tandridge",null,null,null,null,"Weymouth and Portland","South West",null,null,null,null,null,null,null,null,"Tandridge","Tandridge",null,null,null,null,null,null,"Sunderland",276889]
["Surrey",13531,771,1117558.1703300001,268046.13318000006,126680.60475000001,889509.94377000001,2401794.8520300002,2.0682733626607743,"South East",2.0499999999999998,102406,5837,8457960.3865799997,2028640.3306800001,958750.57349999994,6732034.2400199994,18177385.530779999,1528.4477611940299,87.104477611940297,126238.21472507462,30278.213890746261,14309.710052238808,100478.12298537313,271304.2616534328,120089.74260149989,240179.48520300025,908869.27653900161,1817738.5530780032,13565.213082671631,27130.42616534332,null,null,null,null,null,"Taunton Deane",null,null,null,null,"Wiltshire UA ","South West",null,null,null,null,null,null,null,null,"Taunton Deane","Taunton Deane",null,null,null,null,null,null,"Surrey",1161256]
["Surrey Heath",932,53,76976.14476000001,18462.714960000001,8725.6170000000002,61268.440439999998,165432.91716000001,1.8899491295854136,"South East",2.0499999999999998,102406,5837,8457960.3865799997,2028640.3306800001,958750.57349999994,6732034.2400199994,18177385.530779999,1528.4477611940299,87.104477611940297,126238.21472507462,30278.213890746261,14309.710052238808,100478.12298537313,271304.2616534328,8271.6458580000035,16543.291716000007,908869.27653900161,1817738.5530780032,13565.213082671631,27130.42616534332,null,5697.95,320,"Green",null,"Teignbridge",null,null,null,null,"Birmingham","West Midlands",null,null,null,null,null,null,null,null,"Teignbridge","Teignbridge",null,null,null,null,null,null,"Surrey Heath",87533]
["Sutton",2751,157,227211.77493000001,54496.704780000007,25755.549750000002,180847.08117000002,488311.11063000007,2.4645498028102195,"London",2.65,127399,7262,10522192.989570001,2523746.1622200003,1192741.2877500001,8375040.8193300003,22613721.258870002,3860.5757575757575,220,318854.3330172727,76477.156430909105,36143.675386363633,253789.11573727272,685264.28057181847,24415.555531500024,48831.111063000106,1130686.0629434995,2261372.1258870028,34263.214028590941,68526.428057181882,null,12063.57,217,"Amber",null,"Telford and Wrekin UA",null,null,null,null,"Bromsgrove","West Midlands",null,null,null,null,null,null,null,null,"Telford and Wrekin UA","Telford and Wrekin",null,null,null,null,null,null,"Sutton",198134]
["Swale",1771,101,146271.19353000002,35083.12038,16580.544750000001,116423.18457,314358.04323000001,2.2320858532619501,"South East",2.0499999999999998,102406,5837,8457960.3865799997,2028640.3306800001,958750.57349999994,6732034.2400199994,18177385.530779999,1528.4477611940299,87.104477611940297,126238.21472507462,30278.213890746261,14309.710052238808,100478.12298537313,271304.2616534328,15717.902161500009,31435.804323000018,908869.27653900161,1817738.5530780032,13565.213082671631,27130.42616534332,null,19220.39,88,"Red",null,"Tendring",null,null,null,null,"Cannock Chase","West Midlands",null,null,null,null,null,null,null,null,"Tendring","Tendring",null,null,null,null,null,null,"Swale",140836]
["Swindon UA",2923,167,241417.67289000002,57903.98694000001,27365.856750000003,192154.13241000002,518841.64899000002,2.4042819892121838,"South West",1.91,58403,3329,4823645.6892900001,1156950.58134,546783.48675000004,3839335.5440099998,10366715.30139,1622.3055555555557,92.527777777777771,133990.1580358333,32137.516148333347,15188.430187500002,106648.20955583334,287964.3139275001,25942.082449499983,51884.164899000083,518335.76506949961,1036671.5301390011,14398.215696375002,28796.431392750063,null,13911.16,189,"Amber",null,"Test Valley",null,null,null,null,"Coventry","West Midlands",null,null,null,null,null,null,null,null,"Test Valley","Test Valley",null,null,null,null,null,null,"Swindon UA",215799]
["Tameside",2975,170,245712.47925000003,58934.09550000001,27852.693750000002,195572.54325000002,528071.81174999999,2.3919437414787268,"North West",2.13,85606,4880,7070407.5625800006,1695836.0266800001,801464.77350000001,5627624.58402,15195332.94678,2195.0256410256411,125.15384615384616,181292.50160461539,43482.975043076913,20550.378807692301,144298.06625692308,389623.92171230767,26403.590587500017,52807.181175000034,759766.6473390013,1519533.2946780007,19481.196085615375,38962.392171230807,null,21685.39,34,"Red",null,"Tewkesbury",null,null,null,null,"Dudley ","West Midlands",null,null,null,null,null,null,null,null,"Tewkesbury","Tewkesbury",null,null,null,null,null,null,"Tameside",220771]
["Tamworth",903,51,74580.964290000004,17888.231340000002,8454.11175,59362.019010000004,160285.32639,2.0786041911764706,"West Midlands",2.1800000000000002,70123,3997,5791628.9688900001,1389121.20294,656509.05674999999,4609792.7564099999,12447051.984990001,2337.4333333333334,133.23333333333332,193054.29896300001,46304.040098000005,21883.635224999998,153659.75854700003,414901.73283300002,8014.2663195000205,16028.532639000012,622352.59924950078,1244705.1984990016,20745.086641650007,41490.173283300013,null,16112.22,144,"Amber",null,"Thanet",null,null,null,null,"East Staffordshire","West Midlands",null,null,null,null,null,null,null,null,"Thanet","Thanet",null,null,null,null,null,null,"Tamworth",77112]
["Tandridge",904,52,74663.556719999993,17908.041120000002,8463.4740000000002,59427.757679999995,160462.82952,1.8795280708412396,"South East",2.0499999999999998,102406,5837,8457960.3865799997,2028640.3306800001,958750.57349999994,6732034.2400199994,18177385.530779999,1528.4477611940299,87.104477611940297,126238.21472507462,30278.213890746261,14309.710052238808,100478.12298537313,271304.2616534328,8023.1414760000189,16046.282952000009,908869.27653900161,1817738.5530780032,13565.213082671631,27130.42616534332,null,8999.7000000000007,284,"Green",null,"Three Rivers",null,null,null,null,"Herefordshire, County of UA","West Midlands",null,null,null,null,null,null,null,null,"Three Rivers","Three Rivers",null,null,null,null,null,null,"Tandridge",85374]
["Taunton Deane",1241,71,102497.20563000001,24583.936980000006,11618.552250000001,81581.689470000012,220281.38433000003,1.9525548838384288,"South West",1.91,58403,3329,4823645.6892900001,1156950.58134,546783.48675000004,3839335.5440099998,10366715.30139,1622.3055555555557,92.527777777777771,133990.1580358333,32137.516148333347,15188.430187500002,106648.20955583334,287964.3139275001,11014.069216500007,22028.138433000015,518335.76506949961,1036671.5301390011,14398.215696375002,28796.431392750063,null,13748.42,193,"Amber",null,"Thurrock UA",null,null,null,null,"Lichfield","West Midlands",null,null,null,null,null,null,null,null,"Thurrock UA","Thurrock",null,null,null,null,null,null,"Taunton Deane",112817]
["Teignbridge",1169,67,96550.550669999997,23157.632819999999,10944.470249999998,76848.505229999995,207501.15896999999,1.6292874280173055,"South West",1.91,58403,3329,4823645.6892900001,1156950.58134,546783.48675000004,3839335.5440099998,10366715.30139,1622.3055555555557,92.527777777777771,133990.1580358333,32137.516148333347,15188.430187500002,106648.20955583334,287964.3139275001,10375.057948500005,20750.115897000011,518335.76506949961,1036671.5301390011,14398.215696375002,28796.431392750063,null,14380.96,177,"Amber",null,"Tonbridge and Malling",null,null,null,null,"Malvern Hills","West Midlands",null,null,null,null,null,null,null,null,"Tonbridge and Malling","Tonbridge and Malling",null,null,null,null,null,null,"Teignbridge",127357]
["Telford and Wrekin UA",2043,116,168736.33449000001,40471.380540000006,19127.07675,134304.10281000001,362638.89459000004,2.1402201049929181,"West Midlands",2.1800000000000002,70123,3997,5791628.9688900001,1389121.20294,656509.05674999999,4609792.7564099999,12447051.984990001,2337.4333333333334,133.23333333333332,193054.29896300001,46304.040098000005,21883.635224999998,153659.75854700003,414901.73283300002,18131.944729500043,36263.889459000027,622352.59924950078,1244705.1984990016,20745.086641650007,41490.173283300013,null,18584.75,97,"Red",null,"Torbay UA",null,null,null,null,"Newcastle-under-Lyme","West Midlands",null,null,null,null,null,null,null,null,"Torbay UA","Torbay",null,null,null,null,null,null,"Telford and Wrekin UA",169440]
["Tendring",1370,78,113151.62910000001,27139.398600000004,12826.282500000001,90061.977899999998,243179.28810000001,1.7380377376425855,"East",2.12,71855,4096,5934679.0576499999,1423431.7419,672724.47375,4723652.1328499997,12754487.406149998,1528.8297872340424,87.127659574468083,126269.76718404253,30285.781742553198,14313.286675531912,100503.23686914892,271372.07247127662,12158.964405000006,24317.928810000012,637724.37030750141,1275448.7406150009,13568.603623563831,27137.207247127662,null,21026.27,49,"Red",null,"Torridge",null,null,null,null,"North Warwickshire","West Midlands",null,null,null,null,null,null,null,null,"Torridge","Torridge",null,null,null,null,null,null,"Tendring",139916]
["Test Valley",1279,73,105635.71797000001,25336.708620000005,11974.31775,84079.758929999996,227026.50326999999,1.9024779880501457,"South East",2.0499999999999998,102406,5837,8457960.3865799997,2028640.3306800001,958750.57349999994,6732034.2400199994,18177385.530779999,1528.4477611940299,87.104477611940297,126238.21472507462,30278.213890746261,14309.710052238808,100478.12298537313,271304.2616534328,11351.325163500005,22702.65032700001,908869.27653900161,1817738.5530780032,13565.213082671631,27130.42616534332,null,8762.31,286,"Green",null,"Tower Hamlets",null,null,null,null,"Nuneaton and Bedworth","West Midlands",null,null,null,null,null,null,null,null,"Tower Hamlets","Tower Hamlets",null,null,null,null,null,null,"Test Valley",119332]
["Tewkesbury",992,57,81931.690560000003,19651.301760000002,9287.3520000000008,65212.76064,176083.10496,2.0526334160216355,"South West",1.91,58403,3329,4823645.6892900001,1156950.58134,546783.48675000004,3839335.5440099998,10366715.30139,1622.3055555555557,92.527777777777771,133990.1580358333,32137.516148333347,15188.430187500002,106648.20955583334,287964.3139275001,8804.1552479999955,17608.31049600002,518335.76506949961,1036671.5301390011,14398.215696375002,28796.431392750063,null,9991.11,262,"Green",null,"Trafford",null,null,null,null,"Redditch","West Midlands",null,null,null,null,null,null,null,null,"Trafford","Trafford",null,null,null,null,null,null,"Tewkesbury",85784]
["Thanet",1586,90,130991.59398000001,31418.311080000003,14848.5285,104261.53061999999,281519.96418000001,2.0339568252293909,"South East",2.0499999999999998,102406,5837,8457960.3865799997,2028640.3306800001,958750.57349999994,6732034.2400199994,18177385.530779999,1528.4477611940299,87.104477611940297,126238.21472507462,30278.213890746261,14309.710052238808,100478.12298537313,271304.2616534328,14075.998209000041,28151.996418000024,908869.27653900161,1817738.5530780032,13565.213082671631,27130.42616534332,null,21599.919999999998,35,"Red",null,"Tunbridge Wells",null,null,null,null,"Rugby","West Midlands",null,null,null,null,null,null,null,null,"Tunbridge Wells","Tunbridge Wells",null,null,null,null,null,null,"Thanet",138410]
["Three Rivers",1024,58,84574.648320000008,20285.214720000004,9586.9439999999995,67316.398079999999,181763.20512,2.010143493580173,"East",2.12,71855,4096,5934679.0576499999,1423431.7419,672724.47375,4723652.1328499997,12754487.406149998,1528.8297872340424,87.127659574468083,126269.76718404253,30285.781742553198,14313.286675531912,100503.23686914892,271372.07247127662,9088.1602560000028,18176.320512000006,637724.37030750141,1275448.7406150009,13568.603623563831,27137.207247127662,null,7909.91,300,"Green",null,"Tyne and Wear (Met County)",null,null,null,null,"Sandwell ","West Midlands",null,null,null,null,null,null,null,null,"Tyne and Wear (Met County)",null,null,null,null,null,null,null,"Three Rivers",90423]
["Thurrock UA",2356,134,194587.76508000001,46671.841680000005,22057.460999999999,154880.30651999998,418197.37427999999,2.561385277638268,"East",2.12,71855,4096,5934679.0576499999,1423431.7419,672724.47375,4723652.1328499997,12754487.406149998,1528.8297872340424,87.127659574468083,126269.76718404253,30285.781742553198,14313.286675531912,100503.23686914892,271372.07247127662,20909.86871400004,41819.737428000022,637724.37030750141,1275448.7406150009,13568.603623563831,27137.207247127662,null,17832.419999999998,111,"Amber",null,"Uttlesford",null,null,null,null,"Shropshire UA ","West Midlands",null,null,null,null,null,null,null,null,"Uttlesford","Uttlesford",null,null,null,null,null,null,"Thurrock UA",163270]
["Tonbridge and Malling",1424,81,117611.62032000002,28209.126720000004,13331.844000000001,93611.866080000007,252764.45712000004,2.0314440480285474,"South East",2.0499999999999998,102406,5837,8457960.3865799997,2028640.3306800001,958750.57349999994,6732034.2400199994,18177385.530779999,1528.4477611940299,87.104477611940297,126238.21472507462,30278.213890746261,14309.710052238808,100478.12298537313,271304.2616534328,12638.222856000008,25276.445712000015,908869.27653900161,1817738.5530780032,13565.213082671631,27130.42616534332,null,9374.2999999999993,277,"Green",null,"Vale of White Horse",null,null,null,null,"Solihull","West Midlands",null,null,null,null,null,null,null,null,"Vale of White Horse","Vale of White Horse",null,null,null,null,null,null,"Tonbridge and Malling",124426]
["Torbay UA",1443,82,119180.87649000001,28585.512540000003,13509.726750000002,94860.900810000006,256137.01659000001,1.9260739381429346,"South West",1.91,58403,3329,4823645.6892900001,1156950.58134,546783.48675000004,3839335.5440099998,10366715.30139,1622.3055555555557,92.527777777777771,133990.1580358333,32137.516148333347,15188.430187500002,106648.20955583334,287964.3139275001,12806.850829500007,25613.701659000013,518335.76506949961,1036671.5301390011,14398.215696375002,28796.431392750063,null,21269.05,46,"Red",null,"Wakefield",null,null,null,null,"South Staffordshire","West Midlands",null,null,null,null,null,null,null,null,"Wakefield","Wakefield",null,null,null,null,null,null,"Torbay UA",132984]
["Torridge",565,32,46664.722949999996,11192.5257,5289.6712499999994,37142.348549999995,100289.26844999999,1.5283804512481329,"South West",1.91,58403,3329,4823645.6892900001,1156950.58134,546783.48675000004,3839335.5440099998,10366715.30139,1622.3055555555557,92.527777777777771,133990.1580358333,32137.516148333347,15188.430187500002,106648.20955583334,287964.3139275001,5014.4634225000045,10028.926845000009,518335.76506949961,1036671.5301390011,14398.215696375002,28796.431392750063,null,19944.5,67,"Red",null,"Walsall",null,null,null,null,"Stafford","West Midlands",null,null,null,null,null,null,null,null,"Walsall","Walsall",null,null,null,null,null,null,"Torridge",65618]
["Tower Hamlets",4619,263,381494.43417000002,91501.373820000008,43244.232750000003,303646.91673,{"$f":"SUM(D323:G323)","v":819886.95747000002},2.8867734361565409,"London",2.65,127399,7262,10522192.989570001,2523746.1622200003,1192741.2877500001,8375040.8193300003,22613721.258870002,3860.5757575757575,220,318854.3330172727,76477.156430909105,36143.675386363633,253789.11573727272,685264.28057181847,40994.347873500083,81988.695747000049,1130686.0629434995,2261372.1258870028,34263.214028590941,68526.428057181882,null,25486.400000000001,6,"Red",null,"Waltham Forest",null,null,null,null,"Staffordshire ","West Midlands",null,null,null,null,null,null,null,null,"Waltham Forest","Waltham Forest",null,null,null,null,null,null,"Tower Hamlets",284015]
["Trafford",2700,154,222999.56100000002,53486.406000000003,25278.075000000001,177494.40899999999,479258.451,2.0616991069354462,"North West",2.13,85606,4880,7070407.5625800006,1695836.0266800001,801464.77350000001,5627624.58402,15195332.94678,2195.0256410256411,125.15384615384616,181292.50160461539,43482.975043076913,20550.378807692301,144298.06625692308,389623.92171230767,23962.922550000018,47925.845100000035,759766.6473390013,1519533.2946780007,19481.196085615375,38962.392171230807,null,11990.94,222,"Green",null,"Wandsworth",null,null,null,null,"Staffordshire Moorlands","West Midlands",null,null,null,null,null,null,null,null,"Wandsworth","Wandsworth",null,null,null,null,null,null,"Trafford",232458]
["Tunbridge Wells",1197,68,98863.138709999999,23712.306660000002,11206.61325,78689.187989999991,212471.24660999997,1.8299922191981395,"South East",2.0499999999999998,102406,5837,8457960.3865799997,2028640.3306800001,958750.57349999994,6732034.2400199994,18177385.530779999,1528.4477611940299,87.104477611940297,126238.21472507462,30278.213890746261,14309.710052238808,100478.12298537313,271304.2616534328,10623.562330500019,21247.124661000009,908869.27653900161,1817738.5530780032,13565.213082671631,27130.42616534332,null,9176.7999999999993,279,"Green",null,"Warrington UA",null,null,null,null,"Stoke-on-Trent UA","West Midlands",null,null,null,null,null,null,null,null,"Warrington UA","Warrington",null,null,null,null,null,null,"Tunbridge Wells",116105]
["Tyne and Wear (Met County)",12319,702,1017456.14517,244036.67982000002,115333.55774999999,809834.6757299999,2186661.05847,1.9546220151817313,"North East",1.93,28456,1622,2350250.1880799998,563707.09967999998,266412.18599999999,1870659.5935199999,5051029.0672799991,2371.3333333333335,135.25,195854.18234000003,46975.591640000006,22201.015500000005,155888.29946000001,420919.08893999993,109333.05292350007,218666.10584700014,252551.45336399972,505102.90672800038,21045.954446999996,42091.908894000051,null,null,null,null,null,"Warwick",null,null,null,null,"Stratford-on-Avon","West Midlands",null,null,null,null,null,null,null,null,"Warwick","Warwick",null,null,null,null,null,null,"Tyne and Wear (Met County)",1118713]
["Uttlesford",918,52,75819.850739999994,18185.37804,8594.5455000000002,60348.09906,162947.87333999999,1.9388861919040479,"East",2.12,71855,4096,5934679.0576499999,1423431.7419,672724.47375,4723652.1328499997,12754487.406149998,1528.8297872340424,87.127659574468083,126269.76718404253,30285.781742553198,14313.286675531912,100503.23686914892,271372.07247127662,8147.3936669999966,16294.787334000022,637724.37030750141,1275448.7406150009,13568.603623563831,27137.207247127662,null,8096.25,297,"Green",null,"Warwickshire",null,null,null,null,"Tamworth","West Midlands",null,null,null,null,null,null,null,null,"Warwickshire",null,null,null,null,null,null,null,"Uttlesford",84042]
["Vale of White Horse",1416,81,116950.88088000001,28050.648480000003,13256.946,93085.956720000002,251344.43208,2.0131390132316662,"South East",2.0499999999999998,102406,5837,8457960.3865799997,2028640.3306800001,958750.57349999994,6732034.2400199994,18177385.530779999,1528.4477611940299,87.104477611940297,126238.21472507462,30278.213890746261,14309.710052238808,100478.12298537313,271304.2616534328,12567.22160400002,25134.443208000041,908869.27653900161,1817738.5530780032,13565.213082671631,27130.42616534332,null,6630.5,310,"Green",null,"Watford",null,null,null,null,"Telford and Wrekin UA","West Midlands",null,null,null,null,null,null,null,null,"Watford","Watford",null,null,null,null,null,null,"Vale of White Horse",124852]
["Wakefield",3976,227,328387.50167999999,78763.685280000005,37224.306000000004,261376.95191999999,705752.44487999997,2.1297440238518432,"Yorkshire and the Humber",2.12,64078,3652,5292357.7295399997,1269371.08284,599914.25549999997,4212402.4962599995,11374045.564139999,3051.3333333333335,174,252017.03474000003,60446.242040000005,28567.345499999999,200590.59505999996,541621.21734000009,35287.622244000086,70575.244488000055,568702.27820700034,1137404.5564140007,27081.060867000022,54162.121734000044,null,19877.43,73,"Red",null,"Waveney",null,null,null,null,"Walsall","West Midlands",null,null,null,null,null,null,null,null,"Waveney","Waveney",null,null,null,null,null,null,"Wakefield",331379]
["Walsall",3748,214,309556.42764000001,74247.055439999996,35089.712999999996,246388.53515999997,665281.73123999999,2.4265034530752483,"West Midlands",2.1800000000000002,70123,3997,5791628.9688900001,1389121.20294,656509.05674999999,4609792.7564099999,12447051.984990001,2337.4333333333334,133.23333333333332,193054.29896300001,46304.040098000005,21883.635224999998,153659.75854700003,414901.73283300002,33264.086561999982,66528.173124000081,622352.59924950078,1244705.1984990016,20745.086641650007,41490.173283300013,null,21432.99,41,"Red",null,"Waverley",null,null,null,null,"Warwick","West Midlands",null,null,null,null,null,null,null,null,"Waverley","Waverley",null,null,null,null,null,null,"Walsall",274173]
["Waltham Forest",4618,263,381411.84174,91481.564040000012,43234.870499999997,303581.17806000001,819709.45434000005,3.0583891289456013,"London",2.65,127399,7262,10522192.989570001,2523746.1622200003,1192741.2877500001,8375040.8193300003,22613721.258870002,3860.5757575757575,220,318854.3330172727,76477.156430909105,36143.675386363633,253789.11573727272,685264.28057181847,40985.472717000055,81970.94543400011,1130686.0629434995,2261372.1258870028,34263.214028590941,68526.428057181882,null,23744.54,15,"Red",null,"Wealden",null,null,null,null,"Warwickshire","West Midlands",null,null,null,null,null,null,null,null,"Wealden","Wealden",null,null,null,null,null,null,"Waltham Forest",268020]
["Wandsworth",5110,291,422047.31730000005,101227.97580000001,47841.097500000003,335924.60370000004,907040.99430000014,2.9058322071473199,"London",2.65,127399,7262,10522192.989570001,2523746.1622200003,1192741.2877500001,8375040.8193300003,22613721.258870002,3860.5757575757575,220,318854.3330172727,76477.156430909105,36143.675386363633,253789.11573727272,685264.28057181847,45352.049715000088,90704.09943000006,1130686.0629434995,2261372.1258870028,34263.214028590941,68526.428057181882,null,15774.73,147,"Amber",null,"Wellingborough",null,null,null,null,"West Midlands (Met County)","West Midlands",null,null,null,null,null,null,null,null,"Wellingborough","Wellingborough",null,null,null,null,null,null,"Wandsworth",312145]
["Warrington UA",2346,134,193761.84078000003,46473.743880000009,21963.838500000002,154222.91982000001,416422.34298000007,2.0172764498033215,"North West",2.13,85606,4880,7070407.5625800006,1695836.0266800001,801464.77350000001,5627624.58402,15195332.94678,2195.0256410256411,125.15384615384616,181292.50160461539,43482.975043076913,20550.378807692301,144298.06625692308,389623.92171230767,20821.117148999998,41642.234298000054,759766.6473390013,1519533.2946780007,19481.196085615375,38962.392171230807,null,14411.14,176,"Amber",null,"Welwyn Hatfield",null,null,null,null,"Wolverhampton","West Midlands",null,null,null,null,null,null,null,null,"Welwyn Hatfield","Welwyn Hatfield",null,null,null,null,null,null,"Warrington UA",206428]
["Warwick",1506,86,124384.19958,29833.528680000003,14099.548499999999,99002.437019999998,267319.71377999999,1.9177000328560361,"West Midlands",2.1800000000000002,70123,3997,5791628.9688900001,1389121.20294,656509.05674999999,4609792.7564099999,12447051.984990001,2337.4333333333334,133.23333333333332,193054.29896300001,46304.040098000005,21883.635224999998,153659.75854700003,414901.73283300002,13365.985688999994,26731.971378000046,622352.59924950078,1244705.1984990016,20745.086641650007,41490.173283300013,null,9699.1200000000008,269,"Green",null,"West Berkshire UA",null,null,null,null,"Worcester","West Midlands",null,null,null,null,null,null,null,null,"West Berkshire UA","West Berkshire",null,null,null,null,null,null,"Warwick",139396]
["Warwickshire",5885,335,486056.45055000001,116580.55530000001,55096.841249999998,386872.07295,1044605.9200500001,1.8937949289694957,"West Midlands",2.1800000000000002,70123,3997,5791628.9688900001,1389121.20294,656509.05674999999,4609792.7564099999,12447051.984990001,2337.4333333333334,133.23333333333332,193054.29896300001,46304.040098000005,21883.635224999998,153659.75854700003,414901.73283300002,52230.296002499992,104460.59200499998,622352.59924950078,1244705.1984990016,20745.086641650007,41490.173283300013,null,null,null,null,null,"West Devon",null,null,null,null,"Worcestershire ","West Midlands",null,null,null,null,null,null,null,null,"West Devon","West Devon",null,null,null,null,null,null,"Warwickshire",551594]
["Watford",1484,85,122567.16612000001,29397.713520000005,13893.579000000002,97556.186280000009,263414.64491999999,2.7581241287890688,"East",2.12,71855,4096,5934679.0576499999,1423431.7419,672724.47375,4723652.1328499997,12754487.406149998,1528.8297872340424,87.127659574468083,126269.76718404253,30285.781742553198,14313.286675531912,100503.23686914892,271372.07247127662,13170.732246000029,26341.464491999999,637724.37030750141,1275448.7406150009,13568.603623563831,27137.207247127662,null,13583.69,194,"Amber",null,"West Dorset",null,null,null,null,"Wychavon","West Midlands",null,null,null,null,null,null,null,null,"West Dorset","West Dorset",null,null,null,null,null,null,"Watford",95505]
["Waveney",1193,68,98532.768990000011,23633.067540000004,11169.164250000002,78426.233309999996,211761.23408999998,1.8268034928700212,"East",2.12,71855,4096,5934679.0576499999,1423431.7419,672724.47375,4723652.1328499997,12754487.406149998,1528.8297872340424,87.127659574468083,126269.76718404253,30285.781742553198,14313.286675531912,100503.23686914892,271372.07247127662,10588.061704499996,21176.123409000022,637724.37030750141,1275448.7406150009,13568.603623563831,27137.207247127662,null,18888.78,95,"Red",null,"West Lancashire",null,null,null,null,"Wyre Forest","West Midlands",null,null,null,null,null,null,null,null,"West Lancashire","West Lancashire",null,null,null,null,null,null,"Waveney",115919]
["Waverley",1214,69,100267.21002000001,24049.072920000002,11365.771500000001,79806.745380000008,215488.79982000001,1.7539378139345598,"South East",2.0499999999999998,102406,5837,8457960.3865799997,2028640.3306800001,958750.57349999994,6732034.2400199994,18177385.530779999,1528.4477611940299,87.104477611940297,126238.21472507462,30278.213890746261,14309.710052238808,100478.12298537313,271304.2616534328,10774.439991000021,21548.879982000013,908869.27653900161,1817738.5530780032,13565.213082671631,27130.42616534332,null,5177.75,323,"Green",null,"West Lindsey",null,null,null,null,"Barnsley","Yorkshire and the Humber",null,null,null,null,null,null,null,null,"West Lindsey","West Lindsey",null,null,null,null,null,null,"Waverley",122860]
["Wealden",1356,77,111995.33508,26862.061680000003,12695.211000000001,89141.63652,240694.24428000001,1.5552039147880363,"South East",2.0499999999999998,102406,5837,8457960.3865799997,2028640.3306800001,958750.57349999994,6732034.2400199994,18177385.530779999,1528.4477611940299,87.104477611940297,126238.21472507462,30278.213890746261,14309.710052238808,100478.12298537313,271304.2616534328,12034.712213999999,24069.424428000028,908869.27653900161,1817738.5530780032,13565.213082671631,27130.42616534332,null,9410.5400000000009,276,"Green",null,"West Midlands (Met County)",null,null,null,null,"Bradford","Yorkshire and the Humber",null,null,null,null,null,null,null,null,"West Midlands (Met County)",null,null,null,null,null,null,null,"Wealden",154767]
["Wellingborough",953,54,78710.585790000012,18878.720340000003,8922.2242500000011,62648.952510000003,169160.48289000001,2.212810125971274,"East Midlands",2.04,53170,3031,4391439.5031000003,1053286.0026,497790.83250000002,3495325.0839,9437841.4221000001,1329.25,75.8,109785.98757750001,26332.150065000002,12444.770812500003,87383.127097500008,235946.03555249999,8458.0241444999992,16916.048289000028,471892.07110499963,943784.14221000113,11797.30177762502,23594.603555250011,null,16726.03,133,"Amber",null,"West Oxfordshire",null,null,null,null,"Calderdale","Yorkshire and the Humber",null,null,null,null,null,null,null,null,"West Oxfordshire","West Oxfordshire",null,null,null,null,null,null,"Wellingborough",76446]
["Welwyn Hatfield",1366,78,112821.25938000002,27060.159480000006,12788.833500000001,89799.023220000003,242469.27558000005,2.0898199991381099,"East",2.12,71855,4096,5934679.0576499999,1423431.7419,672724.47375,4723652.1328499997,12754487.406149998,1528.8297872340424,87.127659574468083,126269.76718404253,30285.781742553198,14313.286675531912,100503.23686914892,271372.07247127662,12123.463779000012,24246.927558000054,637724.37030750141,1275448.7406150009,13568.603623563831,27137.207247127662,null,11246.44,235,"Green",null,"West Somerset",null,null,null,null,"Craven","Yorkshire and the Humber",null,null,null,null,null,null,null,null,"West Somerset","West Somerset",null,null,null,null,null,null,"Welwyn Hatfield",116024]
["West Berkshire UA",1852,106,152961.18036,36687.712560000007,17338.887000000002,121748.01684,328735.79676,2.1109071787429685,"South East",2.0499999999999998,102406,5837,8457960.3865799997,2028640.3306800001,958750.57349999994,6732034.2400199994,18177385.530779999,1528.4477611940299,87.104477611940297,126238.21472507462,30278.213890746261,14309.710052238808,100478.12298537313,271304.2616534328,16436.789838000026,32873.579676000052,908869.27653900161,1817738.5530780032,13565.213082671631,27130.42616534332,null,8448.26,291,"Green",null,"West Sussex",null,null,null,null,"Doncaster","Yorkshire and the Humber",null,null,null,null,null,null,null,null,"West Sussex",null,null,null,null,null,null,null,"West Berkshire UA",155732]
["West Devon",467,27,38570.664810000002,9251.1672600000002,4372.1707500000002,30699.958889999998,82893.961710000003,1.5277176872465905,"South West",1.91,58403,3329,4823645.6892900001,1156950.58134,546783.48675000004,3839335.5440099998,10366715.30139,1622.3055555555557,92.527777777777771,133990.1580358333,32137.516148333347,15188.430187500002,106648.20955583334,287964.3139275001,4144.6980855000002,8289.3961710000149,518335.76506949961,1036671.5301390011,14398.215696375002,28796.431392750063,null,16232.02,141,"Amber",null,"West Yorkshire (Met County)",null,null,null,null,"East Riding of Yorkshire UA","Yorkshire and the Humber",null,null,null,null,null,null,null,null,"West Yorkshire (Met County)",null,null,null,null,null,null,null,"West Devon",54260]
["West Dorset",791,45,65330.612130000009,15669.535980000002,7405.5397500000008,51999.287970000005,140404.97583000001,1.3974259592531402,"South West",1.91,58403,3329,4823645.6892900001,1156950.58134,546783.48675000004,3839335.5440099998,10366715.30139,1622.3055555555557,92.527777777777771,133990.1580358333,32137.516148333347,15188.430187500002,106648.20955583334,287964.3139275001,7020.2487914999947,14040.497583000018,518335.76506949961,1036671.5301390011,14398.215696375002,28796.431392750063,null,12834.95,207,"Amber",null,"Westminster",null,null,null,null,"Hambleton","Yorkshire and the Humber",null,null,null,null,null,null,null,null,"Westminster","Westminster",null,null,null,null,null,null,"West Dorset",100474]
["West Lancashire",1011,58,83500.946730000011,20027.687580000002,9465.2347499999996,66461.795369999993,179455.66443,1.6031415439521173,"North West",2.13,85606,4880,7070407.5625800006,1695836.0266800001,801464.77350000001,5627624.58402,15195332.94678,2195.0256410256411,125.15384615384616,181292.50160461539,43482.975043076913,20550.378807692301,144298.06625692308,389623.92171230767,8972.7832214999944,17945.566443000018,759766.6473390013,1519533.2946780007,19481.196085615375,38962.392171230807,null,15023.58,164,"Amber",null,"Weymouth and Portland",null,null,null,null,"Harrogate","Yorkshire and the Humber",null,null,null,null,null,null,null,null,"Weymouth and Portland","Weymouth and Portland",null,null,null,null,null,null,"West Lancashire",111940]
["West Lindsey",912,52,75324.296159999998,18066.519360000002,8538.3719999999994,59953.66704,161882.85456000001,1.7636795467767767,"East Midlands",2.04,53170,3031,4391439.5031000003,1053286.0026,497790.83250000002,3495325.0839,9437841.4221000001,1329.25,75.8,109785.98757750001,26332.150065000002,12444.770812500003,87383.127097500008,235946.03555249999,8094.1427280000062,16188.285456000012,471892.07110499963,943784.14221000113,11797.30177762502,23594.603555250011,null,15414.78,152,"Amber",null,"Wigan",null,null,null,null,"Kingston upon Hull, City of UA","Yorkshire and the Humber",null,null,null,null,null,null,null,null,"Wigan","Wigan",null,null,null,null,null,null,"West Lindsey",91787]
["WEST MIDLANDS",70123,3997,5791628.9688900001,1389121.20294,656509.05674999999,4609792.7564099999,12447051.984990001,2.1786160087595858,"West Midlands",2.1800000000000002,70123,3997,5791628.9688900001,1389121.20294,656509.05674999999,4609792.7564099999,12447051.984990001,2337.4333333333334,133.23333333333332,193054.29896300001,46304.040098000005,21883.635224999998,153659.75854700003,414901.73283300002,622352.59924950078,1244705.1984990016,622352.59924950078,1244705.1984990016,20745.086641650007,41490.173283300013,{"$f":"K347","v":2.1800000000000002},null,null,null,null,"Wiltshire UA ",null,null,null,null,"Kirklees ","Yorkshire and the Humber",null,null,null,null,null,null,null,null,"Wiltshire UA ","Wiltshire",null,null,null,null,null,null,"WEST MIDLANDS",5713284]
["West Midlands (Met County)",39425,2247,3256206.5527499998,781000.57649999997,369106.70624999999,2591747.0647499999,6998060.9002499999,2.4918710093200436,"West Midlands",2.1800000000000002,70123,3997,5791628.9688900001,1389121.20294,656509.05674999999,4609792.7564099999,12447051.984990001,2337.4333333333334,133.23333333333332,193054.29896300001,46304.040098000005,21883.635224999998,153659.75854700003,414901.73283300002,349903.04501250014,699806.09002500027,622352.59924950078,1244705.1984990016,20745.086641650007,41490.173283300013,null,null,null,null,null,"Winchester",null,null,null,null,"Leeds","Yorkshire and the Humber",null,null,null,null,null,null,null,null,"Winchester","Winchester",null,null,null,null,null,null,"West Midlands (Met County)",2808356]
["West Oxfordshire",1189,68,98202.399269999994,23553.828420000002,11131.715249999999,78163.278629999986,211051.22156999999,1.9513232638362394,"South East",2.0499999999999998,102406,5837,8457960.3865799997,2028640.3306800001,958750.57349999994,6732034.2400199994,18177385.530779999,1528.4477611940299,87.104477611940297,126238.21472507462,30278.213890746261,14309.710052238808,100478.12298537313,271304.2616534328,10552.561078500003,21105.122157000005,908869.27653900161,1817738.5530780032,13565.213082671631,27130.42616534332,null,6167.9,316,"Green",null,"Windsor and Maidenhead UA",null,null,null,null,"North East Lincolnshire UA","Yorkshire and the Humber",null,null,null,null,null,null,null,null,"Windsor and Maidenhead UA","Windsor and Maidenhead",null,null,null,null,null,null,"West Oxfordshire",108158]
["West Somerset",268,15,22134.771239999998,5309.0210400000005,2509.0830000000001,17617.96356,47570.838839999997,1.386015932637958,"South West",1.91,58403,3329,4823645.6892900001,1156950.58134,546783.48675000004,3839335.5440099998,10366715.30139,1622.3055555555557,92.527777777777771,133990.1580358333,32137.516148333347,15188.430187500002,106648.20955583334,287964.3139275001,2378.5419420000035,4757.0838840000069,518335.76506949961,1036671.5301390011,14398.215696375002,28796.431392750063,null,20631.759999999998,56,"Red",null,"Wirral",null,null,null,null,"North Lincolnshire UA","Yorkshire and the Humber",null,null,null,null,null,null,null,null,"Wirral","Wirral",null,null,null,null,null,null,"West Somerset",34322]
["West Sussex",8719,497,720123.39717000001,172721.47182000001,81629.457750000001,573175.46372999996,1547649.7904699999,1.8682442382405557,"South East",2.0499999999999998,102406,5837,8457960.3865799997,2028640.3306800001,958750.57349999994,6732034.2400199994,18177385.530779999,1528.4477611940299,87.104477611940297,126238.21472507462,30278.213890746261,14309.710052238808,100478.12298537313,271304.2616534328,77382.489523499971,154764.97904700018,908869.27653900161,1817738.5530780032,13565.213082671631,27130.42616534332,null,null,null,null,null,"Woking",null,null,null,null,"North Yorkshire ","Yorkshire and the Humber",null,null,null,null,null,null,null,null,"Woking","Woking",null,null,null,null,null,null,"West Sussex",828398]
["West Yorkshire (Met County)",30217,1722,2495695.4573100004,598592.12226000009,282899.10825000005,1986425.39139,5363612.0792100001,2.3687423864685742,"Yorkshire and the Humber",2.12,64078,3652,5292357.7295399997,1269371.08284,599914.25549999997,4212402.4962599995,11374045.564139999,3051.3333333333335,174,252017.03474000003,60446.242040000005,28567.345499999999,200590.59505999996,541621.21734000009,268180.6039605001,536361.2079210002,568702.27820700034,1137404.5564140007,27081.060867000022,54162.121734000044,null,null,null,null,null,"Wokingham UA",null,null,null,null,"Richmondshire","Yorkshire and the Humber",null,null,null,null,null,null,null,null,"Wokingham UA","Wokingham",null,null,null,null,null,null,"West Yorkshire (Met County)",2264329]
["Westminster",2604,148,215070.68771999999,51584.667120000006,24379.298999999999,171183.49667999998,462218.15051999997,1.9812859014453987,"London",2.65,127399,7262,10522192.989570001,2523746.1622200003,1192741.2877500001,8375040.8193300003,22613721.258870002,3860.5757575757575,220,318854.3330172727,76477.156430909105,36143.675386363633,253789.11573727272,685264.28057181847,23110.907525999995,46221.815052000049,1130686.0629434995,2261372.1258870028,34263.214028590941,68526.428057181882,null,21304.43,43,"Red",null,"Wolverhampton",null,null,null,null,"Rotherham ","Yorkshire and the Humber",null,null,null,null,null,null,null,null,"Wolverhampton","Wolverhampton",null,null,null,null,null,null,"Westminster",233292]
["Weymouth and Portland",612,35,50546.567159999999,12123.585360000001,5729.6970000000001,40232.066039999998,108631.91555999999,1.6714659582717872,"South West",1.91,58403,3329,4823645.6892900001,1156950.58134,546783.48675000004,3839335.5440099998,10366715.30139,1622.3055555555557,92.527777777777771,133990.1580358333,32137.516148333347,15188.430187500002,106648.20955583334,287964.3139275001,5431.5957780000026,10863.191556000005,518335.76506949961,1036671.5301390011,14398.215696375002,28796.431392750063,null,18392.57,103,"Red",null,"Worcester",null,null,null,null,"Ryedale","Yorkshire and the Humber",null,null,null,null,null,null,null,null,"Worcester","Worcester",null,null,null,null,null,null,"Weymouth and Portland",64992]
["Wigan",3651,208,301544.96192999999,72325.506780000011,34181.57475,240011.88416999998,648063.92762999993,2.0190479870083338,"North West",2.13,85606,4880,7070407.5625800006,1695836.0266800001,801464.77350000001,5627624.58402,15195332.94678,2195.0256410256411,125.15384615384616,181292.50160461539,43482.975043076913,20550.378807692301,144298.06625692308,389623.92171230767,32403.196381499991,64806.392763000098,759766.6473390013,1519533.2946780007,19481.196085615375,38962.392171230807,null,18293.78,107,"Red",null,"Worcestershire ",null,null,null,null,"Scarborough","Yorkshire and the Humber",null,null,null,null,null,null,null,null,"Worcestershire ",null,null,null,null,null,null,null,"Wigan",320975]
["Wiltshire UA ",5290,302,436913.95470000006,104793.73620000001,49526.302500000005,347757.56430000003,938991.5577,1.9435064933156436,"South West",1.91,58403,3329,4823645.6892900001,1156950.58134,546783.48675000004,3839335.5440099998,10366715.30139,1622.3055555555557,92.527777777777771,133990.1580358333,32137.516148333347,15188.430187500002,106648.20955583334,287964.3139275001,46949.577885000035,93899.15577000007,518335.76506949961,1036671.5301390011,14398.215696375002,28796.431392750063,null,11413.66,232,"Green",null,"Worthing",null,null,null,null,"Selby","Yorkshire and the Humber",null,null,null,null,null,null,null,null,"Worthing","Worthing",null,null,null,null,null,null,"Wiltshire UA ",483143]
["Winchester",1226,70,101258.31918000001,24286.790280000005,11478.1185,80595.609420000008,217618.83738000004,1.8253857419181672,"South East",2.0499999999999998,102406,5837,8457960.3865799997,2028640.3306800001,958750.57349999994,6732034.2400199994,18177385.530779999,1528.4477611940299,87.104477611940297,126238.21472507462,30278.213890746261,14309.710052238808,100478.12298537313,271304.2616534328,10880.941869000002,21761.883738000033,908869.27653900161,1817738.5530780032,13565.213082671631,27130.42616534332,null,6954.79,307,"Green",null,"Wychavon",null,null,null,null,"Sheffield","Yorkshire and the Humber",null,null,null,null,null,null,null,null,"Wychavon","Wychavon",null,null,null,null,null,null,"Winchester",119218]
["Windsor and Maidenhead UA",1672,95,138094.54295999999,33121.952160000001,15653.682000000001,109915.05623999999,296785.23335999995,2.0134683402985072,"South East",2.0499999999999998,102406,5837,8457960.3865799997,2028640.3306800001,958750.57349999994,6732034.2400199994,18177385.530779999,1528.4477611940299,87.104477611940297,126238.21472507462,30278.213890746261,14309.710052238808,100478.12298537313,271304.2616534328,14839.261668000021,29678.523336000042,908869.27653900161,1817738.5530780032,13565.213082671631,27130.42616534332,null,7004.34,306,"Green",null,"Wycombe",null,null,null,null,"South Yorkshire (Met County)","Yorkshire and the Humber",null,null,null,null,null,null,null,null,"Wycombe","Wycombe",null,null,null,null,null,null,"Windsor and Maidenhead UA",147400]
["Wirral",3536,202,292046.83248000004,70047.38208000001,33104.916000000005,232451.93712000002,627651.06768000009,1.9558232662956434,"North West",2.13,85606,4880,7070407.5625800006,1695836.0266800001,801464.77350000001,5627624.58402,15195332.94678,2195.0256410256411,125.15384615384616,181292.50160461539,43482.975043076913,20550.378807692301,144298.06625692308,389623.92171230767,31382.553384000086,62765.106768000056,759766.6473390013,1519533.2946780007,19481.196085615375,38962.392171230807,null,18295.11,106,"Red",null,"Wyre",null,null,null,null,"Wakefield","Yorkshire and the Humber",null,null,null,null,null,null,null,null,"Wyre","Wyre",null,null,null,null,null,null,"Wirral",320914]
["Woking",1358,77,112160.51994000001,26901.681240000005,12713.935500000001,89273.113859999998,241049.25054000004,2.4244086108261422,"South East",2.0499999999999998,102406,5837,8457960.3865799997,2028640.3306800001,958750.57349999994,6732034.2400199994,18177385.530779999,1528.4477611940299,87.104477611940297,126238.21472507462,30278.213890746261,14309.710052238808,100478.12298537313,271304.2616534328,12052.462527000025,24104.92505400005,908869.27653900161,1817738.5530780032,13565.213082671631,27130.42616534332,null,7888.83,301,"Green",null,"Wyre Forest",null,null,null,null,"West Yorkshire (Met County)","Yorkshire and the Humber",null,null,null,null,null,null,null,null,"Wyre Forest","Wyre Forest",null,null,null,null,null,null,"Woking",99426]
["Wokingham UA",1811,103,149574.89073000001,35875.511580000006,16955.034749999999,119052.73136999999,321458.16843000002,2.0205168446293773,"South East",2.0499999999999998,102406,5837,8457960.3865799997,2028640.3306800001,958750.57349999994,6732034.2400199994,18177385.530779999,1528.4477611940299,87.104477611940297,126238.21472507462,30278.213890746261,14309.710052238808,100478.12298537313,271304.2616534328,16072.908421500004,32145.816843000008,908869.27653900161,1817738.5530780032,13565.213082671631,27130.42616534332,null,3648.02,325,"Green",null,"York UA",null,null,null,null,"York UA","Yorkshire and the Humber",null,null,null,null,null,null,null,null,"York UA","York",null,null,null,null,null,null,"Wokingham UA",159097]
["Wolverhampton",3481,198,287504.24883,68957.84418,32589.992249999999,228836.31026999999,617888.39552999998,2.4423721200298827,"West Midlands",2.1800000000000002,70123,3997,5791628.9688900001,1389121.20294,656509.05674999999,4609792.7564099999,12447051.984990001,2337.4333333333334,133.23333333333332,193054.29896300001,46304.040098000005,21883.635224999998,153659.75854700003,414901.73283300002,30894.41977649997,61788.839553000056,622352.59924950078,1244705.1984990016,20745.086641650007,41490.173283300013,null,23293.46,19,"Red",null,null,null,null,null,null,null,null,null,null,null,null,null,null,null,null,null,null,null,null,null,null,null,null,"Wolverhampton",252987]
["Worcester",1184,67,97789.437120000002,23454.77952,11084.904,77834.585279999999,210163.70592000001,2.0840890295710119,"West Midlands",2.1800000000000002,70123,3997,5791628.9688900001,1389121.20294,656509.05674999999,4609792.7564099999,12447051.984990001,2337.4333333333334,133.23333333333332,193054.29896300001,46304.040098000005,21883.635224999998,153659.75854700003,414901.73283300002,10508.185296000011,21016.370592000021,622352.59924950078,1244705.1984990016,20745.086641650007,41490.173283300013,null,15144.68,159,"Amber",null,null,null,null,null,null,null,null,null,null,null,null,null,null,null,null,null,null,null,null,null,null,null,null,"Worcester",100842]
["Worcestershire ",5894,336,486799.78242000006,116758.84332000001,55181.101500000004,387463.72097999998,1046203.44822,1.818153053538192,"West Midlands",2.1800000000000002,70123,3997,5791628.9688900001,1389121.20294,656509.05674999999,4609792.7564099999,12447051.984990001,2337.4333333333334,133.23333333333332,193054.29896300001,46304.040098000005,21883.635224999998,153659.75854700003,414901.73283300002,52310.172411000007,104620.34482200013,622352.59924950078,1244705.1984990016,20745.086641650007,41490.173283300013,null,null,null,null,null,null,null,null,null,null,null,null,null,null,null,null,null,null,null,null,null,null,null,null,null,null,null,null,"Worcestershire ",575421]
["Worthing",1136,65,93825.000479999988,22503.910080000001,10635.516,74679.129119999998,201643.55567999999,1.886935194407793,"South East",2.0499999999999998,102406,5837,8457960.3865799997,2028640.3306800001,958750.57349999994,6732034.2400199994,18177385.530779999,1528.4477611940299,87.104477611940297,126238.21472507462,30278.213890746261,14309.710052238808,100478.12298537313,271304.2616534328,10082.177784,20164.355568000028,908869.27653900161,1817738.5530780032,13565.213082671631,27130.42616534332,null,14724.62,172,"Amber",null,null,null,null,null,null,null,null,null,null,null,null,null,null,null,null,null,null,null,null,null,null,null,null,"Worthing",106863]
["Wychavon",1052,60,86887.236359999995,20839.888559999999,9849.0869999999995,69157.080839999995,186733.29275999998,1.5593333953503907,"West Midlands",2.1800000000000002,70123,3997,5791628.9688900001,1389121.20294,656509.05674999999,4609792.7564099999,12447051.984990001,2337.4333333333334,133.23333333333332,193054.29896300001,46304.040098000005,21883.635224999998,153659.75854700003,414901.73283300002,9336.6646380000166,18673.329276000004,622352.59924950078,1244705.1984990016,20745.086641650007,41490.173283300013,null,13847.95,191,"Amber",null,null,null,null,null,null,null,null,null,null,null,null,null,null,null,null,null,null,null,null,null,null,null,null,"Wychavon",119752]
["Wycombe",2139,122,176665.20777000001,42373.119420000003,20025.852750000002,140615.01512999999,379679.19507000002,2.1711089735129634,"South East",2.0499999999999998,102406,5837,8457960.3865799997,2028640.3306800001,958750.57349999994,6732034.2400199994,18177385.530779999,1528.4477611940299,87.104477611940297,126238.21472507462,30278.213890746261,14309.710052238808,100478.12298537313,271304.2616534328,18983.959753500007,37967.919507000013,908869.27653900161,1817738.5530780032,13565.213082671631,27130.42616534332,null,8312.51,293,"Green",null,null,null,null,null,null,null,null,null,null,null,null,null,null,null,null,null,null,null,null,null,null,null,null,"Wycombe",174878]
["Wyre",991,56,81849.098129999998,19631.491980000003,9277.9897500000006,65147.021970000002,175905.60183,1.6176417743834028,"North West",2.13,85606,4880,7070407.5625800006,1695836.0266800001,801464.77350000001,5627624.58402,15195332.94678,2195.0256410256411,125.15384615384616,181292.50160461539,43482.975043076913,20550.378807692301,144298.06625692308,389623.92171230767,8795.2800914999971,17590.560183000023,759766.6473390013,1519533.2946780007,19481.196085615375,38962.392171230807,null,14941.64,167,"Amber",null,null,null,null,null,null,null,null,null,null,null,null,null,null,null,null,null,null,null,null,null,null,null,null,"Wyre",108742]
["Wyre Forest",1044,60,86226.496920000005,20681.410320000003,9774.1890000000003,68631.171480000005,185313.26772,1.8726077983023444,"West Midlands",2.1800000000000002,70123,3997,5791628.9688900001,1389121.20294,656509.05674999999,4609792.7564099999,12447051.984990001,2337.4333333333334,133.23333333333332,193054.29896300001,46304.040098000005,21883.635224999998,153659.75854700003,414901.73283300002,9265.6633860000002,18531.326772000029,622352.59924950078,1244705.1984990016,20745.086641650007,41490.173283300013,null,17314.97,123,"Amber",null,null,null,null,null,null,null,null,null,null,null,null,null,null,null,null,null,null,null,null,null,null,null,null,"Wyre Forest",98960]
["York UA",2016,115,166506.33888,39936.516480000006,18874.296000000002,132529.15872000001,357846.31007999997,1.7503818257768819,"Yorkshire and the Humber",2.12,64078,3652,5292357.7295399997,1269371.08284,599914.25549999997,4212402.4962599995,11374045.564139999,3051.3333333333335,174,252017.03474000003,60446.242040000005,28567.345499999999,200590.59505999996,541621.21734000009,17892.315503999998,35784.631008000055,568702.27820700034,1137404.5564140007,27081.060867000022,54162.121734000044,null,9693.08,270,"Green",null,null,null,null,null,null,null,null,null,null,null,null,null,null,null,null,null,null,null,null,null,null,null,null,"York UA",204439]
["YORKSHIRE AND THE HUMBER",64078,3652,5292357.7295399997,1269371.08284,599914.25549999997,4212402.4962599995,11374045.564139999,2.1220127369022581,"Yorkshire and the Humber",2.12,64078,3652,5292357.7295399997,1269371.08284,599914.25549999997,4212402.4962599995,11374045.564139999,3051.3333333333335,174,252017.03474000003,60446.242040000005,28567.345499999999,200590.59505999996,541621.21734000009,568702.27820700034,1137404.5564140007,568702.27820700034,1137404.5564140007,27081.060867000022,54162.121734000044,{"$f":"K371","v":2.12},null,null,null,null,null,null,null,null,null,null,null,null,null,null,null,null,null,null,null,null,null,null,null,null,null,null,null,"YORKSHIRE AND THE HUMBER",5360027]

{"sheet":"Regional Charts","index":6,"n_rows":31,"n_cols":5,"rows_kept":31,"cut":false,"hidden":false,"merged":[]}
[]
[null,null,null,null,"Cost of Unplanned Pregnancies - Comparison Across Selected Local Authorities"]
[]
[]
[]
[]
[]
[]
[]
[]
[]
[]
[]
[]
[]
[]
[]
[]
[]
[]
[]
[]
[]
[]
[]
[]
[]
[]
["Please note all costs are based on estimated costs per annum"]
["Item code -UKWHG02180013 "]
["Date of Recertification - April 2018"]

{"sheet":"Regional Charts by Type","index":7,"n_rows":34,"n_cols":4,"rows_kept":34,"cut":false,"hidden":false,"merged":[]}
[]
[null,null,null,"Cost of Unplanned Pregnancies - Comparison Across Selected Local Authorities"]
[]
[null,"Select chart type :","Total education cost"]
[]
[]
[]
[]
[]
[]
[]
[]
[]
[]
[]
[]
[]
[]
[]
[]
[]
[]
[]
[]
[]
[]
[]
[]
[]
[]
[]
["Please note all costs are based on estimated costs per annum"]
["Item code -UKWHG02180013 "]
["Item code -UKWHG02180013 "]

{"sheet":"Data for charts","index":8,"n_rows":81,"n_cols":12,"rows_kept":81,"cut":false,"hidden":true,"merged":[]}
[]
[]
[null,"National"]
[]
[null,null,{"$f":"National!E7","v":"Huntingdonshire"},{"$f":"National!I7","v":"East"}]
[null,"Live births",{"$f":"National!E10","v":1966},{"$f":"National!I10","v":1528.8297872340424}]
[]
[null,null,{"$f":"C5","v":"Huntingdonshire"},{"$f":"D5","v":"East"},null,null,null,{"$f":"C5","v":"Huntingdonshire"},{"$f":"D5","v":"East"}]
[null,"Estimated number of unplanned pregnancies resulting in live births",{"$f":"National!E12","v":112},{"$f":"National!I12","v":87.127659574468083},null,null,"Live births",{"$f":"National!E10","v":1966},{"$f":"National!I10","v":1528.8297872340424}]
[null,null,null,null,null,null,"Estimated unplanned pregnancies",{"$f":"National!E12","v":112},{"$f":"National!I12","v":87.127659574468083}]
[null,null,null,null,null,null,"Total education cost",{"$f":"National!E14","v":162376.71737999999},{"$f":"National!I14","v":126269.76718404253}]
[null,null,{"$f":"C5","v":"Huntingdonshire"},{"$f":"D5","v":"East"},null,null,"Total housing cost",{"$f":"National!E16","v":38946.027480000004},{"$f":"National!I16","v":30285.781742553198}]
[null,"Total education cost",{"$f":"National!E14","v":162376.71737999999},{"$f":"National!I14","v":126269.76718404253},null,null,"Total personal social services cost",{"$f":"National!E18","v":18406.183499999999},{"$f":"National!I18","v":14313.286675531912}]
[null,null,null,null,null,null,"Total social welfare cost",{"$f":"National!E20","v":129242.22521999999},{"$f":"National!I20","v":100503.23686914892}]
[null,null,{"$f":"C5","v":"Huntingdonshire"},{"$f":"D5","v":"East"},null,null,"Total public sector cost",{"$f":"National!E22","v":348971.15357999993},{"$f":"National!I22","v":271372.07247127662}]
[null,"Total housing cost",{"$f":"National!E16","v":38946.027480000004},{"$f":"National!I16","v":30285.781742553198}]
[]
[null,null,{"$f":"C5","v":"Huntingdonshire"},{"$f":"D5","v":"East"}]
[null,"Total personal social services cost",{"$f":"National!E18","v":18406.183499999999},{"$f":"National!I18","v":14313.286675531912}]
[]
[null,null,{"$f":"C5","v":"Huntingdonshire"},{"$f":"D5","v":"East"}]
[null,"Total social welfare cost",{"$f":"National!E20","v":129242.22521999999},{"$f":"National!I20","v":100503.23686914892}]
[]
[null,null,{"$f":"C5","v":"Huntingdonshire"},{"$f":"D5","v":"East"}]
[null,"Total public sector cost",{"$f":"National!E22","v":348971.15357999993},{"$f":"National!I22","v":271372.07247127662}]
[]
[]
[]
[]
[null,null,{"$f":"C5","v":"Huntingdonshire"},{"$f":"D5","v":"East"}]
[null,{"$f":"'National Charts by Type'!$D$4","v":"Estimated unplanned pregnancies"},{"$f":"IF(B31=\"Live births\",H9,IF(B31=\"Estimated unplanned pregnancies\",H10,IF(B31=\"Total education cost\",H11,IF(B31=\"Total housing cost\",H12,IF(B31=\"Total personal social services cost\",H13,IF(B31=\"Total social welfare cost\",H14,IF(B31=\"Total public sector cost\",H15,0)))))))","v":112},{"$f":"IF(B31=\"Live births\",I9,IF(B31=\"Estimated unplanned pregnancies\",I10,IF(B31=\"Total education cost\",I11,IF(B31=\"Total housing cost\",I12,IF(B31=\"Total personal social services cost\",I13,IF(B31=\"Total social welfare cost\",I14,IF(B31=\"Total public sector cost\",I15,0)))))))","v":87.127659574468083}]
[]
[]
[null,"Regional"]
[]
[null,null,{"$f":"Regional!E7","v":"Huntingdonshire"},{"$f":"Regional!G7","v":"Tameside"},{"$f":"Regional!I7","v":"Salford"},{"$f":"Regional!K7","v":"Aylesbury Vale"},null,null,{"$f":"C36","v":"Huntingdonshire"},{"$f":"D36","v":"Tameside"},{"$f":"E36","v":"Salford"},{"$f":"F36","v":"Aylesbury Vale"}]
[null,"Live births",{"$f":"Regional!E9","v":1966},{"$f":"Regional!G9","v":2975},{"$f":"Regional!I9","v":3512},{"$f":"Regional!K9","v":2207},null,"Live births",{"$f":"Regional!E9","v":1966},{"$f":"Regional!G9","v":2975},{"$f":"Regional!I9","v":3512},{"$f":"Regional!K9","v":2207}]
[null,null,null,null,null,null,null,"Estimated unplanned pregnancies",{"$f":"Regional!E11","v":112},{"$f":"Regional!G11","v":170},{"$f":"Regional!I11","v":200},{"$f":"Regional!K11","v":126}]
[null,null,{"$f":"C36","v":"Huntingdonshire"},{"$f":"D36","v":"Tameside"},{"$f":"E36","v":"Salford"},{"$f":"F36","v":"Aylesbury Vale"},null,"Total education cost",{"$f":"Regional!E13","v":162376.71737999999},{"$f":"Regional!G13","v":245712.47925000003},{"$f":"Regional!I13","v":290064.61416},{"$f":"Regional!K13","v":182281.49301000001}]
[null,"Estimated number of unplanned pregnancies resulting in live births",{"$f":"Regional!E11","v":112},{"$f":"Regional!G11","v":170},{"$f":"Regional!I11","v":200},{"$f":"Regional!K11","v":126},null,"Total housing cost",{"$f":"Regional!E15","v":38946.027480000004},{"$f":"Regional!G15","v":58934.09550000001},{"$f":"Regional!I15","v":69571.947360000006},{"$f":"Regional!K15","v":43720.184460000004}]
[null,null,null,null,null,null,null,"Total personal social services cost",{"$f":"Regional!E17","v":18406.183499999999},{"$f":"Regional!G17","v":27852.693750000002},{"$f":"Regional!I17","v":32880.222000000002},{"$f":"Regional!K17","v":20662.48575}]
[null,null,null,null,null,null,null,"Total social welfare cost",{"$f":"Regional!E19","v":129242.22521999999},{"$f":"Regional!G19","v":195572.54325000002},{"$f":"Regional!I19","v":230874.20903999999},{"$f":"Regional!K19","v":145085.24468999999}]
[null,null,{"$f":"Regional!E7","v":"Huntingdonshire"},{"$f":"Regional!G7","v":"Tameside"},{"$f":"Regional!I7","v":"Salford"},{"$f":"Regional!K7","v":"Aylesbury Vale"},null,"Total public sector cost",{"$f":"Regional!E21","v":348971.15357999993},{"$f":"Regional!G21","v":528071.81174999999},{"$f":"Regional!I21","v":623390.99255999993},{"$f":"Regional!K21","v":391749.40790999995}]
[null,"Total education cost",{"$f":"Regional!E13","v":162376.71737999999},{"$f":"Regional!G13","v":245712.47925000003},{"$f":"Regional!I13","v":290064.61416},{"$f":"Regional!K13","v":182281.49301000001}]
[]
[null,null,{"$f":"C36","v":"Huntingdonshire"},{"$f":"D36","v":"Tameside"},{"$f":"E36","v":"Salford"},{"$f":"F36","v":"Aylesbury Vale"}]
[null,"Total housing cost",{"$f":"Regional!E15","v":38946.027480000004},{"$f":"Regional!G15","v":58934.09550000001},{"$f":"Regional!I15","v":69571.947360000006},{"$f":"Regional!K15","v":43720.184460000004}]
[]
[null,null,{"$f":"C36","v":"Huntingdonshire"},{"$f":"D36","v":"Tameside"},{"$f":"E36","v":"Salford"},{"$f":"F36","v":"Aylesbury Vale"}]
[null,"Total personal social services cost",{"$f":"Regional!E17","v":18406.183499999999},{"$f":"Regional!G17","v":27852.693750000002},{"$f":"Regional!I17","v":32880.222000000002},{"$f":"Regional!K17","v":20662.48575}]
[]
[null,null,{"$f":"C36","v":"Huntingdonshire"},{"$f":"D36","v":"Tameside"},{"$f":"E36","v":"Salford"},{"$f":"F36","v":"Aylesbury Vale"}]
[null,"Total social welfare cost",{"$f":"Regional!E19","v":129242.22521999999},{"$f":"Regional!G19","v":195572.54325000002},{"$f":"Regional!I19","v":230874.20903999999},{"$f":"Regional!K19","v":145085.24468999999}]
[]
[null,null,{"$f":"C36","v":"Huntingdonshire"},{"$f":"D36","v":"Tameside"},{"$f":"E36","v":"Salford"},{"$f":"F36","v":"Aylesbury Vale"}]
[null,"Total public sector cost",{"$f":"Regional!E21","v":348971.15357999993},{"$f":"Regional!G21","v":528071.81174999999},{"$f":"Regional!I21","v":623390.99255999993},{"$f":"Regional!K21","v":391749.40790999995}]
[]
[null,null,{"$f":"C36","v":"Huntingdonshire"},{"$f":"D36","v":"Tameside"},{"$f":"E36","v":"Salford"},{"$f":"F36","v":"Aylesbury Vale"}]
[null,"Total public sector cost per capita",{"$f":"Regional!E23","v":2.0101446017107798},{"$f":"Regional!G23","v":2.3919437414787268},{"$f":"Regional!I23","v":2.5755701229548831},{"$f":"Regional!K23","v":2.1226127433355004}]
[]
[null,null,{"$f":"C36","v":"Huntingdonshire"},{"$f":"D36","v":"Tameside"},{"$f":"E36","v":"Salford"},{"$f":"F36","v":"Aylesbury Vale"}]
[null,"Additional cost associated with 5% increase in unplanned pregnancies resulting in live births",{"$f":"Regional!E25","v":17448.55767900002},{"$f":"Regional!G25","v":26403.590587500017},{"$f":"Regional!I25","v":31169.549628000008},{"$f":"Regional!K25","v":19587.470395500015}]
[]
[]
[null,null,{"$f":"C36","v":"Huntingdonshire"},{"$f":"D36","v":"Tameside"},{"$f":"E36","v":"Salford"},{"$f":"F36","v":"Aylesbury Vale"}]
[null,{"$f":"'Regional Charts by Type'!C4","v":"Total education cost"},{"$f":"IF(B66=\"Live births\",I37,IF(B66=\"Estimated unplanned pregnancies\",I38,IF(B66=\"Total education cost\",I39,IF(B66=\"Total housing cost\",I40,IF(B66=\"Total personal social services cost\",I41,IF(B66=\"Total social welfare cost\",I42,IF(B66=\"Total public sector cost\",I43,IF(B66=\"Total public sector cost per capita\",I44,IF(B66=\"5% increase in unplanned pregnancies\",I45,0)))))))))","v":162376.71737999999},{"$f":"IF(B66=\"Live births\",J37,IF(B66=\"Estimated unplanned pregnancies\",J38,IF(B66=\"Total education cost\",J39,IF(B66=\"Total housing cost\",J40,IF(B66=\"Total personal social services cost\",J41,IF(B66=\"Total social welfare cost\",J42,IF(B66=\"Total public sector cost\",J43,IF(B66=\"Total public sector cost per capita\",J44,IF(B66=\"5% increase in unplanned pregnancies\",J45,0)))))))))","v":245712.47925000003},{"$f":"IF(B66=\"Live births\",K37,IF(B66=\"Estimated unplanned pregnancies\",K38,IF(B66=\"Total education cost\",K39,IF(B66=\"Total housing cost\",K40,IF(B66=\"Total personal social services cost\",K41,IF(B66=\"Total social welfare cost\",K42,IF(B66=\"Total public sector cost\",K43,IF(B66=\"Total public sector cost per capita\",K44,IF(B66=\"5% increase in unplanned pregnancies\",K45,0)))))))))","v":290064.61416},{"$f":"IF(B66=\"Live births\",L37,IF(B66=\"Estimated unplanned pregnancies\",L38,IF(B66=\"Total education cost\",L39,IF(B66=\"Total housing cost\",L40,IF(B66=\"Total personal social services cost\",L41,IF(B66=\"Total social welfare cost\",L42,IF(B66=\"Total public sector cost\",L43,IF(B66=\"Total public sector cost per capita\",L44,IF(B66=\"5% increase in unplanned pregnancies\",L45,0)))))))))","v":182281.49301000001}]
[]
[]
[null,"Savings"]
[]
[]
[null,null,{"$f":"National!E7","v":"Huntingdonshire"},{"$f":"National!I7","v":"East"},"National Average",null,null,null,{"$f":"C72","v":"Huntingdonshire"},"East","National Average"]
[null,"Additional savings associated with 5% reduction in unplanned pregnancies resulting in live births :",{"$f":"National!E26","v":17448.55767900002},{"$f":"National!I26","v":13568.603623563831},{"$f":"Summary!BF14","v":18064},null,null,{"$f":"B73","v":"Additional savings associated with 5% reduction in unplanned pregnancies resulting in live births :"},17448.55767900002,13568.603623563831,18064]
[null,null,null,null,null,null,null,{"$f":"B75","v":"Additional savings associated with 10% reduction in unplanned pregnancies resulting in live births :"},{"$f":"C75","v":34897.115358000039},{"$f":"D75","v":27137.207247127662},{"$f":"E75","v":36128}]
[null,"Additional savings associated with 10% reduction in unplanned pregnancies resulting in live births :",{"$f":"National!E28","v":34897.115358000039},{"$f":"National!I28","v":27137.207247127662},{"$f":"Summary!BF15","v":36128}]
[]
[]
[null,null,{"$f":"Regional!E7","v":"Huntingdonshire"},{"$f":"Regional!G7","v":"Tameside"},{"$f":"Regional!I7","v":"Salford"},{"$f":"Regional!K7","v":"Aylesbury Vale"},null,null,{"$f":"C78","v":"Huntingdonshire"},"Tameside","Salford","Aylesbury Vale"]
[null,"Additional savings associated with 5% reduction in unplanned pregnancies resulting in live births :",{"$f":"Regional!E25","v":17448.55767900002},{"$f":"Regional!G25","v":26403.590587500017},{"$f":"Regional!I25","v":31169.549628000008},{"$f":"Regional!K25","v":19587.470395500015},null,"Additional savings associated with 5% reduction in unplanned pregnancies resulting in live births :",17448.55767900002,26403.590587500017,31169.549628000008,19587.470395500015]
[null,null,null,null,null,null,null,"Additional savings associated with 10% reduction in unplanned pregnancies resulting in live births :",{"$f":"C81","v":34897.115358000039},{"$f":"D81","v":52807.181175000034},{"$f":"E81","v":62339.099256000016},{"$f":"F81","v":39174.94079100003}]
[null,"Additional savings associated with 10% reduction in unplanned pregnancies resulting in live births :",{"$f":"Regional!E27","v":34897.115358000039},{"$f":"Regional!G27","v":52807.181175000034},{"$f":"Regional!I27","v":62339.099256000016},{"$f":"Regional!K27","v":39174.94079100003}]

{"sheet":"National Charts for Printing","index":9,"n_rows":67,"n_cols":5,"rows_kept":67,"cut":false,"hidden":true,"merged":[]}
[]
[null,null,null,null,{"$f":"\"Cost of Unintended Pregnancies - \"&National!E7&\" LA & \"&National!I7","v":"Cost of Unintended Pregnancies - Huntingdonshire LA & East"}]
[]
[]
[]
[]
[]
[]
[]
[]
[]
[]
[]
[]
[]
[]
[]
[]
[]
[]
[]
[]
[]
[]
[]
[]
[]
[]
[]
[]
[]
[]
[]
[]
[]
[]
[]
[]
[]
[]
[]
[]
[]
[]
[]
[]
[]
[]
[]
[]
[]
[]
[]
[]
[]
[]
[]
[]
[]
[]
[]
[]
[]
[]
[]
["Item code - L.GB.MKT.09.2015.12846c"]
["Date of Preparation - Janaury 2016"]

{"sheet":"Regional Charts for Printing","index":10,"n_rows":66,"n_cols":6,"rows_kept":66,"cut":false,"hidden":true,"merged":[]}
[]
[null,null,null,null,null,"Cost of Unintended Pregnancy - Comparison Across Selected Local Authorities"]
[]
[]
[]
[]
[]
[]
[]
[]
[]
[]
[]
[]
[]
[]
[]
[]
[]
[]
[]
[]
[]
[]
[]
[]
[]
[]
[]
[]
[]
[]
[]
[]
[]
[]
[]
[]
[]
[]
[]
[]
[]
[]
[]
[]
[]
[]
[]
[]
[]
[]
[]
[]
[]
[]
[]
[]
[]
[]
[]
[]
[]
[]
["Item code - L.GB.MKT.09.2015.12846c"]
["Date of Preparation - January 2016"]

{"sheet":"Overview","index":11,"n_rows":27,"n_cols":3,"rows_kept":27,"cut":false,"hidden":false,"merged":[]}
[]
[]
[]
[]
[]
[]
[null,null,{"$f":"\"For \"&National!E7&\" the estimated number of unplanned pregnancies resulting in live births is \"&National!E12&\" per annum\"","v":"For Huntingdonshire the estimated number of unplanned pregnancies resulting in live births is 112 per annum"}]
[]
[]
[null,null,{"$f":"\"The total public sector cost of these unplanned pregnancies in \"&National!E7&\" is \"&TEXT(National!E22,\"£#,000,000\")&\" per annum\"","v":"The total public sector cost of these unplanned pregnancies in Huntingdonshire is £348,971 per annum"}]
[]
[]
[null,null,{"$f":"\"With an additional 5% reduction of unplanned pregnancies \"&National!E7&\" could save \"&TEXT(National!E26,\"£#,000\")&\" per annum\"","v":"With an additional 5% reduction of unplanned pregnancies Huntingdonshire could save £17,449 per annum"}]
[]
[]
[null,null,{"$f":"\"If unplanned pregnancies could be reduced by 10% \"&National!E7&\" could save \"&TEXT(National!E28,\"£#,000\")&\" per annum\"","v":"If unplanned pregnancies could be reduced by 10% Huntingdonshire could save £34,897 per annum"}]
[]
[]
[]
[]
[]
[]
[]
["As of April 2013 commissioning of Specialist Contraception Services and General Practice provision of intra-uterine methods and implants for contraception has been the responsibility of England’s 152 single and upper-tier authorities5 "]
["Please note all costs are based on estimated costs per annum"]
["Item code -UKWHG02180013 "]
["Date of Recertification - April  2018"]

{"sheet":"Refs","index":12,"n_rows":17,"n_cols":6,"rows_kept":17,"cut":false,"hidden":false,"merged":[]}
[]
[]
[]
[null,null,null,"References"]
[]
[]
[null,null,null,1,":","Wellings K et al, 'The prevalence of unplanned pregnancy and associated factors in Britain: findings from the third National Survey of Sexual Attitudes and Lifestyles (Natsal-3), Lancet 2013: 382: 1807-16. Available here: http://www.thelancet.com/journals/lancet/article/PIIS0140-6736(13)62071-1/fulltext"]
[null,null,null,2,":","FPA, Unprotected Nation 2015: An Update on the Financial and Economic Impacts of Restricted Contraceptive and Sexual Health Services, November 2015. Available here: http://www.fpa.org.uk/sites/default/files/unprotected-nation-sexual-health-full-report.pdf"]
[null,null,null,3,":","ONS, Birth Summary Tables, England and Wales 2014, released 15 July 2015 (latest). Available here: http://www.ons.gov.uk/ons/publications/re-reference-tables.html?edition=tcm%3A77-370345"]
[null,null,null,4,":","ONS, Population Estimate, mid-2014. Available here: http://www.ons.gov.uk/ons/rel/pop-estimate/population-estimates-for-uk--england-and-wales--scotland-and-northern-ireland/mid-2014/stb---mid-2014-uk-population-estimates.html"]
[null,null,null,5,":","NHS England, The Local Authorities (Public Health Functions and Entry to Premises by Local Healthwatch Representatives) Regulations 2013, No.351.  Available here: http://www.legislation.gov.uk/uksi/2013/351/contents/made"]
[null,null,null,6,":","ONS, The English Indices of Deprivation 2015.  Available here: https://www.gov.uk/government/statistics/english-indices-of-deprivation-2015"]
[]
[]
[]
["Item code -UKWHG02180013 "]
["Date of Recertification - April 2018"]